{"id":3659,"date":"2020-09-25T00:52:51","date_gmt":"2020-09-24T22:52:51","guid":{"rendered":"https:\/\/catholiques17.fr\/saintes\/?page_id=3659"},"modified":"2024-06-04T19:25:46","modified_gmt":"2024-06-04T17:25:46","slug":"5eme-2nde","status":"publish","type":"page","link":"https:\/\/catholiques17.fr\/saintes\/enfants-jeunes\/aumonerie-des-jeunes\/5eme-2nde\/","title":{"rendered":"4\u00e8me &#8211; 3\u00e8me"},"content":{"rendered":"[et_pb_section fb_built=\u00a0\u00bb1&Prime; admin_label=\u00a0\u00bbsection\u00a0\u00bb _builder_version=\u00a0\u00bb4.16&Prime; global_colors_info=\u00a0\u00bb{}\u00a0\u00bb theme_builder_area=\u00a0\u00bbpost_content\u00a0\u00bb][et_pb_row admin_label=\u00a0\u00bbrow\u00a0\u00bb _builder_version=\u00a0\u00bb4.16&Prime; background_size=\u00a0\u00bbinitial\u00a0\u00bb background_position=\u00a0\u00bbtop_left\u00a0\u00bb background_repeat=\u00a0\u00bbrepeat\u00a0\u00bb global_colors_info=\u00a0\u00bb{}\u00a0\u00bb theme_builder_area=\u00a0\u00bbpost_content\u00a0\u00bb][et_pb_column type=\u00a0\u00bb4_4&Prime; _builder_version=\u00a0\u00bb4.16&Prime; custom_padding=\u00a0\u00bb|||\u00a0\u00bb global_colors_info=\u00a0\u00bb{}\u00a0\u00bb custom_padding__hover=\u00a0\u00bb|||\u00a0\u00bb theme_builder_area=\u00a0\u00bbpost_content\u00a0\u00bb][et_pb_text admin_label=\u00a0\u00bbText\u00a0\u00bb _builder_version=\u00a0\u00bb4.21.0&Prime; background_size=\u00a0\u00bbinitial\u00a0\u00bb background_position=\u00a0\u00bbtop_left\u00a0\u00bb background_repeat=\u00a0\u00bbrepeat\u00a0\u00bb hover_enabled=\u00a0\u00bb0&Prime; global_colors_info=\u00a0\u00bb{}\u00a0\u00bb theme_builder_area=\u00a0\u00bbpost_content\u00a0\u00bb sticky_enabled=\u00a0\u00bb0&Prime;]<p><\/p>\n<div class=\"wp-block-buttons is-layout-flex wp-block-buttons-is-layout-flex\">\n<p><\/p>\n<div class=\"wp-block-button\"><a class=\"wp-block-button__link has-vivid-cyan-blue-background-color has-background wp-element-button\" href=\"https:\/\/catholiques17.fr\/saintes\/pour-les-jeunes\/aumonerie-des-jeunes\/\">retour<\/a><\/div>\n<p><\/p>\n<\/div>\n<p><\/p>\n<p><\/p>\n<p>Bon et maintenant ?!<\/p>\n<p><\/p>\n<p><\/p>\n<figure class=\"wp-block-image size-large\"><img decoding=\"async\" src=\"https:\/\/catholiques17.fr\/saintes\/wp-content\/uploads\/sites\/3\/2020\/09\/Guide-du-routard-celeste.jpg\" alt=\"\" class=\"wp-image-3651\" \/><\/figure>\n<p><\/p>\n<p> Il est temps de prendre la route et d&rsquo;avancer dans ta vie spirituelle et humaine! Et pour \u00e7a, il ne faut pas se tromper de guide!<\/p>\n<p><\/p>\n<p><\/p>\n<p class=\"has-text-align-center has-pale-cyan-blue-background-color has-background\"><strong>Prochaine rencontre : 07\/06<\/strong><\/p>\n<p><strong>O\u00f9 ?<\/strong> au Saloon, 14 rue Cl\u00e9menceau \u00e0 Saintes.<br \/><\/p>\n<p><\/p>\n<p class=\"has-pale-cyan-blue-background-color has-background\"><strong>Quand ?<\/strong> le vendredi soir de 19h15 \u00e0 21h30 tous les 15 jours environ.<br \/><strong>Dates :<\/strong> <span class=\"OYPEnA text-decoration-none text-strikethrough-none\">29\/09 ; 13\/10 ; 10\/11 ; 24\/11 ; 08\/12 ; 22\/12 ; 12\/01 ; 26\/01 ; 09\/02 ; 08\/03 ; 22\/03 ; 05\/04 ; 03\/05 ; 17\/05 ; 31\/05 ; 07\/06.<\/span><\/p>\n<p class=\"has-pale-cyan-blue-background-color has-background\"><span class=\"OYPEnA text-decoration-none text-strikethrough-none\"><strong>20\/21 janvier :<\/strong> retraite avec Bethabara<\/span><\/p>\n<p><\/p>\n<p><\/p>\n<p><strong>Comment?<\/strong> Chacun am\u00e8ne de quoi partager pour le diner. Ceux qui le veulent peuvent arriver pour la messe \u00e0 18h30 \u00e0 l&rsquo;oratoire. On se retrouve ensuite directement \u00e0 l&rsquo;\u00e9tage pour commencer par un temps convivial.<br \/>Puis, th\u00e8me du jour et temps de pri\u00e8re final!<\/p>\n<p><\/p>\n<p><\/p>\n<p class=\"has-text-align-center has-pale-cyan-blue-background-color has-background\">Contact: Martin Chauvet (Diacre) &#8211; 06.47.61.01.34<\/p>\n<div class=\"wp-block-media-text alignwide is-stacked-on-mobile\" style=\"grid-template-columns: 34% auto\">\n<div class=\"wp-block-media-text__content\">\n<div class=\"wp-block-columns\">\n<div class=\"wp-block-column\" style=\"flex-basis: 100%\">\n<p><\/p>\n<p><!-- \/wp:post-content --><\/p>\n<\/div>\n<p><!-- \/wp:column --><\/p>\n<\/div>\n<p><!-- \/wp:columns --><\/p>\n<\/div>\n<\/div>\n<p><!-- \/wp:media-text --><\/p>[\/et_pb_text][\/et_pb_column][\/et_pb_row][\/et_pb_section]","protected":false},"excerpt":{"rendered":"<p>retour Bon et maintenant ?! Il est temps de prendre la route et d&rsquo;avancer dans ta vie spirituelle et humaine! Et pour \u00e7a, il ne faut pas se tromper de [&hellip;]<\/p>\n","protected":false},"author":7,"featured_media":0,"parent":269,"menu_order":0,"comment_status":"closed","ping_status":"closed","template":"","meta":{"_et_pb_use_builder":"on","_et_pb_old_content":"<!-- wp:buttons -->\n<div class=\"wp-block-buttons\"><!-- wp:button {\"backgroundColor\":\"vivid-cyan-blue\"} -->\n<div class=\"wp-block-button\"><a class=\"wp-block-button__link has-vivid-cyan-blue-background-color has-background wp-element-button\" href=\"https:\/\/catholiques17.fr\/saintes\/pour-les-jeunes\/aumonerie-des-jeunes\/\">retour<\/a><\/div>\n<!-- \/wp:button --><\/div>\n<!-- \/wp:buttons -->\n\n<!-- wp:paragraph {\"fontSize\":\"large\"} -->\n<p class=\"has-large-font-size\"> <br><br>Bon et maintenant?! <\/p>\n<!-- \/wp:paragraph -->\n\n<!-- wp:image {\"id\":3651,\"sizeSlug\":\"large\"} -->\n<figure class=\"wp-block-image size-large\"><img src=\"https:\/\/catholiques17.fr\/saintes\/wp-content\/uploads\/sites\/3\/2020\/09\/Guide-du-routard-celeste.jpg\" alt=\"\" class=\"wp-image-3651\" \/><\/figure>\n<!-- \/wp:image -->\n\n<!-- wp:paragraph -->\n<p> Il est temps de prendre la route et d'avancer dans ta vie spirituelle et humaine! Et pour \u00e7a, il ne faut pas se tromper de guide! <br><br><\/p>\n<!-- \/wp:paragraph -->\n\n<!-- wp:paragraph {\"align\":\"center\",\"backgroundColor\":\"pale-cyan-blue\"} -->\n<p class=\"has-text-align-center has-pale-cyan-blue-background-color has-background\"><strong>Prochaine rencontre :<\/strong> Vendredi 20\/01<\/p>\n<!-- \/wp:paragraph -->\n\n<!-- wp:paragraph -->\n<p><br>          <strong>O\u00f9?<\/strong> \u00e0 l'aum\u00f4nerie, 14 rue Cl\u00e9menceau \u00e0 Saintes <br><\/p>\n<!-- \/wp:paragraph -->\n\n<!-- wp:paragraph {\"backgroundColor\":\"pale-cyan-blue\"} -->\n<p class=\"has-pale-cyan-blue-background-color has-background\"><strong>Quand?<\/strong> le vendredi soir de 19h15 \u00e0 21h30 tous les 15 jours environ.<br><strong>Dates:<\/strong> 07\/10 ; 21\/10 ; 18\/11 ; 02\/12 ; 16\/12 ; 06\/01 ; 20\/01 ; 03\/02 ; 24\/02 ; 10\/03 ; 24\/03 ; 28\/04 ; 12\/05 ; 26\/05 ; 09\/06 ; 23\/06<\/p>\n<!-- \/wp:paragraph -->\n\n<!-- wp:paragraph -->\n<p><br><br>          <strong>Comment?<\/strong> Chacun am\u00e8ne de quoi partager pour le diner. Ceux qui le veulent peuvent arriver pour la messe \u00e0 18h30 \u00e0 l'oratoire.  On se retrouve ensuite directement dans la salle \u00e0 manger pour commencer par un temps convivial.<br>Puis th\u00e8me du jour et temps de pri\u00e8re final! <br><br><\/p>\n<!-- \/wp:paragraph -->\n\n<!-- wp:paragraph {\"align\":\"center\",\"backgroundColor\":\"pale-cyan-blue\"} -->\n<p class=\"has-text-align-center has-pale-cyan-blue-background-color has-background\">Contact: Jean-J\u00e9r\u00f4me <br>                                         jeanjerome725@gmail.com<br><\/p>\n<!-- \/wp:paragraph -->\n\n<!-- wp:paragraph -->\n<p><br><br><br><\/p>\n<!-- \/wp:paragraph -->\n\n<!-- wp:media-text {\"mediaId\":5090,\"mediaLink\":\"https:\/\/catholiques17.fr\/saintes\/pour-les-jeunes\/aumonerie-des-jeunes\/5eme-2nde\/photo0049\/\",\"mediaType\":\"image\",\"mediaWidth\":34} -->\n<div class=\"wp-block-media-text alignwide is-stacked-on-mobile\" style=\"grid-template-columns:34% auto\"><figure class=\"wp-block-media-text__media\"><img src=\"https:\/\/catholiques17.fr\/saintes\/wp-content\/uploads\/sites\/3\/2021\/09\/Photo0049.jpg\" alt=\"\" class=\"wp-image-5090 size-full\" \/><\/figure><div class=\"wp-block-media-text__content\"><!-- wp:columns -->\n<div class=\"wp-block-columns\"><!-- wp:column {\"width\":\"100%\"} -->\n<div class=\"wp-block-column\" style=\"flex-basis:100%\"><!-- wp:quote -->\n<blockquote class=\"wp-block-quote\"><!-- wp:paragraph -->\n<p><mark class=\"has-inline-color has-vivid-red-color\"><strong>!! LA CONFIRMATION !!<\/strong><br><br>Cette ann\u00e9e, les 4\u00e8 - 3\u00e8 - 2nde (et +) qui le d\u00e9sirent peuvent pr\u00e9parer le sacrement de la confirmation.<br><br><strong>Contact:<\/strong> p. Steve ONGUENE - 06.64.23.14.23 <\/mark>- steveonguene@ive.org<\/p>\n<!-- \/wp:paragraph --><\/blockquote>\n<!-- \/wp:quote --><\/div>\n<!-- \/wp:column --><\/div>\n<!-- \/wp:columns --><\/div><\/div>\n<!-- \/wp:media-text -->","_et_gb_content_width":"","footnotes":""},"class_list":["post-3659","page","type-page","status-publish","hentry"],"_links":{"self":[{"href":"https:\/\/catholiques17.fr\/saintes\/wp-json\/wp\/v2\/pages\/3659","targetHints":{"allow":["GET"]}}],"collection":[{"href":"https:\/\/catholiques17.fr\/saintes\/wp-json\/wp\/v2\/pages"}],"about":[{"href":"https:\/\/catholiques17.fr\/saintes\/wp-json\/wp\/v2\/types\/page"}],"author":[{"embeddable":true,"href":"https:\/\/catholiques17.fr\/saintes\/wp-json\/wp\/v2\/users\/7"}],"replies":[{"embeddable":true,"href":"https:\/\/catholiques17.fr\/saintes\/wp-json\/wp\/v2\/comments?post=3659"}],"version-history":[{"count":56,"href":"https:\/\/catholiques17.fr\/saintes\/wp-json\/wp\/v2\/pages\/3659\/revisions"}],"predecessor-version":[{"id":10377,"href":"https:\/\/catholiques17.fr\/saintes\/wp-json\/wp\/v2\/pages\/3659\/revisions\/10377"}],"up":[{"embeddable":true,"href":"https:\/\/catholiques17.fr\/saintes\/wp-json\/wp\/v2\/pages\/269"}],"wp:attachment":[{"href":"https:\/\/catholiques17.fr\/saintes\/wp-json\/wp\/v2\/media?parent=3659"}],"curies":[{"name":"wp","href":"https:\/\/api.w.org\/{rel}","templated":true}]}}

4ème &#8211; 3ème

[et_pb_section fb_built= »1&Prime; admin_label= »section » _builder_version= »4.16&Prime; global_colors_info= »{} » theme_builder_area= »post_content »][et_pb_row admin_label= »row » _builder_version= »4.16&Prime; background_size= »initial » background_position= »top_left » background_repeat= »repeat » global_colors_info= »{} » theme_builder_area= »post_content »][et_pb_column type= »4_4&Prime; _builder_version= »4.16&Prime; custom_padding= »||| » global_colors_info= »{} » custom_padding__hover= »||| » theme_builder_area= »post_content »][et_pb_text admin_label= »Text » _builder_version= »4.21.0&Prime; background_size= »initial » background_position= »top_left » background_repeat= »repeat » hover_enabled= »0&Prime; global_colors_info= »{} » theme_builder_area= »post_content » sticky_enabled= »0&Prime;]<p></p>
<div class="wp-block-buttons is-layout-flex wp-block-buttons-is-layout-flex">
<p></p>
<div class="wp-block-button"><a class="wp-block-button__link has-vivid-cyan-blue-background-color has-background wp-element-button" href="https://catholiques17.fr/saintes/pour-les-jeunes/aumonerie-des-jeunes/">retour</a></div>
<p></p>
</div>
<p></p>
<p></p>
<p>Bon et maintenant ?!</p>
<p></p>
<p></p>
<figure class="wp-block-image size-large"><img decoding="async" src="https://catholiques17.fr/saintes/wp-content/uploads/sites/3/2020/09/Guide-du-routard-celeste.jpg" alt="" class="wp-image-3651" /></figure>
<p></p>
<p> Il est temps de prendre la route et d&rsquo;avancer dans ta vie spirituelle et humaine! Et pour ça, il ne faut pas se tromper de guide!</p>
<p></p>
<p></p>
<p class="has-text-align-center has-pale-cyan-blue-background-color has-background"><strong>Prochaine rencontre : 07/06</strong></p>
<p><strong>Où ?</strong> au Saloon, 14 rue Clémenceau à Saintes.<br /></p>
<p></p>
<p class="has-pale-cyan-blue-background-color has-background"><strong>Quand ?</strong> le vendredi soir de 19h15 à 21h30 tous les 15 jours environ.<br /><strong>Dates :</strong> <span class="OYPEnA text-decoration-none text-strikethrough-none">29/09 ; 13/10 ; 10/11 ; 24/11 ; 08/12 ; 22/12 ; 12/01 ; 26/01 ; 09/02 ; 08/03 ; 22/03 ; 05/04 ; 03/05 ; 17/05 ; 31/05 ; 07/06.</span></p>
<p class="has-pale-cyan-blue-background-color has-background"><span class="OYPEnA text-decoration-none text-strikethrough-none"><strong>20/21 janvier :</strong> retraite avec Bethabara</span></p>
<p></p>
<p></p>
<p><strong>Comment?</strong> Chacun amène de quoi partager pour le diner. Ceux qui le veulent peuvent arriver pour la messe à 18h30 à l&rsquo;oratoire. On se retrouve ensuite directement à l&rsquo;étage pour commencer par un temps convivial.<br />Puis, thème du jour et temps de prière final!</p>
<p></p>
<p></p>
<p class="has-text-align-center has-pale-cyan-blue-background-color has-background">Contact: Martin Chauvet (Diacre) &#8211; 06.47.61.01.34</p>
<div class="wp-block-media-text alignwide is-stacked-on-mobile" style="grid-template-columns: 34% auto">
<div class="wp-block-media-text__content">
<div class="wp-block-columns">
<div class="wp-block-column" style="flex-basis: 100%">
<p></p>
<p><!-- /wp:post-content --></p>
</div>
<p><!-- /wp:column --></p>
</div>
<p><!-- /wp:columns --></p>
</div>
</div>
<p><!-- /wp:media-text --></p>[/et_pb_text][/et_pb_column][/et_pb_row][/et_pb_section]

<p>retour Bon et maintenant ?! Il est temps de prendre la route et d&rsquo;avancer dans ta vie spirituelle et humaine! Et pour ça, il ne faut pas se tromper de [&hellip;]</p>

<!-- wp:buttons -->
<div class="wp-block-buttons"><!-- wp:button {"backgroundColor":"vivid-cyan-blue"} -->
<div class="wp-block-button"><a class="wp-block-button__link has-vivid-cyan-blue-background-color has-background wp-element-button" href="https://catholiques17.fr/saintes/pour-les-jeunes/aumonerie-des-jeunes/">retour</a></div>
<!-- /wp:button --></div>
<!-- /wp:buttons -->

<!-- wp:paragraph {"fontSize":"large"} -->
<p class="has-large-font-size"> <br><br>Bon et maintenant?! </p>
<!-- /wp:paragraph -->

<!-- wp:image {"id":3651,"sizeSlug":"large"} -->
<figure class="wp-block-image size-large"><img src="https://catholiques17.fr/saintes/wp-content/uploads/sites/3/2020/09/Guide-du-routard-celeste.jpg" alt="" class="wp-image-3651" /></figure>
<!-- /wp:image -->

<!-- wp:paragraph -->
<p> Il est temps de prendre la route et d'avancer dans ta vie spirituelle et humaine! Et pour ça, il ne faut pas se tromper de guide! <br><br></p>
<!-- /wp:paragraph -->

<!-- wp:paragraph {"align":"center","backgroundColor":"pale-cyan-blue"} -->
<p class="has-text-align-center has-pale-cyan-blue-background-color has-background"><strong>Prochaine rencontre :</strong> Vendredi 20/01</p>
<!-- /wp:paragraph -->

<!-- wp:paragraph -->
<p><br>          <strong>Où?</strong> à l'aumônerie, 14 rue Clémenceau à Saintes <br></p>
<!-- /wp:paragraph -->

<!-- wp:paragraph {"backgroundColor":"pale-cyan-blue"} -->
<p class="has-pale-cyan-blue-background-color has-background"><strong>Quand?</strong> le vendredi soir de 19h15 à 21h30 tous les 15 jours environ.<br><strong>Dates:</strong> 07/10 ; 21/10 ; 18/11 ; 02/12 ; 16/12 ; 06/01 ; 20/01 ; 03/02 ; 24/02 ; 10/03 ; 24/03 ; 28/04 ; 12/05 ; 26/05 ; 09/06 ; 23/06</p>
<!-- /wp:paragraph -->

<!-- wp:paragraph -->
<p><br><br>          <strong>Comment?</strong> Chacun amène de quoi partager pour le diner. Ceux qui le veulent peuvent arriver pour la messe à 18h30 à l'oratoire.  On se retrouve ensuite directement dans la salle à manger pour commencer par un temps convivial.<br>Puis thème du jour et temps de prière final! <br><br></p>
<!-- /wp:paragraph -->

<!-- wp:paragraph {"align":"center","backgroundColor":"pale-cyan-blue"} -->
<p class="has-text-align-center has-pale-cyan-blue-background-color has-background">Contact: Jean-Jérôme <br>                                         jeanjerome725@gmail.com<br></p>
<!-- /wp:paragraph -->

<!-- wp:paragraph -->
<p><br><br><br></p>
<!-- /wp:paragraph -->

<!-- wp:media-text {"mediaId":5090,"mediaLink":"https://catholiques17.fr/saintes/pour-les-jeunes/aumonerie-des-jeunes/5eme-2nde/photo0049/","mediaType":"image","mediaWidth":34} -->
<div class="wp-block-media-text alignwide is-stacked-on-mobile" style="grid-template-columns:34% auto"><figure class="wp-block-media-text__media"><img src="https://catholiques17.fr/saintes/wp-content/uploads/sites/3/2021/09/Photo0049.jpg" alt="" class="wp-image-5090 size-full" /></figure><div class="wp-block-media-text__content"><!-- wp:columns -->
<div class="wp-block-columns"><!-- wp:column {"width":"100%"} -->
<div class="wp-block-column" style="flex-basis:100%"><!-- wp:quote -->
<blockquote class="wp-block-quote"><!-- wp:paragraph -->
<p><mark class="has-inline-color has-vivid-red-color"><strong>!! LA CONFIRMATION !!</strong><br><br>Cette année, les 4è - 3è - 2nde (et +) qui le désirent peuvent préparer le sacrement de la confirmation.<br><br><strong>Contact:</strong> p. Steve ONGUENE - 06.64.23.14.23 </mark>- steveonguene@ive.org</p>
<!-- /wp:paragraph --></blockquote>
<!-- /wp:quote --></div>
<!-- /wp:column --></div>
<!-- /wp:columns --></div></div>
<!-- /wp:media-text -->
