{"id":269,"date":"2019-07-18T21:29:36","date_gmt":"2019-07-18T19:29:36","guid":{"rendered":"https:\/\/catholiques17.fr\/saintes\/?page_id=269"},"modified":"2026-01-03T11:24:19","modified_gmt":"2026-01-03T10:24:19","slug":"aumonerie-des-jeunes","status":"publish","type":"page","link":"https:\/\/catholiques17.fr\/saintes\/enfants-jeunes\/aumonerie-des-jeunes\/","title":{"rendered":"Aum\u00f4nerie des jeunes  ( 6\u00e8 =&gt; terminale)"},"content":{"rendered":"[et_pb_section fb_built=\u00a0\u00bb1&Prime; admin_label=\u00a0\u00bbsection\u00a0\u00bb _builder_version=\u00a0\u00bb4.16&Prime; global_colors_info=\u00a0\u00bb{}\u00a0\u00bb theme_builder_area=\u00a0\u00bbpost_content\u00a0\u00bb][et_pb_row admin_label=\u00a0\u00bbrow\u00a0\u00bb _builder_version=\u00a0\u00bb4.16&Prime; background_size=\u00a0\u00bbinitial\u00a0\u00bb background_position=\u00a0\u00bbtop_left\u00a0\u00bb background_repeat=\u00a0\u00bbrepeat\u00a0\u00bb global_colors_info=\u00a0\u00bb{}\u00a0\u00bb theme_builder_area=\u00a0\u00bbpost_content\u00a0\u00bb][et_pb_column type=\u00a0\u00bb4_4&Prime; _builder_version=\u00a0\u00bb4.16&Prime; custom_padding=\u00a0\u00bb|||\u00a0\u00bb global_colors_info=\u00a0\u00bb{}\u00a0\u00bb custom_padding__hover=\u00a0\u00bb|||\u00a0\u00bb theme_builder_area=\u00a0\u00bbpost_content\u00a0\u00bb][et_pb_image src=\u00a0\u00bbhttps:\/\/catholiques17.fr\/saintes\/wp-content\/uploads\/sites\/3\/2026\/01\/aumonerie-1.png\u00a0\u00bb title_text=\u00a0\u00bbaumonerie 1&Prime; show_bottom_space=\u00a0\u00bboff\u00a0\u00bb align=\u00a0\u00bbcenter\u00a0\u00bb _builder_version=\u00a0\u00bb4.27.4&Prime; _module_preset=\u00a0\u00bbdefault\u00a0\u00bb background_color=\u00a0\u00bbRGBA(255,255,255,0)\u00a0\u00bb width=\u00a0\u00bb40%\u00a0\u00bb max_width=\u00a0\u00bb100%\u00a0\u00bb custom_margin=\u00a0\u00bb|297px||||\u00a0\u00bb animation_style=\u00a0\u00bbfold\u00a0\u00bb border_radii=\u00a0\u00bbon|20px|20px|20px|20px\u00a0\u00bb global_colors_info=\u00a0\u00bb{}\u00a0\u00bb theme_builder_area=\u00a0\u00bbpost_content\u00a0\u00bb][\/et_pb_image][et_pb_text admin_label=\u00a0\u00bbText\u00a0\u00bb _builder_version=\u00a0\u00bb4.27.4&Prime; background_size=\u00a0\u00bbinitial\u00a0\u00bb background_position=\u00a0\u00bbtop_left\u00a0\u00bb background_repeat=\u00a0\u00bbrepeat\u00a0\u00bb min_height=\u00a0\u00bb1940.7px\u00a0\u00bb custom_padding=\u00a0\u00bb||0px|||\u00a0\u00bb text_text_shadow_style=\u00a0\u00bbpreset4&Prime; inline_fonts=\u00a0\u00bbTimes New Roman\u00a0\u00bb global_colors_info=\u00a0\u00bb{}\u00a0\u00bb theme_builder_area=\u00a0\u00bbpost_content\u00a0\u00bb]<p><\/p>\n<div class=\"wp-block-buttons is-layout-flex wp-block-buttons-is-layout-flex\">\n<p><\/p>\n<p><\/p>\n<p><\/p>\n<p><\/p>\n<\/div>\n<p><\/p>\n<p><\/p>\n<p><\/p>\n<p><\/p>\n<p class=\"has-vivid-red-color has-text-color has-medium-font-size\"><span style=\"color: #993300\"><em><strong><\/strong><\/em><\/span><\/p>\n<p class=\"has-vivid-red-color has-text-color has-medium-font-size\"><span style=\"color: #993300\"><em><strong><a href=\"https:\/\/catholiques17.fr\/saintes\/enfants-jeunes\/aumonerie-des-jeunes\/les-vendredis-a-laumonerie\/\" style=\"color: #993300\">Et Dieu tu connais?!<\/a> Viens le d\u00e9couvrir ou approfondir ta relation! L&rsquo;aum\u00f4nerie, c&rsquo;est un lieu unique pour une exp\u00e9rience unique &#8230; qui peut changer ta vie!<\/strong><\/em><\/span><img decoding=\"async\" class=\"wp-image-5073\" style=\"width: 50px\" src=\"https:\/\/catholiques17.fr\/saintes\/wp-content\/uploads\/sites\/3\/2021\/09\/emoticon-1610518_1920.png\" alt=\"\" \/><\/p>\n<p><\/p>\n<p><\/p>\n<figure class=\"wp-block-pullquote\">\n<blockquote>\n<p><span style=\"color: #008000\"><strong>Pour les coll\u00e9giens et lyc\u00e9ens<\/strong>: <strong>Amiti\u00e9s &#8211; jeux &#8211; d\u00e9couverte de la foi chr\u00e9tienne &#8211; vie spirituelle &#8211; rires, pri\u00e8re et plein d&rsquo;autres choses \u00e0 d\u00e9couvrir&#8230;<\/strong><\/span><\/p>\n<p><span style=\"color: #008000\"><strong><\/strong><\/span><\/p>\n<p><span style=\"color: #008000\"><strong><\/strong><\/span><\/p>\n<p><span style=\"color: #008000\"><strong><\/strong><\/span><\/p>\n<p><span style=\"color: #f47a60;font-family: inherit;font-weight: normal\"><strong>De 18h \u00e0 19h30 Aum\u00f4nerie pour les coll\u00e8giens 6\u00e8me et 5\u00e8me<\/strong><\/span><\/p>\n<p><span style=\"color: #f47a60;font-family: inherit;font-weight: normal\"><strong>19h30 messe \u00e0 la chapelle ouverte \u00e0 tous<\/strong><\/span><\/p>\n<p><span style=\"color: #f47a60;font-family: inherit;font-weight: normal\"><strong>De 20h \u00e0 22h Aum\u00f4nerie pour les coll\u00e8giens 4\u00e9me, 3\u00e9me et lyc\u00e9ens<\/strong><\/span><\/p>\n<p><span style=\"color: #f47a60;font-family: inherit;font-weight: normal\"><strong>Soir\u00e9e enseignement &#8211; Soir\u00e9e jeux<\/strong><\/span><\/p>\n<p><span style=\"color: #f47a60;font-family: inherit;font-weight: normal\"><strong>Confession &#8211; temps de pri\u00e8re<\/strong><\/span><\/p>\n<\/blockquote>\n<\/figure>\n<p><\/p>\n<p><\/p>\n<p class=\"has-pale-cyan-blue-background-color has-background\"><span style=\"color: #000000\"><strong>Lieu de rencontre<\/strong> : 14 rue Cl\u00e9menceau \u00e0 Saintes, pr\u00e8s de la Cath\u00e9drale Saint Pierre<\/span><span style=\"color: #000000\"><\/span><\/p>\n<div data-olk-copy-source=\"MessageBody\"><\/div>\n<div data-olk-copy-source=\"MessageBody\"><\/div>\n<div data-olk-copy-source=\"MessageBody\"><\/div>\n<div data-olk-copy-source=\"MessageBody\">&#8211; 09\/01\/26 : soir\u00e9e enseignement<br \/>&#8211; 16\/01\/26 : soir\u00e9e jeux<br \/>&#8211; 23\/01\/26 : soir\u00e9e enseignement<br \/>&#8211; 30\/01\/26 : soir\u00e9e jeux<br \/>&#8211; 06\/02\/26 : soir\u00e9e enseignement<br \/><b>&#8211; 09-13\/02\/26 : p\u00e8lerinage Lourdes coll\u00e9giens\u00a0<\/b><\/div>\n<div>&#8211; 27\/02\/26 : soir\u00e9e jeux<br \/>&#8211; 06\/03\/26 : soir\u00e9e enseignement<br \/><b>&#8211; 07-08\/03\/26 :\u00a0<\/b>\u00a0<b>weekend \u00ab\u00a0B\u00e9thabara\u00a0\u00bb\u00a0<\/b><br \/>&#8211; 13\/03\/26 : soir\u00e9e jeux<br \/>&#8211; 20\/03\/26 : soir\u00e9e enseignement<br \/>&#8211; 27\/03\/26 : soir\u00e9e jeux<\/div>\n<div><b>&#8211; 02-05\/04\/26 : SEMAINE SAINTE (infos \u00e0 venir)<\/b><\/div>\n<div>\n<p>&#8211;\u00a0<span style=\"text-decoration: line-through\">03\/04\/26\u00a0<\/span>: Pas d&rsquo;aum\u00f4nerie<br \/><b>&#8211; 11\/04\/26 de 15h30 \u00e0 17h30 :\u00a0 foot de l\u2019aum\u00f4nerie\u00a0\u26bd\u00a0\u00e0 Voiville (\u00e0 confirmer)<\/b><\/p>\n<p><b>&#8211; 13-17\/04\/26 : p\u00e8lerinage Mont St Michel lyc\u00e9ens<\/b><br \/>&#8211; 24\/04\/26 : soir\u00e9e jeux<br \/>&#8211; 01\/05\/26 : soir\u00e9e enseignement<br \/><b>&#8211; 02-03\/05\/26 :\u00a0 weekend \u00ab\u00a0B\u00e9thabara\u00a0\u00bb\u00a0<\/b><br \/>&#8211; 08\/05\/26 : soir\u00e9e jeux<br \/>&#8211; 15\/05\/26 : soir\u00e9e enseignement<br \/>&#8211; 22\/05\/26 : soir\u00e9e jeux<br \/>&#8211; 29\/05\/26 : soir\u00e9e enseignement<br \/>&#8211; 05\/06\/26 : soir\u00e9e jeux<br \/>&#8211; 12\/06\/26 : soir\u00e9e enseignement<br \/>&#8211; 19\/06\/26 : soir\u00e9e jeux<br \/><b>&#8211; 26\/06\/26 : Derni\u00e8re soir\u00e9e de l&rsquo;aum\u00f4nerie ! (jeux et enseignement)<\/b><br \/><b>&#8211; 05-10\/07\/26 : p\u00e9l\u00e9 VTT\u00a0<\/b><\/p>\n<\/div>\n<p><\/p>\n<p><\/p>\n<p><\/p>\n<p><\/p>\n<p class=\"has-vivid-red-color has-text-color\"><span style=\"color: #008000\"><strong>Responsable de l&rsquo;aum\u00f4nerie: <\/strong>P\u00e8re Martin CHAUVET<\/span><br \/><span style=\"color: #008000\"><strong>Contact: <\/strong>06 47 61 01 34 &#8211;\u00a0 <a href=\"mailto:jeunes.saintes@gmail.com\" style=\"color: #008000\">jeunes.saintes@gmail.com<\/a>\u00a0<\/span><br \/><span style=\"color: #008000\"><strong>Tu en veux toujours plus?<\/strong> <\/span><a rel=\"noreferrer noopener\" href=\"http:\/\/jeunes17.fr\" target=\"_blank\"><span style=\"color: #008000\">clique ici.<\/span><\/a><\/p>\n<p><\/p>\n<p><\/p>\n<h4><a href=\"https:\/\/villagedelavie.fr\/\"><span style=\"font-family: Times New Roman;font-weight: normal\"><strong>Village de la vie 7 rue de voiville \u00e0 Saintes<\/strong><\/span>\u00a0<\/a><\/h4>\n<p>Messe tous les mercredis en p\u00e9riode soclaire \u00e0 18h anim\u00e9e par les jeunes suivie d&rsquo;un ap\u00e9ro partag\u00e9<\/p>\n<p><\/p>\n<div style=\"height: 100px\" aria-hidden=\"true\" class=\"wp-block-spacer\">\n<p><span style=\"text-decoration: underline\"><span style=\"font-family: Times New Roman;font-weight: normal\"><strong>Patronage<\/strong><\/span>\u00a0<\/span><\/p>\n<div lang=\"fr-FR\" class=\"_2UyCZQ vkN2Cw Mb8E_A e1_zQg\">\n<p style=\"font-family: 'YAFdJt8dAY0_0', 'auto';--h97cbq: 14.6667px;color: #88a203;line-height: 19px;letter-spacing: 0em;--gixk-a: 0;text-transform: none;--kj5crq: 0;--zplnxa: none;list-style-type: none\" class=\"_28USrA GEC0sA XN6uKA _4N4NA\"><span style=\"color: #000000\"><span class=\"a_GcMg\" style=\"font-size: 1em;font-weight: 400;font-style: normal\">Tous les mercredis en p\u00e9riode scolaire de 08h30 \u00e0 <\/span><span class=\"a_GcMg\" style=\"font-size: 1em;font-weight: 400;font-style: normal\"><\/span><span class=\"a_GcMg\" style=\"font-size: 1em;font-weight: 400;font-style: normal\">18h.<\/span><\/span><\/p>\n<p style=\"font-family: 'YAFdJt8dAY0_0', 'auto';--h97cbq: 14.6667px;color: #88a203;line-height: 19px;letter-spacing: 0em;--gixk-a: 0;text-transform: none;--kj5crq: 0;--zplnxa: none;list-style-type: none\" class=\"_28USrA GEC0sA XN6uKA\"><span style=\"color: #000000\"><span class=\"a_GcMg\" style=\"font-size: 1em;font-weight: 400;font-style: normal\">Pour tous les<\/span><span class=\"a_GcMg\" style=\"font-size: 1em;font-weight: 400;font-style: normal\"> enfants de 7 \u00e0 14 ans.<\/span><\/span><\/p>\n<p style=\"font-family: 'YAFdJt8dAY0_0', 'auto';--h97cbq: 14.6667px;color: #88a203;line-height: 19px;letter-spacing: 0em;--gixk-a: 0;text-transform: none;--kj5crq: 0;--zplnxa: none;list-style-type: none\" class=\"_28USrA GEC0sA XN6uKA\"><span class=\"a_GcMg\" style=\"font-size: 1em;font-weight: 400;font-style: normal;color: #000000\">Au programme : l\u2019\u00e9ducation par le jeu !<\/span><\/p>\n<\/div>\n<\/div>\n<p>&nbsp;<\/p>\n<div class=\"wp-block-media-text alignwide has-media-on-the-right is-stacked-on-mobile\" style=\"grid-template-columns: auto 37%\">\n<figure class=\"wp-block-media-text__media\"><img decoding=\"async\" src=\"https:\/\/catholiques17.fr\/saintes\/wp-content\/uploads\/sites\/3\/2020\/12\/saint-sacrement-1.jpg\" alt=\"\" class=\"wp-image-3976 size-full\" \/><\/figure>\n<\/div>\n<p><\/p>\n<p><\/p>\n<div style=\"height: 100px\" aria-hidden=\"true\" class=\"wp-block-spacer\"><\/div>\n<p><\/p>\n<p><\/p>\n<div class=\"wp-block-media-text alignwide has-media-on-the-right is-stacked-on-mobile is-vertically-aligned-top\" style=\"grid-template-columns: auto 15%\">\n<div class=\"wp-block-media-text__content\">\n<p><\/p>\n<p class=\"has-normal-font-size\"><\/p>\n<\/div>\n<\/div>\n<p class=\"has-small-font-size\"><\/p>\n<p><\/p>\n<div style=\"height: 100px\" aria-hidden=\"true\" class=\"wp-block-spacer\"><\/div>\n<p><\/p>\n<p><\/p>\n<div class=\"wp-block-media-text alignwide has-media-on-the-right is-stacked-on-mobile\">\n<div class=\"wp-block-media-text__content\">\n<p><\/p>\n<p class=\"has-medium-font-size\"><\/p>\n<\/div>\n<figure class=\"wp-block-media-text__media\"><img decoding=\"async\" src=\"https:\/\/catholiques17.fr\/saintes\/wp-content\/uploads\/sites\/3\/2020\/09\/priere-intercesssion-delivrance-2.jpg\" alt=\"\" class=\"wp-image-3628 size-full\" \/><\/figure>\n<\/div>\n<p><\/p>\n<p><\/p>\n<p><\/p>[\/et_pb_text][et_pb_image src=\u00a0\u00bbhttps:\/\/catholiques17.fr\/saintes\/wp-content\/uploads\/sites\/3\/2026\/01\/aumonerie-2.png\u00a0\u00bb _builder_version=\u00a0\u00bb4.27.4&Prime; _module_preset=\u00a0\u00bbdefault\u00a0\u00bb theme_builder_area=\u00a0\u00bbpost_content\u00a0\u00bb title_text=\u00a0\u00bbaumonerie 2&Prime; align=\u00a0\u00bbcenter\u00a0\u00bb animation_style=\u00a0\u00bbroll\u00a0\u00bb hover_enabled=\u00a0\u00bb0&Prime; sticky_enabled=\u00a0\u00bb0&Prime;][\/et_pb_image][et_pb_image src=\u00a0\u00bbhttps:\/\/catholiques17.fr\/saintes\/wp-content\/uploads\/sites\/3\/2026\/01\/aumonerie-3.png\u00a0\u00bb title_text=\u00a0\u00bbaumonerie 3&Prime; align=\u00a0\u00bbcenter\u00a0\u00bb _builder_version=\u00a0\u00bb4.27.4&Prime; _module_preset=\u00a0\u00bbdefault\u00a0\u00bb custom_padding=\u00a0\u00bb100px|||||\u00a0\u00bb animation_style=\u00a0\u00bbfade\u00a0\u00bb hover_enabled=\u00a0\u00bb0&Prime; global_colors_info=\u00a0\u00bb{}\u00a0\u00bb theme_builder_area=\u00a0\u00bbpost_content\u00a0\u00bb sticky_enabled=\u00a0\u00bb0&Prime;][\/et_pb_image][\/et_pb_column][\/et_pb_row][\/et_pb_section]","protected":false},"excerpt":{"rendered":"<p>Et Dieu tu connais?! Viens le d\u00e9couvrir ou approfondir ta relation! L&rsquo;aum\u00f4nerie, c&rsquo;est un lieu unique pour une exp\u00e9rience unique &#8230; qui peut changer ta vie! Pour les coll\u00e9giens et [&hellip;]<\/p>\n","protected":false},"author":1,"featured_media":13330,"parent":6893,"menu_order":0,"comment_status":"closed","ping_status":"closed","template":"","meta":{"_et_pb_use_builder":"on","_et_pb_old_content":"<!-- wp:buttons -->\n<div class=\"wp-block-buttons\"><!-- wp:button {\"backgroundColor\":\"vivid-cyan-blue\",\"style\":{\"border\":{\"radius\":\"20px\"}},\"className\":\"is-style-fill\"} -->\n<div class=\"wp-block-button is-style-fill\"><a class=\"wp-block-button__link has-vivid-cyan-blue-background-color has-background wp-element-button\" href=\"https:\/\/catholiques17.fr\/saintes\/enfants-jeunes\/aumonerie-des-jeunes\/6eme\/\" style=\"border-radius:20px\">6\u00e8me - 5\u00e8me<\/a><\/div>\n<!-- \/wp:button -->\n\n<!-- wp:button {\"backgroundColor\":\"vivid-cyan-blue\"} -->\n<div class=\"wp-block-button\"><a class=\"wp-block-button__link has-vivid-cyan-blue-background-color has-background wp-element-button\" href=\"https:\/\/catholiques17.fr\/saintes\/enfants-jeunes\/aumonerie-des-jeunes\/5eme-2nde\/\">4\u00e8me - 3\u00e8me<\/a><\/div>\n<!-- \/wp:button -->\n\n<!-- wp:button {\"backgroundColor\":\"vivid-cyan-blue\"} -->\n<div class=\"wp-block-button\"><a class=\"wp-block-button__link has-vivid-cyan-blue-background-color has-background wp-element-button\" href=\"https:\/\/catholiques17.fr\/saintes\/enfants-jeunes\/aumonerie-des-jeunes\/premieres-terminales\/\">Lyc\u00e9ens<\/a><\/div>\n<!-- \/wp:button -->\n\n<!-- wp:button {\"backgroundColor\":\"vivid-cyan-blue\"} -->\n<div class=\"wp-block-button\"><a class=\"wp-block-button__link has-vivid-cyan-blue-background-color has-background wp-element-button\" href=\"https:\/\/catholiques17.fr\/saintes\/les-vendredis-a-laumonerie\/\">Les vendredis \u00e0 l'aum\u00f4nerie<\/a><\/div>\n<!-- \/wp:button --><\/div>\n<!-- \/wp:buttons -->\n\n<!-- wp:spacer -->\n<div style=\"height:100px\" aria-hidden=\"true\" class=\"wp-block-spacer\"><\/div>\n<!-- \/wp:spacer -->\n\n<!-- wp:paragraph {\"textColor\":\"vivid-red\",\"fontSize\":\"medium\"} -->\n<p class=\"has-vivid-red-color has-text-color has-medium-font-size\"><strong>Et Dieu tu connais?! viens le d\u00e9couvrir ou approfondir ta relation! l'aum\u00f4nerie, c'est un lieu unique pour une exp\u00e9rience unique ... qui peut changer ta vie!<\/strong><img class=\"wp-image-5073\" style=\"width: 50px\" src=\"https:\/\/catholiques17.fr\/saintes\/wp-content\/uploads\/sites\/3\/2021\/09\/emoticon-1610518_1920.png\" alt=\"\"><\/p>\n<!-- \/wp:paragraph -->\n\n<!-- wp:pullquote -->\n<figure class=\"wp-block-pullquote\"><blockquote><p><strong>Pour les coll\u00e9giens et lyc\u00e9ens<\/strong>: <strong>Amiti\u00e9s - jeux - d\u00e9couverte de la foi chr\u00e9tienne - vie spirituelle - rires, pri\u00e8re et plein d'autres choses \u00e0 d\u00e9couvrir...<\/strong><\/p><\/blockquote><\/figure>\n<!-- \/wp:pullquote -->\n\n<!-- wp:paragraph {\"backgroundColor\":\"pale-cyan-blue\"} -->\n<p class=\"has-pale-cyan-blue-background-color has-background\"><strong>Lieu de rencontre<\/strong> : 14 rue Cl\u00e9menceau \u00e0 Saintes, pr\u00e8s de la Cath\u00e9drale Saint Pierre<\/p>\n<!-- \/wp:paragraph -->\n\n<!-- wp:paragraph -->\n<p><\/p>\n<!-- \/wp:paragraph -->\n\n<!-- wp:paragraph {\"textColor\":\"vivid-red\"} -->\n<p class=\"has-vivid-red-color has-text-color\"><strong>Responsable de l'aum\u00f4nerie: <\/strong>P\u00e8re Jean-Eudes<br><strong>Contact: <\/strong>jeunes.saintes@gmail.com \/ 06.29.50.93.50.<br><strong>Tu en veux toujours plus?<\/strong> <a rel=\"noreferrer noopener\" href=\"http:\/\/jeunes17.fr\" target=\"_blank\">clique ici.<\/a><\/p>\n<!-- \/wp:paragraph -->\n\n<!-- wp:paragraph -->\n<p><\/p>\n<!-- \/wp:paragraph -->\n\n<!-- wp:spacer -->\n<div style=\"height:100px\" aria-hidden=\"true\" class=\"wp-block-spacer\"><\/div>\n<!-- \/wp:spacer -->\n\n<!-- wp:media-text {\"mediaPosition\":\"right\",\"mediaId\":3976,\"mediaType\":\"image\",\"mediaWidth\":37} -->\n<div class=\"wp-block-media-text alignwide has-media-on-the-right is-stacked-on-mobile\" style=\"grid-template-columns:auto 37%\"><div class=\"wp-block-media-text__content\"><!-- wp:group -->\n<div class=\"wp-block-group\"><!-- wp:columns -->\n<div class=\"wp-block-columns\"><!-- wp:column {\"width\":\"100%\"} -->\n<div class=\"wp-block-column\" style=\"flex-basis:100%\"><!-- wp:paragraph {\"align\":\"center\",\"placeholder\":\"Contenu\u2026\",\"style\":{\"typography\":{\"fontSize\":\"25px\"}},\"backgroundColor\":\"luminous-vivid-amber\",\"textColor\":\"vivid-red\"} -->\n<p class=\"has-text-align-center has-vivid-red-color has-luminous-vivid-amber-background-color has-text-color has-background\" style=\"font-size:25px\"><strong>Messe tous les vendredis - <\/strong><br><strong>18h30<\/strong><\/p>\n<!-- \/wp:paragraph --><\/div>\n<!-- \/wp:column --><\/div>\n<!-- \/wp:columns --><\/div>\n<!-- \/wp:group --><\/div><figure class=\"wp-block-media-text__media\"><img src=\"https:\/\/catholiques17.fr\/saintes\/wp-content\/uploads\/sites\/3\/2020\/12\/saint-sacrement-1.jpg\" alt=\"\" class=\"wp-image-3976 size-full\"\/><\/figure><\/div>\n<!-- \/wp:media-text -->\n\n<!-- wp:spacer -->\n<div style=\"height:100px\" aria-hidden=\"true\" class=\"wp-block-spacer\"><\/div>\n<!-- \/wp:spacer -->\n\n<!-- wp:media-text {\"mediaPosition\":\"right\",\"mediaId\":3714,\"mediaType\":\"image\",\"mediaWidth\":15,\"verticalAlignment\":\"top\"} -->\n<div class=\"wp-block-media-text alignwide has-media-on-the-right is-stacked-on-mobile is-vertically-aligned-top\" style=\"grid-template-columns:auto 15%\"><div class=\"wp-block-media-text__content\"><!-- wp:paragraph {\"align\":\"center\",\"placeholder\":\"Contenu\u2026\",\"backgroundColor\":\"luminous-vivid-amber\",\"fontSize\":\"large\"} -->\n<p class=\"has-text-align-center has-luminous-vivid-amber-background-color has-background has-large-font-size\">Midi Tacos ! <\/p>\n<!-- \/wp:paragraph -->\n\n<!-- wp:paragraph {\"placeholder\":\"Contenu\u2026\",\"fontSize\":\"normal\"} -->\n<p class=\"has-normal-font-size\">Soit au taquet et invite tes amis pour manger des tacos dans une ambiance joyeuse et fraternelle!<\/p>\n<!-- \/wp:paragraph -->\n\n<!-- wp:paragraph {\"fontSize\":\"normal\"} -->\n<p class=\"has-normal-font-size\">Tous les 1er mercredis du mois, accueil de 12h15 \u00e0 15h \u00e0 l'aum\u00f4nerie.*<\/p>\n<!-- \/wp:paragraph --><\/div><figure class=\"wp-block-media-text__media\"><img src=\"https:\/\/catholiques17.fr\/saintes\/wp-content\/uploads\/sites\/5\/2020\/10\/IMG_20201007_130022_8-2-2048x1485.jpg\" alt=\"\" class=\"wp-image-3714 size-full\"\/><\/figure><\/div>\n<!-- \/wp:media-text -->\n\n<!-- wp:paragraph {\"fontSize\":\"small\"} -->\n<p class=\"has-small-font-size\">*<em>hors vacances scolaires \/ participation: 3\u20ac\/pers.<\/em><\/p>\n<!-- \/wp:paragraph -->\n\n<!-- wp:spacer -->\n<div style=\"height:100px\" aria-hidden=\"true\" class=\"wp-block-spacer\"><\/div>\n<!-- \/wp:spacer -->\n\n<!-- wp:media-text {\"mediaPosition\":\"right\",\"mediaId\":3628,\"mediaType\":\"image\"} -->\n<div class=\"wp-block-media-text alignwide has-media-on-the-right is-stacked-on-mobile\"><div class=\"wp-block-media-text__content\"><!-- wp:paragraph {\"placeholder\":\"Contenu\u2026\",\"fontSize\":\"medium\"} -->\n<p class=\"has-medium-font-size\">veill\u00e9es de pri\u00e8re<\/p>\n<!-- \/wp:paragraph -->\n\n<!-- wp:paragraph -->\n<p>Louange - t\u00e9moignages - adoration - petit verre ;) <\/p>\n<!-- \/wp:paragraph -->\n\n<!-- wp:paragraph -->\n<p><strong>lieu:<\/strong> chapelle Ste Eustelle, Saintes.<br><\/p>\n<!-- \/wp:paragraph --><\/div><figure class=\"wp-block-media-text__media\"><img src=\"https:\/\/catholiques17.fr\/saintes\/wp-content\/uploads\/sites\/3\/2020\/09\/priere-intercesssion-delivrance-2.jpg\" alt=\"\" class=\"wp-image-3628 size-full\"\/><\/figure><\/div>\n<!-- \/wp:media-text -->\n\n<!-- wp:paragraph -->\n<p><br><\/p>\n<!-- \/wp:paragraph -->","_et_gb_content_width":"","footnotes":""},"class_list":["post-269","page","type-page","status-publish","has-post-thumbnail","hentry"],"_links":{"self":[{"href":"https:\/\/catholiques17.fr\/saintes\/wp-json\/wp\/v2\/pages\/269","targetHints":{"allow":["GET"]}}],"collection":[{"href":"https:\/\/catholiques17.fr\/saintes\/wp-json\/wp\/v2\/pages"}],"about":[{"href":"https:\/\/catholiques17.fr\/saintes\/wp-json\/wp\/v2\/types\/page"}],"author":[{"embeddable":true,"href":"https:\/\/catholiques17.fr\/saintes\/wp-json\/wp\/v2\/users\/1"}],"replies":[{"embeddable":true,"href":"https:\/\/catholiques17.fr\/saintes\/wp-json\/wp\/v2\/comments?post=269"}],"version-history":[{"count":61,"href":"https:\/\/catholiques17.fr\/saintes\/wp-json\/wp\/v2\/pages\/269\/revisions"}],"predecessor-version":[{"id":13349,"href":"https:\/\/catholiques17.fr\/saintes\/wp-json\/wp\/v2\/pages\/269\/revisions\/13349"}],"up":[{"embeddable":true,"href":"https:\/\/catholiques17.fr\/saintes\/wp-json\/wp\/v2\/pages\/6893"}],"wp:featuredmedia":[{"embeddable":true,"href":"https:\/\/catholiques17.fr\/saintes\/wp-json\/wp\/v2\/media\/13330"}],"wp:attachment":[{"href":"https:\/\/catholiques17.fr\/saintes\/wp-json\/wp\/v2\/media?parent=269"}],"curies":[{"name":"wp","href":"https:\/\/api.w.org\/{rel}","templated":true}]}}