{"id":242,"date":"2019-07-18T19:53:48","date_gmt":"2019-07-18T17:53:48","guid":{"rendered":"https:\/\/catholiques17.fr\/saintes\/?page_id=242"},"modified":"2025-12-23T11:59:58","modified_gmt":"2025-12-23T10:59:58","slug":"le-mariage","status":"publish","type":"page","link":"https:\/\/catholiques17.fr\/saintes\/vie-chretienne\/le-mariage\/","title":{"rendered":"Le Mariage"},"content":{"rendered":"[et_pb_section fb_built=\u00a0\u00bb1&Prime; admin_label=\u00a0\u00bbsection\u00a0\u00bb _builder_version=\u00a0\u00bb4.16&Prime; custom_padding=\u00a0\u00bb32px|||||\u00a0\u00bb global_colors_info=\u00a0\u00bb{}\u00a0\u00bb][et_pb_row _builder_version=\u00a0\u00bb4.27.4&Prime; _module_preset=\u00a0\u00bbdefault\u00a0\u00bb custom_padding=\u00a0\u00bb6px|||||\u00a0\u00bb global_colors_info=\u00a0\u00bb{}\u00a0\u00bb][et_pb_column type=\u00a0\u00bb4_4&Prime; _builder_version=\u00a0\u00bb4.27.4&Prime; _module_preset=\u00a0\u00bbdefault\u00a0\u00bb global_colors_info=\u00a0\u00bb{}\u00a0\u00bb][et_pb_image src=\u00a0\u00bbhttps:\/\/catholiques17.fr\/saintes\/wp-content\/uploads\/sites\/3\/2025\/10\/Mariage.jpg\u00a0\u00bb title_text=\u00a0\u00bbMariage\u00a0\u00bb align=\u00a0\u00bbcenter\u00a0\u00bb force_fullwidth=\u00a0\u00bbon\u00a0\u00bb _builder_version=\u00a0\u00bb4.27.4&Prime; _module_preset=\u00a0\u00bbdefault\u00a0\u00bb global_colors_info=\u00a0\u00bb{}\u00a0\u00bb][\/et_pb_image][\/et_pb_column][\/et_pb_row][et_pb_row _builder_version=\u00a0\u00bb4.27.4&Prime; _module_preset=\u00a0\u00bbdefault\u00a0\u00bb global_colors_info=\u00a0\u00bb{}\u00a0\u00bb][et_pb_column type=\u00a0\u00bb4_4&Prime; _builder_version=\u00a0\u00bb4.27.4&Prime; _module_preset=\u00a0\u00bbdefault\u00a0\u00bb global_colors_info=\u00a0\u00bb{}\u00a0\u00bb][et_pb_text _builder_version=\u00a0\u00bb4.27.4&Prime; _module_preset=\u00a0\u00bbdefault\u00a0\u00bb global_colors_info=\u00a0\u00bb{}\u00a0\u00bb]<p>Votre mariage, c\u2019est un moment important de votre vie et vous d\u00e9cidez de vous y pr\u00e9parer. Notre \u00c9glise accueille avec joie tous ceux qui demandent son aide pour pr\u00e9parer leur mariage. Dieu s\u2019engage avec vous, \u00e0 vos c\u00f4t\u00e9s, pour donner \u00e0 votre Amour la force de s\u2019engager pour toujours.<\/p>\n<p>Par le sacrement du mariage, Dieu rend possible votre amour en vous introduisant dans une dimension nouvelle, celle d\u2019un amour re\u00e7u d\u2019une source invisible, cr\u00e9atrice et divine.<\/p>[\/et_pb_text][\/et_pb_column][\/et_pb_row][et_pb_row _builder_version=\u00a0\u00bb4.27.4&Prime; _module_preset=\u00a0\u00bbdefault\u00a0\u00bb global_colors_info=\u00a0\u00bb{}\u00a0\u00bb][et_pb_column type=\u00a0\u00bb4_4&Prime; _builder_version=\u00a0\u00bb4.27.4&Prime; _module_preset=\u00a0\u00bbdefault\u00a0\u00bb global_colors_info=\u00a0\u00bb{}\u00a0\u00bb][et_pb_text _builder_version=\u00a0\u00bb4.27.4&Prime; _module_preset=\u00a0\u00bbdefault\u00a0\u00bb global_colors_info=\u00a0\u00bb{}\u00a0\u00bb]<p><strong>Chaque ann\u00e9e il est propos\u00e9 aux fianc\u00e9s un parcours s&rsquo;organisant sur plusieurs mois :<\/strong><\/p>\n<p>&#8211; Des rencontres des fianc\u00e9s avec un pr\u00eatre de la paroisse pour approfondir leur d\u00e9marche, interroger leur relation \u00e0 Dieu, et cheminer jusqu&rsquo;\u00e0 la pr\u00e9paration du sacrement et de la c\u00e9l\u00e9bration.<\/p>\n<p>\u00a0&#8211; Une journ\u00e9e de l&rsquo;alliance se d\u00e9roulant un dimanche, r\u00e9unissant tous les fianc\u00e9s et organisant leur accueil au sein de la communaut\u00e9 chr\u00e9tienne.<\/p>\n<p>&#8211; Des rencontres en petit groupe, anim\u00e9es par un couple chr\u00e9tien de l&rsquo;\u00e9quipe de pr\u00e9paration au mariage et un pr\u00eatre. Ces rencontres donnent lieu \u00e0 de riches \u00e9changes sur les fondements du mariage chr\u00e9tien \u00e0 travers l&rsquo;exp\u00e9rience de vie de chacun.<\/p>[\/et_pb_text][\/et_pb_column][\/et_pb_row][et_pb_row _builder_version=\u00a0\u00bb4.27.4&Prime; _module_preset=\u00a0\u00bbdefault\u00a0\u00bb global_colors_info=\u00a0\u00bb{}\u00a0\u00bb][et_pb_column type=\u00a0\u00bb4_4&Prime; _builder_version=\u00a0\u00bb4.27.4&Prime; _module_preset=\u00a0\u00bbdefault\u00a0\u00bb global_colors_info=\u00a0\u00bb{}\u00a0\u00bb][et_pb_button button_url=\u00a0\u00bbhttps:\/\/catholiques17.fr\/saintes\/fleurissement-a-labbaye-aux-dames\/\u00a0\u00bb url_new_window=\u00a0\u00bbon\u00a0\u00bb button_text=\u00a0\u00bbEn savoir plus sur le fleurissement de l&rsquo;\u00e9glise en vue de votre mariage\u00a0\u00bb button_alignment=\u00a0\u00bbcenter\u00a0\u00bb _builder_version=\u00a0\u00bb4.27.4&Prime; _module_preset=\u00a0\u00bbdefault\u00a0\u00bb custom_button=\u00a0\u00bbon\u00a0\u00bb button_text_color=\u00a0\u00bb#60AF88&Prime; button_border_width=\u00a0\u00bb2px\u00a0\u00bb button_border_radius=\u00a0\u00bb14px\u00a0\u00bb button_icon=\u00a0\u00bb&#xf5bb;||fa||900&Prime; button_icon_color=\u00a0\u00bb#60AF88&Prime; global_colors_info=\u00a0\u00bb{}\u00a0\u00bb][\/et_pb_button][\/et_pb_column][\/et_pb_row][et_pb_row _builder_version=\u00a0\u00bb4.27.4&Prime; _module_preset=\u00a0\u00bbdefault\u00a0\u00bb global_colors_info=\u00a0\u00bb{}\u00a0\u00bb][et_pb_column type=\u00a0\u00bb4_4&Prime; _builder_version=\u00a0\u00bb4.27.4&Prime; _module_preset=\u00a0\u00bbdefault\u00a0\u00bb global_colors_info=\u00a0\u00bb{}\u00a0\u00bb][et_pb_text _builder_version=\u00a0\u00bb4.27.4&Prime; _module_preset=\u00a0\u00bbdefault\u00a0\u00bb background_color=\u00a0\u00bb#F47A60&Prime; hover_enabled=\u00a0\u00bb0&Prime; global_colors_info=\u00a0\u00bb{}\u00a0\u00bb sticky_enabled=\u00a0\u00bb0&Prime;]<p>o\u00a0<span style=\"color: #ffffff\"><strong><\/strong><\/span><\/p>\n<p style=\"text-align: center\"><span style=\"color: #ffffff\"><strong>Contact Abbaye aux Dames <\/strong>(rive droite) : 05.46.92.07.22\u00a0 \u2013\u00a0 <strong>Contact Cath\u00e9drale St Pierre<\/strong> (rive gauche) : 05.46.92.86.77<\/span><\/p>\n<p style=\"text-align: center\"><span style=\"color: #ffffff\"><\/span><\/p>[\/et_pb_text][\/et_pb_column][\/et_pb_row][\/et_pb_section]","protected":false},"excerpt":{"rendered":"<p>Votre mariage, c\u2019est un moment important de votre vie et vous d\u00e9cidez de vous y pr\u00e9parer. Notre \u00c9glise accueille avec joie tous ceux qui demandent son aide pour pr\u00e9parer leur [&hellip;]<\/p>\n","protected":false},"author":1,"featured_media":0,"parent":7764,"menu_order":0,"comment_status":"closed","ping_status":"closed","template":"","meta":{"_et_pb_use_builder":"on","_et_pb_old_content":"<!-- wp:paragraph {\"style\":{\"color\":{\"background\":\"#9df1d0\"}}} -->\n<p class=\"has-background\" style=\"background-color:#9df1d0\"><strong>Le mariage... Une aventure ? Un risque inconsid\u00e9r\u00e9 ? Un don absolu de soi ?<\/strong><br><a href=\"https:\/\/catholiques17.fr\/saintes\/files\/2018\/03\/alliances.jpeg\"><\/a>Le mariage est avant tout <strong>une alliance par laquelle un homme et une femme constituent ensemble une communaut\u00e9 de vie<\/strong>. C'est dire que cela se pr\u00e9pare vu l'importance de\nla d\u00e9marche.&nbsp;Le centre de pr\u00e9paration au mariage chr\u00e9tien a pour but de\nvous aider \u00e0 poser les fondations de ce bel \u00e9difice.<\/p>\n<!-- \/wp:paragraph -->\n\n<!-- wp:paragraph {\"backgroundColor\":\"light-green-cyan\"} -->\n<p class=\"has-light-green-cyan-background-color has-background\"><strong>Libert\u00e9, fid\u00e9lit\u00e9, f\u00e9condit\u00e9, indissolubilit\u00e9<\/strong><\/p>\n<!-- \/wp:paragraph -->\n\n<!-- wp:paragraph -->\n<p>Chaque ann\u00e9e il est propos\u00e9 aux fianc\u00e9s un\nparcours s'organisant sur plusieurs mois :<\/p>\n<!-- \/wp:paragraph -->\n\n<!-- wp:list -->\n<ul><!-- wp:list-item -->\n<li>des rencontres des fianc\u00e9s avec le conseiller spirituel pour approfondir leur d\u00e9marche, interroger leur relation \u00e0 Dieu, et cheminer jusqu'\u00e0 la pr\u00e9paration du sacrement et de la c\u00e9l\u00e9bration.<\/li>\n<!-- \/wp:list-item -->\n\n<!-- wp:list-item -->\n<li>des journ\u00e9es de l'alliance se d\u00e9roulant un  dimanche, r\u00e9unissant tous les fianc\u00e9s et organisant leur accueil au sein de la communaut\u00e9 chr\u00e9tienne.<\/li>\n<!-- \/wp:list-item -->\n\n<!-- wp:list-item -->\n<li>des rencontres en petit groupe, anim\u00e9es par un couple chr\u00e9tien de l'\u00e9quipe de pr\u00e9paration au mariage et un pr\u00eatre. Ces rencontres donnent lieu \u00e0 de riches \u00e9changes&nbsp;sur les fondements du mariage chr\u00e9tien \u00e0 travers l'exp\u00e9rience de vie de chacun.<\/li>\n<!-- \/wp:list-item --><\/ul>\n<!-- \/wp:list -->\n\n<!-- wp:paragraph -->\n<p><em>Contacts&nbsp;<\/em>: P\u00e8re Sergio PEREZ (presbyt\u00e8re st Vivien ) et P\u00e8re G. SALIN (presbyt\u00e8re st Pallais)<br><\/p>\n<!-- \/wp:paragraph -->","_et_gb_content_width":"","footnotes":""},"class_list":["post-242","page","type-page","status-publish","hentry"],"_links":{"self":[{"href":"https:\/\/catholiques17.fr\/saintes\/wp-json\/wp\/v2\/pages\/242","targetHints":{"allow":["GET"]}}],"collection":[{"href":"https:\/\/catholiques17.fr\/saintes\/wp-json\/wp\/v2\/pages"}],"about":[{"href":"https:\/\/catholiques17.fr\/saintes\/wp-json\/wp\/v2\/types\/page"}],"author":[{"embeddable":true,"href":"https:\/\/catholiques17.fr\/saintes\/wp-json\/wp\/v2\/users\/1"}],"replies":[{"embeddable":true,"href":"https:\/\/catholiques17.fr\/saintes\/wp-json\/wp\/v2\/comments?post=242"}],"version-history":[{"count":12,"href":"https:\/\/catholiques17.fr\/saintes\/wp-json\/wp\/v2\/pages\/242\/revisions"}],"predecessor-version":[{"id":13253,"href":"https:\/\/catholiques17.fr\/saintes\/wp-json\/wp\/v2\/pages\/242\/revisions\/13253"}],"up":[{"embeddable":true,"href":"https:\/\/catholiques17.fr\/saintes\/wp-json\/wp\/v2\/pages\/7764"}],"wp:attachment":[{"href":"https:\/\/catholiques17.fr\/saintes\/wp-json\/wp\/v2\/media?parent=242"}],"curies":[{"name":"wp","href":"https:\/\/api.w.org\/{rel}","templated":true}]}}