{"id":239,"date":"2019-07-18T19:50:11","date_gmt":"2019-07-18T17:50:11","guid":{"rendered":"https:\/\/catholiques17.fr\/saintes\/?page_id=239"},"modified":"2025-10-07T09:37:42","modified_gmt":"2025-10-07T07:37:42","slug":"la-confirmation","status":"publish","type":"page","link":"https:\/\/catholiques17.fr\/saintes\/vie-chretienne\/la-confirmation\/","title":{"rendered":"La Confirmation"},"content":{"rendered":"<p>[et_pb_section fb_built=\u00a0\u00bb1&Prime; admin_label=\u00a0\u00bbsection\u00a0\u00bb _builder_version=\u00a0\u00bb4.16&Prime; global_colors_info=\u00a0\u00bb{}\u00a0\u00bb theme_builder_area=\u00a0\u00bbpost_content\u00a0\u00bb][et_pb_row _builder_version=\u00a0\u00bb4.27.4&Prime; _module_preset=\u00a0\u00bbdefault\u00a0\u00bb custom_padding=\u00a0\u00bb1px|||||\u00a0\u00bb global_colors_info=\u00a0\u00bb{}\u00a0\u00bb theme_builder_area=\u00a0\u00bbpost_content\u00a0\u00bb][et_pb_column type=\u00a0\u00bb4_4&Prime; _builder_version=\u00a0\u00bb4.27.4&Prime; _module_preset=\u00a0\u00bbdefault\u00a0\u00bb global_colors_info=\u00a0\u00bb{}\u00a0\u00bb theme_builder_area=\u00a0\u00bbpost_content\u00a0\u00bb][et_pb_image src=\u00a0\u00bbhttps:\/\/catholiques17.fr\/saintes\/wp-content\/uploads\/sites\/3\/2025\/10\/Confirmation.jpeg\u00a0\u00bb title_text=\u00a0\u00bbConfirmation\u00a0\u00bb align=\u00a0\u00bbcenter\u00a0\u00bb force_fullwidth=\u00a0\u00bbon\u00a0\u00bb _builder_version=\u00a0\u00bb4.27.4&Prime; _module_preset=\u00a0\u00bbdefault\u00a0\u00bb global_colors_info=\u00a0\u00bb{}\u00a0\u00bb theme_builder_area=\u00a0\u00bbpost_content\u00a0\u00bb][\/et_pb_image][\/et_pb_column][\/et_pb_row][et_pb_row _builder_version=\u00a0\u00bb4.27.4&Prime; _module_preset=\u00a0\u00bbdefault\u00a0\u00bb custom_padding=\u00a0\u00bb||10px|||\u00a0\u00bb global_colors_info=\u00a0\u00bb{}\u00a0\u00bb theme_builder_area=\u00a0\u00bbpost_content\u00a0\u00bb][et_pb_column type=\u00a0\u00bb4_4&Prime; _builder_version=\u00a0\u00bb4.27.4&Prime; _module_preset=\u00a0\u00bbdefault\u00a0\u00bb global_colors_info=\u00a0\u00bb{}\u00a0\u00bb theme_builder_area=\u00a0\u00bbpost_content\u00a0\u00bb][et_pb_text _builder_version=\u00a0\u00bb4.27.4&Prime; _module_preset=\u00a0\u00bbdefault\u00a0\u00bb hover_enabled=\u00a0\u00bb0&Prime; global_colors_info=\u00a0\u00bb{}\u00a0\u00bb theme_builder_area=\u00a0\u00bbpost_content\u00a0\u00bb background_color=\u00a0\u00bb#FFFFFF\u00a0\u00bb sticky_enabled=\u00a0\u00bb0&Prime;]<\/p>\n<div class=\"et_pb_row et_pb_row_1\">\n<div class=\"et_pb_column et_pb_column_4_4 et_pb_column_1  et_pb_css_mix_blend_mode_passthrough et-last-child\">\n<div class=\"et_pb_module et_pb_text et_pb_text_0  et_pb_text_align_left et_pb_bg_layout_light\">\n<div class=\"et_pb_text_inner\">\n<div class=\"et_pb_module et_pb_text et_pb_text_0  et_pb_text_align_justified et_pb_bg_layout_light\">\n<div class=\"et_pb_text_inner\">La confirmation est un sacrement. Recevoir la confirmation, c\u2019est recevoir les dons de l\u2019Esprit Saint, promesse d\u2019une vie enracin\u00e9e en Christ. En recevant ce sacrement, le chr\u00e9tien r\u00e9pond \u00e0 l\u2019amour que Dieu lui porte et s\u2019engage \u00e0 en \u00eatre le t\u00e9moin.<\/div>\n<\/div>\n<div class=\"et_pb_module et_pb_text et_pb_text_1  et_pb_text_align_left et_pb_bg_layout_light\">\n<div class=\"et_pb_text_inner\">\n<p>Au temps de l\u2019adolescence et \u00e0 l\u2019\u00e2ge adulte, la d\u00e9marche de pr\u00e9paration s\u2019\u00e9tale sur une ou deux ann\u00e9es. Une rencontre commune avec l\u2019\u00e9v\u00eaque pour un temps d\u2019approfondissement et de cat\u00e9ch\u00e8se permet aux futurs confirm\u00e9s et \u00e0 leurs accompagnateurs de vivre une exp\u00e9rience forte d\u2019\u00c9glise dioc\u00e9saine. Une journ\u00e9e dioc\u00e9saine se d\u00e9roule chaque ann\u00e9e avec ceux qui se pr\u00e9parent \u00e0 la confirmation.<\/p>\n<\/div>\n<\/div>\n<div class=\"et_pb_module et_pb_text et_pb_text_2  et_pb_text_align_left et_pb_bg_layout_light\">\n<div class=\"et_pb_text_inner\">\n<p style=\"padding-left: 40px;\"><span style=\"color: #ffffff;\"><strong><\/strong><\/span><\/p>\n<p style=\"padding-left: 40px;\"><span style=\"color: #ffffff;\"><strong>\u201cSois marqu\u00e9 de l\u2019Esprit Saint, le don de Dieu\u201d :\u00a0<\/strong>telle est la parole prononc\u00e9e par celui qui confirme et impose la main pour l\u2019onction d\u2019huile, c\u2019est une parole tr\u00e8s forte. Par la confirmation, le baptis\u00e9 re\u00e7oit la marque de l\u2019Esprit du P\u00e8re et du Fils. Il l\u2019a d\u00e9j\u00e0 re\u00e7ue quand il plongeait dans l\u2019eau du bapt\u00eame, il continue de la recevoir par l\u2019onction de la confirmation. Cette marque est comme une trace ind\u00e9l\u00e9bile qui exprime un don de Dieu, le don qu\u2019il fait au baptis\u00e9 de sa propre vie, de son propre esprit, de sa puissance d\u2019amour et de vie.<\/span><\/p>\n<p style=\"padding-left: 40px;\"><span style=\"color: #ffffff;\">Dans la confirmation, nous sommes marqu\u00e9s par un geste d\u2019onction, avec de l\u2019huile parfum\u00e9e, qu\u2019on appelle \u201csaint-chr\u00eame\u201d, un geste plein de douceur. Les mots \u201cChrist\u201d et \u201cchr\u00eame\u201d ont la m\u00eame racine. Est \u201cChrist\u201d celui qui a re\u00e7u l\u2019onction d\u2019huile.<\/span><\/p>\n<p style=\"padding-left: 40px;\"><span style=\"color: #ffffff;\"><\/span><\/p>\n<\/div>\n<\/div>\n<\/div>\n<\/div>\n<\/div>\n<\/div>\n<p>[\/et_pb_text][\/et_pb_column][\/et_pb_row][et_pb_row _builder_version=\u00a0\u00bb4.27.4&Prime; _module_preset=\u00a0\u00bbdefault\u00a0\u00bb global_colors_info=\u00a0\u00bb{}\u00a0\u00bb theme_builder_area=\u00a0\u00bbpost_content\u00a0\u00bb][et_pb_column type=\u00a0\u00bb4_4&Prime; _builder_version=\u00a0\u00bb4.27.4&Prime; _module_preset=\u00a0\u00bbdefault\u00a0\u00bb global_colors_info=\u00a0\u00bb{}\u00a0\u00bb theme_builder_area=\u00a0\u00bbpost_content\u00a0\u00bb][et_pb_text _builder_version=\u00a0\u00bb4.27.4&Prime; _module_preset=\u00a0\u00bbdefault\u00a0\u00bb global_colors_info=\u00a0\u00bb{}\u00a0\u00bb theme_builder_area=\u00a0\u00bbpost_content\u00a0\u00bb]<\/p>\n<p style=\"text-align: center;\"><span style=\"color: #f47a60;\"><em><strong>\u00ab\u00a0Moi, je prierai le P\u00e8re, et il vous donnera un autre D\u00e9fenseur qui sera pour toujours avec vous : <\/strong><\/em><\/span><\/p>\n<p style=\"text-align: center;\"><span style=\"color: #f47a60;\"><em><strong>l\u2019Esprit de v\u00e9rit\u00e9, lui que le monde ne peut recevoir, car il ne le voit pas et ne le conna\u00eet pas. <\/strong><\/em><\/span><\/p>\n<p style=\"text-align: center;\"><span style=\"color: #f47a60;\"><em><strong>Vous, vous le connaissez, car il demeure aupr\u00e8s de vous, et il sera en vous.\u00a0\u00bb <\/strong>\u00a0 \u00a0Jean 14, 16-17<\/em><\/span><\/p>\n<p>[\/et_pb_text][\/et_pb_column][\/et_pb_row][et_pb_row _builder_version=\u00a0\u00bb4.27.4&Prime; _module_preset=\u00a0\u00bbdefault\u00a0\u00bb global_colors_info=\u00a0\u00bb{}\u00a0\u00bb theme_builder_area=\u00a0\u00bbpost_content\u00a0\u00bb][et_pb_column type=\u00a0\u00bb4_4&Prime; _builder_version=\u00a0\u00bb4.27.4&Prime; _module_preset=\u00a0\u00bbdefault\u00a0\u00bb global_colors_info=\u00a0\u00bb{}\u00a0\u00bb theme_builder_area=\u00a0\u00bbpost_content\u00a0\u00bb][et_pb_text _builder_version=\u00a0\u00bb4.27.4&Prime; _module_preset=\u00a0\u00bbdefault\u00a0\u00bb background_color=\u00a0\u00bb#F47A60&Prime; global_colors_info=\u00a0\u00bb{}\u00a0\u00bb theme_builder_area=\u00a0\u00bbpost_content\u00a0\u00bb]<\/p>\n<p style=\"text-align: center;\"><strong><\/strong><\/p>\n<p style=\"text-align: center;\"><span style=\"color: #ffffff;\"><strong>Contact Abbaye aux Dames <\/strong>(rive droite) : 05.46.92.07.22\u00a0 &#8211;\u00a0 <strong>Contact Cath\u00e9drale St Pierre<\/strong> (rive gauche) : 05.46.93.09.92<\/span><\/p>\n<p style=\"text-align: center;\">[\/et_pb_text][\/et_pb_column][\/et_pb_row][\/et_pb_section]<\/p>\n","protected":false},"excerpt":{"rendered":"<p>La confirmation est un sacrement. Recevoir la confirmation, c\u2019est recevoir les dons de l\u2019Esprit Saint, promesse d\u2019une vie enracin\u00e9e en Christ. En recevant ce sacrement, le chr\u00e9tien r\u00e9pond \u00e0 l\u2019amour [&hellip;]<\/p>\n","protected":false},"author":1,"featured_media":0,"parent":7764,"menu_order":0,"comment_status":"closed","ping_status":"closed","template":"","meta":{"_et_pb_use_builder":"on","_et_pb_old_content":"<!-- wp:paragraph -->\n<p>Le <a href=\"http:\/\/eglise.catholique.fr\/approfondir-sa-foi\/la-celebration-de-la-foi\/les-sacrements\/la-confirmation\/\" target=\"_blank\" rel=\"noreferrer noopener\">sacrement de confirmation<\/a> est l\u2019un des sept sacrements qui\ncomme le bapt\u00eame se re\u00e7oit une fois dans une vie. Avec l\u2019eucharistie et le\nbapt\u00eame, le sacrement de confirmation fait partie des trois sacrements de\nl\u2019initiation chr\u00e9tienne, qui ensemble permettent de devenir un chr\u00e9tien \u00e0 part\nenti\u00e8re.<\/p>\n<!-- \/wp:paragraph -->\n\n<!-- wp:paragraph {\"backgroundColor\":\"very-light-gray\"} -->\n<p class=\"has-background has-very-light-gray-background-color\"><em><strong>\u00ab&nbsp;Moi, je prierai le P\u00e8re, et il\nvous donnera un autre D\u00e9fenseur qui sera pour toujours avec\nvous&nbsp;:&nbsp;l\u2019Esprit de v\u00e9rit\u00e9, lui que le monde ne peut recevoir, car il\nne le voit pas et ne le conna\u00eet pas&nbsp;; vous, vous le connaissez, car il\ndemeure aupr\u00e8s de vous, et il sera en vous.&nbsp;\u00bb Jean 14, 16-17<\/strong><\/em><\/p>\n<!-- \/wp:paragraph -->\n\n<!-- wp:paragraph -->\n<p><strong>Contact Abbaye aux Dames <\/strong>(rive droite) : 05.46.92.07.22<br><strong>Contact Cath\u00e9drale St Pierre<\/strong> (rive gauche) : 05.46.93.09.92<\/p>\n<!-- \/wp:paragraph -->","_et_gb_content_width":"","footnotes":""},"class_list":["post-239","page","type-page","status-publish","hentry"],"_links":{"self":[{"href":"https:\/\/catholiques17.fr\/saintes\/wp-json\/wp\/v2\/pages\/239","targetHints":{"allow":["GET"]}}],"collection":[{"href":"https:\/\/catholiques17.fr\/saintes\/wp-json\/wp\/v2\/pages"}],"about":[{"href":"https:\/\/catholiques17.fr\/saintes\/wp-json\/wp\/v2\/types\/page"}],"author":[{"embeddable":true,"href":"https:\/\/catholiques17.fr\/saintes\/wp-json\/wp\/v2\/users\/1"}],"replies":[{"embeddable":true,"href":"https:\/\/catholiques17.fr\/saintes\/wp-json\/wp\/v2\/comments?post=239"}],"version-history":[{"count":5,"href":"https:\/\/catholiques17.fr\/saintes\/wp-json\/wp\/v2\/pages\/239\/revisions"}],"predecessor-version":[{"id":12810,"href":"https:\/\/catholiques17.fr\/saintes\/wp-json\/wp\/v2\/pages\/239\/revisions\/12810"}],"up":[{"embeddable":true,"href":"https:\/\/catholiques17.fr\/saintes\/wp-json\/wp\/v2\/pages\/7764"}],"wp:attachment":[{"href":"https:\/\/catholiques17.fr\/saintes\/wp-json\/wp\/v2\/media?parent=239"}],"curies":[{"name":"wp","href":"https:\/\/api.w.org\/{rel}","templated":true}]}}

<p>[et_pb_section fb_built= »1&Prime; admin_label= »section » _builder_version= »4.16&Prime; global_colors_info= »{} » theme_builder_area= »post_content »][et_pb_row _builder_version= »4.27.4&Prime; _module_preset= »default » custom_padding= »1px||||| » global_colors_info= »{} » theme_builder_area= »post_content »][et_pb_column type= »4_4&Prime; _builder_version= »4.27.4&Prime; _module_preset= »default » global_colors_info= »{} » theme_builder_area= »post_content »][et_pb_image src= »https://catholiques17.fr/saintes/wp-content/uploads/sites/3/2025/10/Confirmation.jpeg » title_text= »Confirmation » align= »center » force_fullwidth= »on » _builder_version= »4.27.4&Prime; _module_preset= »default » global_colors_info= »{} » theme_builder_area= »post_content »][/et_pb_image][/et_pb_column][/et_pb_row][et_pb_row _builder_version= »4.27.4&Prime; _module_preset= »default » custom_padding= »||10px||| » global_colors_info= »{} » theme_builder_area= »post_content »][et_pb_column type= »4_4&Prime; _builder_version= »4.27.4&Prime; _module_preset= »default » global_colors_info= »{} » theme_builder_area= »post_content »][et_pb_text _builder_version= »4.27.4&Prime; _module_preset= »default » hover_enabled= »0&Prime; global_colors_info= »{} » theme_builder_area= »post_content » background_color= »#FFFFFF » sticky_enabled= »0&Prime;]</p>
<div class="et_pb_row et_pb_row_1">
<div class="et_pb_column et_pb_column_4_4 et_pb_column_1  et_pb_css_mix_blend_mode_passthrough et-last-child">
<div class="et_pb_module et_pb_text et_pb_text_0  et_pb_text_align_left et_pb_bg_layout_light">
<div class="et_pb_text_inner">
<div class="et_pb_module et_pb_text et_pb_text_0  et_pb_text_align_justified et_pb_bg_layout_light">
<div class="et_pb_text_inner">La confirmation est un sacrement. Recevoir la confirmation, c’est recevoir les dons de l’Esprit Saint, promesse d’une vie enracinée en Christ. En recevant ce sacrement, le chrétien répond à l’amour que Dieu lui porte et s’engage à en être le témoin.</div>
</div>
<div class="et_pb_module et_pb_text et_pb_text_1  et_pb_text_align_left et_pb_bg_layout_light">
<div class="et_pb_text_inner">
<p>Au temps de l’adolescence et à l’âge adulte, la démarche de préparation s’étale sur une ou deux années. Une rencontre commune avec l’évêque pour un temps d’approfondissement et de catéchèse permet aux futurs confirmés et à leurs accompagnateurs de vivre une expérience forte d’Église diocésaine. Une journée diocésaine se déroule chaque année avec ceux qui se préparent à la confirmation.</p>
</div>
</div>
<div class="et_pb_module et_pb_text et_pb_text_2  et_pb_text_align_left et_pb_bg_layout_light">
<div class="et_pb_text_inner">
<p style="padding-left: 40px;"><span style="color: #ffffff;"><strong></strong></span></p>
<p style="padding-left: 40px;"><span style="color: #ffffff;"><strong>“Sois marqué de l’Esprit Saint, le don de Dieu” : </strong>telle est la parole prononcée par celui qui confirme et impose la main pour l’onction d’huile, c’est une parole très forte. Par la confirmation, le baptisé reçoit la marque de l’Esprit du Père et du Fils. Il l’a déjà reçue quand il plongeait dans l’eau du baptême, il continue de la recevoir par l’onction de la confirmation. Cette marque est comme une trace indélébile qui exprime un don de Dieu, le don qu’il fait au baptisé de sa propre vie, de son propre esprit, de sa puissance d’amour et de vie.</span></p>
<p style="padding-left: 40px;"><span style="color: #ffffff;">Dans la confirmation, nous sommes marqués par un geste d’onction, avec de l’huile parfumée, qu’on appelle “saint-chrême”, un geste plein de douceur. Les mots “Christ” et “chrême” ont la même racine. Est “Christ” celui qui a reçu l’onction d’huile.</span></p>
<p style="padding-left: 40px;"><span style="color: #ffffff;"></span></p>
</div>
</div>
</div>
</div>
</div>
</div>
<p>[/et_pb_text][/et_pb_column][/et_pb_row][et_pb_row _builder_version= »4.27.4&Prime; _module_preset= »default » global_colors_info= »{} » theme_builder_area= »post_content »][et_pb_column type= »4_4&Prime; _builder_version= »4.27.4&Prime; _module_preset= »default » global_colors_info= »{} » theme_builder_area= »post_content »][et_pb_text _builder_version= »4.27.4&Prime; _module_preset= »default » global_colors_info= »{} » theme_builder_area= »post_content »]</p>
<p style="text-align: center;"><span style="color: #f47a60;"><em><strong>« Moi, je prierai le Père, et il vous donnera un autre Défenseur qui sera pour toujours avec vous : </strong></em></span></p>
<p style="text-align: center;"><span style="color: #f47a60;"><em><strong>l’Esprit de vérité, lui que le monde ne peut recevoir, car il ne le voit pas et ne le connaît pas. </strong></em></span></p>
<p style="text-align: center;"><span style="color: #f47a60;"><em><strong>Vous, vous le connaissez, car il demeure auprès de vous, et il sera en vous. » </strong>   Jean 14, 16-17</em></span></p>
<p>[/et_pb_text][/et_pb_column][/et_pb_row][et_pb_row _builder_version= »4.27.4&Prime; _module_preset= »default » global_colors_info= »{} » theme_builder_area= »post_content »][et_pb_column type= »4_4&Prime; _builder_version= »4.27.4&Prime; _module_preset= »default » global_colors_info= »{} » theme_builder_area= »post_content »][et_pb_text _builder_version= »4.27.4&Prime; _module_preset= »default » background_color= »#F47A60&Prime; global_colors_info= »{} » theme_builder_area= »post_content »]</p>
<p style="text-align: center;"><strong></strong></p>
<p style="text-align: center;"><span style="color: #ffffff;"><strong>Contact Abbaye aux Dames </strong>(rive droite) : 05.46.92.07.22  &#8211;  <strong>Contact Cathédrale St Pierre</strong> (rive gauche) : 05.46.93.09.92</span></p>
<p style="text-align: center;">[/et_pb_text][/et_pb_column][/et_pb_row][/et_pb_section]</p>

<p>La confirmation est un sacrement. Recevoir la confirmation, c’est recevoir les dons de l’Esprit Saint, promesse d’une vie enracinée en Christ. En recevant ce sacrement, le chrétien répond à l’amour [&hellip;]</p>

<!-- wp:paragraph -->
<p>Le <a href="http://eglise.catholique.fr/approfondir-sa-foi/la-celebration-de-la-foi/les-sacrements/la-confirmation/" target="_blank" rel="noreferrer noopener">sacrement de confirmation</a> est l’un des sept sacrements qui
comme le baptême se reçoit une fois dans une vie. Avec l’eucharistie et le
baptême, le sacrement de confirmation fait partie des trois sacrements de
l’initiation chrétienne, qui ensemble permettent de devenir un chrétien à part
entière.</p>
<!-- /wp:paragraph -->

<!-- wp:paragraph {"backgroundColor":"very-light-gray"} -->
<p class="has-background has-very-light-gray-background-color"><em><strong>«&nbsp;Moi, je prierai le Père, et il
vous donnera un autre Défenseur qui sera pour toujours avec
vous&nbsp;:&nbsp;l’Esprit de vérité, lui que le monde ne peut recevoir, car il
ne le voit pas et ne le connaît pas&nbsp;; vous, vous le connaissez, car il
demeure auprès de vous, et il sera en vous.&nbsp;» Jean 14, 16-17</strong></em></p>
<!-- /wp:paragraph -->

<!-- wp:paragraph -->
<p><strong>Contact Abbaye aux Dames </strong>(rive droite) : 05.46.92.07.22<br><strong>Contact Cathédrale St Pierre</strong> (rive gauche) : 05.46.93.09.92</p>
<!-- /wp:paragraph -->
