{"id":8335,"date":"2026-04-27T00:10:41","date_gmt":"2026-04-26T22:10:41","guid":{"rendered":"https:\/\/catholiques17.fr\/sainte-soulle\/?post_type=tribe_events&#038;p=8335"},"modified":"2026-04-27T01:43:51","modified_gmt":"2026-04-26T23:43:51","slug":"chapelet-de-saint-michel-a-sainte-soulle","status":"publish","type":"tribe_events","link":"https:\/\/catholiques17.fr\/sainte-soulle\/event\/chapelet-de-saint-michel-a-sainte-soulle\/","title":{"rendered":"Chapelet de Saint Michel \u00e0 Sainte-Soulle"},"content":{"rendered":"<p style=\"text-align: center\">La paroisse vous invite \u00e0 participer au <strong>Chapelet de Saint Michel<\/strong>,<\/p>\n<p style=\"text-align: center\">le <span style=\"color: #ff6600\"><strong>Mercredi 29 avril 2026, \u00e0 19h30<\/strong><\/span>, \u00e0 l&rsquo;\u00e9glise de <strong>Sainte-Soulle<\/strong>, apr\u00e8s le cat\u00e9chisme.<\/p>\n<hr \/>\n<p style=\"text-align: center\">Un temps de pri\u00e8re confi\u00e9 \u00e0 l&rsquo;intercession de <strong>Saint Michel Archange<\/strong>,<\/p>\n<p style=\"text-align: center\">pour la protection, la paix et les intentions de chacun.<\/p>\n<hr \/>\n<p style=\"text-align: center\">\u201cVenez nombreux partager ce moment de recueillement et de foi\u201d<\/p>\n","protected":false},"excerpt":{"rendered":"<p>La paroisse vous invite \u00e0 participer au Chapelet de Saint Michel, le Mercredi 29 avril 2026, \u00e0 19h30, \u00e0 l&rsquo;\u00e9glise de Sainte-Soulle, apr\u00e8s le cat\u00e9chisme. Un temps de pri\u00e8re confi\u00e9 [&hellip;]<\/p>\n","protected":false},"author":94,"featured_media":8336,"template":"","meta":{"_et_pb_use_builder":"","_et_pb_old_content":"","_et_gb_content_width":"","_tribe_events_status":"","_tribe_events_status_reason":"","footnotes":""},"tags":[],"tribe_events_cat":[],"class_list":["post-8335","tribe_events","type-tribe_events","status-publish","has-post-thumbnail","hentry"],"_links":{"self":[{"href":"https:\/\/catholiques17.fr\/sainte-soulle\/wp-json\/wp\/v2\/tribe_events\/8335","targetHints":{"allow":["GET"]}}],"collection":[{"href":"https:\/\/catholiques17.fr\/sainte-soulle\/wp-json\/wp\/v2\/tribe_events"}],"about":[{"href":"https:\/\/catholiques17.fr\/sainte-soulle\/wp-json\/wp\/v2\/types\/tribe_events"}],"author":[{"embeddable":true,"href":"https:\/\/catholiques17.fr\/sainte-soulle\/wp-json\/wp\/v2\/users\/94"}],"version-history":[{"count":1,"href":"https:\/\/catholiques17.fr\/sainte-soulle\/wp-json\/wp\/v2\/tribe_events\/8335\/revisions"}],"predecessor-version":[{"id":8337,"href":"https:\/\/catholiques17.fr\/sainte-soulle\/wp-json\/wp\/v2\/tribe_events\/8335\/revisions\/8337"}],"wp:featuredmedia":[{"embeddable":true,"href":"https:\/\/catholiques17.fr\/sainte-soulle\/wp-json\/wp\/v2\/media\/8336"}],"wp:attachment":[{"href":"https:\/\/catholiques17.fr\/sainte-soulle\/wp-json\/wp\/v2\/media?parent=8335"}],"wp:term":[{"taxonomy":"post_tag","embeddable":true,"href":"https:\/\/catholiques17.fr\/sainte-soulle\/wp-json\/wp\/v2\/tags?post=8335"},{"taxonomy":"tribe_events_cat","embeddable":true,"href":"https:\/\/catholiques17.fr\/sainte-soulle\/wp-json\/wp\/v2\/tribe_events_cat?post=8335"}],"curies":[{"name":"wp","href":"https:\/\/api.w.org\/{rel}","templated":true}]}}

Chapelet de Saint Michel à Sainte-Soulle

<p style="text-align: center">La paroisse vous invite à participer au <strong>Chapelet de Saint Michel</strong>,</p>
<p style="text-align: center">le <span style="color: #ff6600"><strong>Mercredi 29 avril 2026, à 19h30</strong></span>, à l&rsquo;église de <strong>Sainte-Soulle</strong>, après le catéchisme.</p>
<hr />
<p style="text-align: center">Un temps de prière confié à l&rsquo;intercession de <strong>Saint Michel Archange</strong>,</p>
<p style="text-align: center">pour la protection, la paix et les intentions de chacun.</p>
<hr />
<p style="text-align: center">“Venez nombreux partager ce moment de recueillement et de foi”</p>

<p>La paroisse vous invite à participer au Chapelet de Saint Michel, le Mercredi 29 avril 2026, à 19h30, à l&rsquo;église de Sainte-Soulle, après le catéchisme. Un temps de prière confié [&hellip;]</p>
