{"id":8330,"date":"2026-04-26T23:54:00","date_gmt":"2026-04-26T21:54:00","guid":{"rendered":"https:\/\/catholiques17.fr\/sainte-soulle\/?post_type=tribe_events&#038;p=8330"},"modified":"2026-04-27T01:38:59","modified_gmt":"2026-04-26T23:38:59","slug":"journee-sur-leucharistie-de-la-pastorale-de-la-sante","status":"publish","type":"tribe_events","link":"https:\/\/catholiques17.fr\/sainte-soulle\/event\/journee-sur-leucharistie-de-la-pastorale-de-la-sante\/","title":{"rendered":"Journ\u00e9e sur l\u2019Eucharistie de la Pastorale de la Sant\u00e9"},"content":{"rendered":"<h3>La Pastorale de la Sant\u00e9 organise une journ\u00e9e sur l\u2019Eucharistie<br \/>\nPour les \u00e9quipes d\u2019aum\u00f4nerie, de SEM, PPH<br \/>\net tous ceux qui portent la communion<\/h3>\n<h3>Le 4 juin de 9h \u00e0 17h00 \u00e0 la Maison dioc\u00e9saine<br \/>\nAvec le P. Louis Chasseriau<\/h3>\n<p><strong>Pratique :<\/strong><\/p>\n<ul>\n<li>Apporter un plat (sal\u00e9 ou sucr\u00e9) \u00e0 partager<\/li>\n<li>Inscription aupr\u00e8s de la Pastorale de la Sant\u00e9 :\u00a0<a href=\"mailto:sante@diocese17.fr\">sante@diocese17.fr<\/a><\/li>\n<\/ul>\n","protected":false},"excerpt":{"rendered":"<p>La Pastorale de la Sant\u00e9 organise une journ\u00e9e sur l\u2019Eucharistie Pour les \u00e9quipes d\u2019aum\u00f4nerie, de SEM, PPH et tous ceux qui portent la communion Le 4 juin de 9h \u00e0 [&hellip;]<\/p>\n","protected":false},"author":94,"featured_media":8331,"template":"","meta":{"_et_pb_use_builder":"","_et_pb_old_content":"","_et_gb_content_width":"","_tribe_events_status":"","_tribe_events_status_reason":"","footnotes":""},"tags":[],"tribe_events_cat":[],"class_list":["post-8330","tribe_events","type-tribe_events","status-publish","has-post-thumbnail","hentry"],"_links":{"self":[{"href":"https:\/\/catholiques17.fr\/sainte-soulle\/wp-json\/wp\/v2\/tribe_events\/8330","targetHints":{"allow":["GET"]}}],"collection":[{"href":"https:\/\/catholiques17.fr\/sainte-soulle\/wp-json\/wp\/v2\/tribe_events"}],"about":[{"href":"https:\/\/catholiques17.fr\/sainte-soulle\/wp-json\/wp\/v2\/types\/tribe_events"}],"author":[{"embeddable":true,"href":"https:\/\/catholiques17.fr\/sainte-soulle\/wp-json\/wp\/v2\/users\/94"}],"version-history":[{"count":1,"href":"https:\/\/catholiques17.fr\/sainte-soulle\/wp-json\/wp\/v2\/tribe_events\/8330\/revisions"}],"predecessor-version":[{"id":8333,"href":"https:\/\/catholiques17.fr\/sainte-soulle\/wp-json\/wp\/v2\/tribe_events\/8330\/revisions\/8333"}],"wp:featuredmedia":[{"embeddable":true,"href":"https:\/\/catholiques17.fr\/sainte-soulle\/wp-json\/wp\/v2\/media\/8331"}],"wp:attachment":[{"href":"https:\/\/catholiques17.fr\/sainte-soulle\/wp-json\/wp\/v2\/media?parent=8330"}],"wp:term":[{"taxonomy":"post_tag","embeddable":true,"href":"https:\/\/catholiques17.fr\/sainte-soulle\/wp-json\/wp\/v2\/tags?post=8330"},{"taxonomy":"tribe_events_cat","embeddable":true,"href":"https:\/\/catholiques17.fr\/sainte-soulle\/wp-json\/wp\/v2\/tribe_events_cat?post=8330"}],"curies":[{"name":"wp","href":"https:\/\/api.w.org\/{rel}","templated":true}]}}

Journée sur l’Eucharistie de la Pastorale de la Santé

<h3>La Pastorale de la Santé organise une journée sur l’Eucharistie<br />
Pour les équipes d’aumônerie, de SEM, PPH<br />
et tous ceux qui portent la communion</h3>
<h3>Le 4 juin de 9h à 17h00 à la Maison diocésaine<br />
Avec le P. Louis Chasseriau</h3>
<p><strong>Pratique :</strong></p>
<ul>
<li>Apporter un plat (salé ou sucré) à partager</li>
<li>Inscription auprès de la Pastorale de la Santé : <a href="mailto:sante@diocese17.fr">sante@diocese17.fr</a></li>
</ul>

<p>La Pastorale de la Santé organise une journée sur l’Eucharistie Pour les équipes d’aumônerie, de SEM, PPH et tous ceux qui portent la communion Le 4 juin de 9h à [&hellip;]</p>
