{"id":8325,"date":"2026-04-26T23:50:01","date_gmt":"2026-04-26T21:50:01","guid":{"rendered":"https:\/\/catholiques17.fr\/sainte-soulle\/?post_type=tribe_events&#038;p=8325"},"modified":"2026-04-26T23:50:01","modified_gmt":"2026-04-26T21:50:01","slug":"rencontre-diocesaine-des-servants-de-messe","status":"publish","type":"tribe_events","link":"https:\/\/catholiques17.fr\/sainte-soulle\/event\/rencontre-diocesaine-des-servants-de-messe\/","title":{"rendered":"Rencontre dioc\u00e9saine des Servants de messe"},"content":{"rendered":"<h3>Journ\u00e9e dioc\u00e9saine des Servants d\u2019Autel et Servantes d\u2019Assembl\u00e9e<br \/>\nVendredi ler mai de 10h00 \u00e0 17h00<br \/>\n\u00e0 La Jarrie (25 place de la mairie \u2013 17120 La Jarrie)<\/h3>\n<h3>\u00ab\u00a0Avec St Joseph, travailler au soin du Seigneur\u00a0\u00bb<\/h3>\n<p>Les familles sont invit\u00e9es \u00e0 nous rejoindre pour la c\u00e9l\u00e9bration de la messe \u00e0 16h \u00e0 l\u2019\u00e9glise de La Jarrie.<\/p>\n<p>Apporter:<\/p>\n<ul>\n<li>1 pique nique et un go\u00fbter<\/li>\n<li>Son aube<\/li>\n<li>De bonnes chaussures de marche<\/li>\n<li>Son chapelet<\/li>\n<li><strong><a href=\"https:\/\/catholiques17.fr\/wp-content\/uploads\/2026\/04\/Decharge-parents-pour-mineurs-Journee-diocesaine-des-servants-dautel-et-servantes-dassemblee.pdf\">la D\u00e9charge parents pour mineurs Journ\u00e9e dioc\u00e9saine des servants d\u2019autel et servantes d\u2019assembl\u00e9e<\/a><\/strong><\/li>\n<\/ul>\n<p>Inscriptions aupr\u00e8s de M. Micka\u00ebl GIRAUD<br \/>\n6 all\u00e9e du s\u00e9minaire, 17100 SAINTES<br \/>\ngiraud.m@dioc\u00e8se17.fr \u2013 T\u00e9l: 05-46-41-41-51<\/p>\n","protected":false},"excerpt":{"rendered":"<p>Journ\u00e9e dioc\u00e9saine des Servants d\u2019Autel et Servantes d\u2019Assembl\u00e9e Vendredi ler mai de 10h00 \u00e0 17h00 \u00e0 La Jarrie (25 place de la mairie \u2013 17120 La Jarrie) \u00ab\u00a0Avec St Joseph, [&hellip;]<\/p>\n","protected":false},"author":94,"featured_media":8326,"template":"","meta":{"_et_pb_use_builder":"","_et_pb_old_content":"","_et_gb_content_width":"","_tribe_events_status":"","_tribe_events_status_reason":"","footnotes":""},"tags":[],"tribe_events_cat":[],"class_list":["post-8325","tribe_events","type-tribe_events","status-publish","has-post-thumbnail","hentry"],"_links":{"self":[{"href":"https:\/\/catholiques17.fr\/sainte-soulle\/wp-json\/wp\/v2\/tribe_events\/8325","targetHints":{"allow":["GET"]}}],"collection":[{"href":"https:\/\/catholiques17.fr\/sainte-soulle\/wp-json\/wp\/v2\/tribe_events"}],"about":[{"href":"https:\/\/catholiques17.fr\/sainte-soulle\/wp-json\/wp\/v2\/types\/tribe_events"}],"author":[{"embeddable":true,"href":"https:\/\/catholiques17.fr\/sainte-soulle\/wp-json\/wp\/v2\/users\/94"}],"version-history":[{"count":1,"href":"https:\/\/catholiques17.fr\/sainte-soulle\/wp-json\/wp\/v2\/tribe_events\/8325\/revisions"}],"predecessor-version":[{"id":8328,"href":"https:\/\/catholiques17.fr\/sainte-soulle\/wp-json\/wp\/v2\/tribe_events\/8325\/revisions\/8328"}],"wp:featuredmedia":[{"embeddable":true,"href":"https:\/\/catholiques17.fr\/sainte-soulle\/wp-json\/wp\/v2\/media\/8326"}],"wp:attachment":[{"href":"https:\/\/catholiques17.fr\/sainte-soulle\/wp-json\/wp\/v2\/media?parent=8325"}],"wp:term":[{"taxonomy":"post_tag","embeddable":true,"href":"https:\/\/catholiques17.fr\/sainte-soulle\/wp-json\/wp\/v2\/tags?post=8325"},{"taxonomy":"tribe_events_cat","embeddable":true,"href":"https:\/\/catholiques17.fr\/sainte-soulle\/wp-json\/wp\/v2\/tribe_events_cat?post=8325"}],"curies":[{"name":"wp","href":"https:\/\/api.w.org\/{rel}","templated":true}]}}

Rencontre diocésaine des Servants de messe

<h3>Journée diocésaine des Servants d’Autel et Servantes d’Assemblée<br />
Vendredi ler mai de 10h00 à 17h00<br />
à La Jarrie (25 place de la mairie – 17120 La Jarrie)</h3>
<h3>« Avec St Joseph, travailler au soin du Seigneur »</h3>
<p>Les familles sont invitées à nous rejoindre pour la célébration de la messe à 16h à l’église de La Jarrie.</p>
<p>Apporter:</p>
<ul>
<li>1 pique nique et un goûter</li>
<li>Son aube</li>
<li>De bonnes chaussures de marche</li>
<li>Son chapelet</li>
<li><strong><a href="https://catholiques17.fr/wp-content/uploads/2026/04/Decharge-parents-pour-mineurs-Journee-diocesaine-des-servants-dautel-et-servantes-dassemblee.pdf">la Décharge parents pour mineurs Journée diocésaine des servants d’autel et servantes d’assemblée</a></strong></li>
</ul>
<p>Inscriptions auprès de M. Mickaël GIRAUD<br />
6 allée du séminaire, 17100 SAINTES<br />
giraud.m@diocèse17.fr – Tél: 05-46-41-41-51</p>

<p>Journée diocésaine des Servants d’Autel et Servantes d’Assemblée Vendredi ler mai de 10h00 à 17h00 à La Jarrie (25 place de la mairie – 17120 La Jarrie) « Avec St Joseph, [&hellip;]</p>
