{"id":8298,"date":"2026-04-22T19:08:43","date_gmt":"2026-04-22T17:08:43","guid":{"rendered":"https:\/\/catholiques17.fr\/sainte-soulle\/?post_type=tribe_events&#038;p=8298"},"modified":"2026-04-22T19:08:43","modified_gmt":"2026-04-22T17:08:43","slug":"journee-fraternelle-et-pelerinage-sur-lile-madame","status":"publish","type":"tribe_events","link":"https:\/\/catholiques17.fr\/sainte-soulle\/event\/journee-fraternelle-et-pelerinage-sur-lile-madame\/","title":{"rendered":"Journ\u00e9e fraternelle et p\u00e8lerinage sur l&rsquo;Ile Madame"},"content":{"rendered":"<h3 style=\"text-align: left\"><strong>Temps fort de fin d&rsquo;ann\u00e9e pour les enfants du cat\u00e9 et de l&rsquo;\u00e9veil \u00e0 la foi.<\/strong><\/h3>\n<p style=\"text-align: left\"><strong>Samedi 25 Avril 2026<\/strong><\/p>\n<p style=\"text-align: left\"><strong>Parents, fr\u00e8res et s\u0153urs<\/strong> : vous \u00eates tous les bienvenus pour partager des moments de pri\u00e8re, de jeux et de belles decouvertes.<\/p>\n<p style=\"text-align: left\">On vous attend nombreux pour vivre cette belle journ\u00e9e ensemble.<\/p>\n<ul style=\"text-align: left\">\n<li style=\"text-align: left\">D\u00e9part du presbytere de <strong>Sainte Soulle : 9h45<\/strong><\/li>\n<li style=\"text-align: left\">Arriv\u00e9e au sanctuaire : messe, pique-nique et jeux, passage du tombolo.<\/li>\n<li style=\"text-align: left\">Retour vers <strong>17h30<\/strong>.<\/li>\n<li style=\"text-align: left\">Pr\u00e9voir des chaussures de marche ou tennis, 1 pique-nique, casquette, v\u00eatements de pluie.<\/li>\n<\/ul>\n<p style=\"text-align: left\">Le gouter et la boisson sont offert par la paroisse.<\/p>\n","protected":false},"excerpt":{"rendered":"<p>Temps fort de fin d&rsquo;ann\u00e9e pour les enfants du cat\u00e9 et de l&rsquo;\u00e9veil \u00e0 la foi. Samedi 25 Avril 2026 Parents, fr\u00e8res et s\u0153urs : vous \u00eates tous les bienvenus [&hellip;]<\/p>\n","protected":false},"author":94,"featured_media":8299,"template":"","meta":{"_et_pb_use_builder":"","_et_pb_old_content":"","_et_gb_content_width":"","_tribe_events_status":"","_tribe_events_status_reason":"","footnotes":""},"tags":[],"tribe_events_cat":[],"class_list":["post-8298","tribe_events","type-tribe_events","status-publish","has-post-thumbnail","hentry"],"_links":{"self":[{"href":"https:\/\/catholiques17.fr\/sainte-soulle\/wp-json\/wp\/v2\/tribe_events\/8298","targetHints":{"allow":["GET"]}}],"collection":[{"href":"https:\/\/catholiques17.fr\/sainte-soulle\/wp-json\/wp\/v2\/tribe_events"}],"about":[{"href":"https:\/\/catholiques17.fr\/sainte-soulle\/wp-json\/wp\/v2\/types\/tribe_events"}],"author":[{"embeddable":true,"href":"https:\/\/catholiques17.fr\/sainte-soulle\/wp-json\/wp\/v2\/users\/94"}],"version-history":[{"count":5,"href":"https:\/\/catholiques17.fr\/sainte-soulle\/wp-json\/wp\/v2\/tribe_events\/8298\/revisions"}],"predecessor-version":[{"id":8304,"href":"https:\/\/catholiques17.fr\/sainte-soulle\/wp-json\/wp\/v2\/tribe_events\/8298\/revisions\/8304"}],"wp:featuredmedia":[{"embeddable":true,"href":"https:\/\/catholiques17.fr\/sainte-soulle\/wp-json\/wp\/v2\/media\/8299"}],"wp:attachment":[{"href":"https:\/\/catholiques17.fr\/sainte-soulle\/wp-json\/wp\/v2\/media?parent=8298"}],"wp:term":[{"taxonomy":"post_tag","embeddable":true,"href":"https:\/\/catholiques17.fr\/sainte-soulle\/wp-json\/wp\/v2\/tags?post=8298"},{"taxonomy":"tribe_events_cat","embeddable":true,"href":"https:\/\/catholiques17.fr\/sainte-soulle\/wp-json\/wp\/v2\/tribe_events_cat?post=8298"}],"curies":[{"name":"wp","href":"https:\/\/api.w.org\/{rel}","templated":true}]}}

Journée fraternelle et pèlerinage sur l&rsquo;Ile Madame

<h3 style="text-align: left"><strong>Temps fort de fin d&rsquo;année pour les enfants du caté et de l&rsquo;éveil à la foi.</strong></h3>
<p style="text-align: left"><strong>Samedi 25 Avril 2026</strong></p>
<p style="text-align: left"><strong>Parents, frères et sœurs</strong> : vous êtes tous les bienvenus pour partager des moments de prière, de jeux et de belles decouvertes.</p>
<p style="text-align: left">On vous attend nombreux pour vivre cette belle journée ensemble.</p>
<ul style="text-align: left">
<li style="text-align: left">Départ du presbytere de <strong>Sainte Soulle : 9h45</strong></li>
<li style="text-align: left">Arrivée au sanctuaire : messe, pique-nique et jeux, passage du tombolo.</li>
<li style="text-align: left">Retour vers <strong>17h30</strong>.</li>
<li style="text-align: left">Prévoir des chaussures de marche ou tennis, 1 pique-nique, casquette, vêtements de pluie.</li>
</ul>
<p style="text-align: left">Le gouter et la boisson sont offert par la paroisse.</p>

<p>Temps fort de fin d&rsquo;année pour les enfants du caté et de l&rsquo;éveil à la foi. Samedi 25 Avril 2026 Parents, frères et sœurs : vous êtes tous les bienvenus [&hellip;]</p>
