{"id":8292,"date":"2026-04-22T18:14:37","date_gmt":"2026-04-22T16:14:37","guid":{"rendered":"https:\/\/catholiques17.fr\/sainte-soulle\/?post_type=tribe_events&#038;p=8292"},"modified":"2026-04-22T18:14:37","modified_gmt":"2026-04-22T16:14:37","slug":"pele-vtt-route-de-charente-maritime-2026","status":"publish","type":"tribe_events","link":"https:\/\/catholiques17.fr\/sainte-soulle\/event\/pele-vtt-route-de-charente-maritime-2026\/","title":{"rendered":"Pel\u00e9 VTT Route de Charente Maritime 2026"},"content":{"rendered":"<h5 style=\"text-align: left\">L\u2019\u00e9dition 2026 du <strong>pel\u00e9 VTT<\/strong> aura lieu du <strong>5 au 10 juillet<\/strong> prochain.<\/h5>\n<p style=\"text-align: left\">De <strong>11 \u00e0 80 ans<\/strong>, chacun y trouve sa place, pour p\u00e9daler ou servir, et vivre cinq jours de pri\u00e8re et de vie fraternelle sous le regard de la Vierge Marie.<\/p>\n<p><a href=\"https:\/\/youtu.be\/uK1xMHnTkw4\">https:\/\/youtu.be\/uK1xMHnTkw4<\/a><\/p>\n<h4>Les inscriptions sont ouvertes, cliquez <strong><a href=\"https:\/\/www.pele-vtt.fr\/login?redirect_to=https%3A%2F%2Fwww.pele-vtt.fr%2Finscription%2Fcreate%3Fevent%3D325%26road%3D43\" target=\"_blank\" rel=\"noopener\">ici<\/a><\/strong><\/h4>\n","protected":false},"excerpt":{"rendered":"<p>L\u2019\u00e9dition 2026 du pel\u00e9 VTT aura lieu du 5 au 10 juillet prochain. De 11 \u00e0 80 ans, chacun y trouve sa place, pour p\u00e9daler ou servir, et vivre cinq [&hellip;]<\/p>\n","protected":false},"author":94,"featured_media":8293,"template":"","meta":{"_et_pb_use_builder":"","_et_pb_old_content":"","_et_gb_content_width":"","_tribe_events_status":"","_tribe_events_status_reason":"","footnotes":""},"tags":[],"tribe_events_cat":[],"class_list":["post-8292","tribe_events","type-tribe_events","status-publish","has-post-thumbnail","hentry"],"_links":{"self":[{"href":"https:\/\/catholiques17.fr\/sainte-soulle\/wp-json\/wp\/v2\/tribe_events\/8292","targetHints":{"allow":["GET"]}}],"collection":[{"href":"https:\/\/catholiques17.fr\/sainte-soulle\/wp-json\/wp\/v2\/tribe_events"}],"about":[{"href":"https:\/\/catholiques17.fr\/sainte-soulle\/wp-json\/wp\/v2\/types\/tribe_events"}],"author":[{"embeddable":true,"href":"https:\/\/catholiques17.fr\/sainte-soulle\/wp-json\/wp\/v2\/users\/94"}],"version-history":[{"count":4,"href":"https:\/\/catholiques17.fr\/sainte-soulle\/wp-json\/wp\/v2\/tribe_events\/8292\/revisions"}],"predecessor-version":[{"id":8297,"href":"https:\/\/catholiques17.fr\/sainte-soulle\/wp-json\/wp\/v2\/tribe_events\/8292\/revisions\/8297"}],"wp:featuredmedia":[{"embeddable":true,"href":"https:\/\/catholiques17.fr\/sainte-soulle\/wp-json\/wp\/v2\/media\/8293"}],"wp:attachment":[{"href":"https:\/\/catholiques17.fr\/sainte-soulle\/wp-json\/wp\/v2\/media?parent=8292"}],"wp:term":[{"taxonomy":"post_tag","embeddable":true,"href":"https:\/\/catholiques17.fr\/sainte-soulle\/wp-json\/wp\/v2\/tags?post=8292"},{"taxonomy":"tribe_events_cat","embeddable":true,"href":"https:\/\/catholiques17.fr\/sainte-soulle\/wp-json\/wp\/v2\/tribe_events_cat?post=8292"}],"curies":[{"name":"wp","href":"https:\/\/api.w.org\/{rel}","templated":true}]}}

Pelé VTT Route de Charente Maritime 2026

<h5 style="text-align: left">L’édition 2026 du <strong>pelé VTT</strong> aura lieu du <strong>5 au 10 juillet</strong> prochain.</h5>
<p style="text-align: left">De <strong>11 à 80 ans</strong>, chacun y trouve sa place, pour pédaler ou servir, et vivre cinq jours de prière et de vie fraternelle sous le regard de la Vierge Marie.</p>
<p><a href="https://youtu.be/uK1xMHnTkw4">https://youtu.be/uK1xMHnTkw4</a></p>
<h4>Les inscriptions sont ouvertes, cliquez <strong><a href="https://www.pele-vtt.fr/login?redirect_to=https%3A%2F%2Fwww.pele-vtt.fr%2Finscription%2Fcreate%3Fevent%3D325%26road%3D43" target="_blank" rel="noopener">ici</a></strong></h4>

<p>L’édition 2026 du pelé VTT aura lieu du 5 au 10 juillet prochain. De 11 à 80 ans, chacun y trouve sa place, pour pédaler ou servir, et vivre cinq [&hellip;]</p>
