{"id":8282,"date":"2026-04-22T16:31:28","date_gmt":"2026-04-22T14:31:28","guid":{"rendered":"https:\/\/catholiques17.fr\/sainte-soulle\/?post_type=tribe_events&#038;p=8282"},"modified":"2026-04-22T16:31:28","modified_gmt":"2026-04-22T14:31:28","slug":"soiree-pour-les-vocations","status":"publish","type":"tribe_events","link":"https:\/\/catholiques17.fr\/sainte-soulle\/event\/soiree-pour-les-vocations\/","title":{"rendered":"Soir\u00e9e pour les vocations"},"content":{"rendered":"<p>Le service dioc\u00e9sain des vocations propose aux jeunes de 18 \u00e0 30 ans de vivre une soir\u00e9e \u00e0 la Rochelle<\/p>\n<p>D\u00e9tails sur l&rsquo;affiche<\/p>\n","protected":false},"excerpt":{"rendered":"<p>Le service dioc\u00e9sain des vocations propose aux jeunes de 18 \u00e0 30 ans de vivre une soir\u00e9e \u00e0 la Rochelle D\u00e9tails sur l&rsquo;affiche<\/p>\n","protected":false},"author":4,"featured_media":8283,"template":"","meta":{"_et_pb_use_builder":"","_et_pb_old_content":"","_et_gb_content_width":"","_tribe_events_status":"","_tribe_events_status_reason":"","footnotes":""},"tags":[],"tribe_events_cat":[],"class_list":["post-8282","tribe_events","type-tribe_events","status-publish","has-post-thumbnail","hentry"],"_links":{"self":[{"href":"https:\/\/catholiques17.fr\/sainte-soulle\/wp-json\/wp\/v2\/tribe_events\/8282","targetHints":{"allow":["GET"]}}],"collection":[{"href":"https:\/\/catholiques17.fr\/sainte-soulle\/wp-json\/wp\/v2\/tribe_events"}],"about":[{"href":"https:\/\/catholiques17.fr\/sainte-soulle\/wp-json\/wp\/v2\/types\/tribe_events"}],"author":[{"embeddable":true,"href":"https:\/\/catholiques17.fr\/sainte-soulle\/wp-json\/wp\/v2\/users\/4"}],"version-history":[{"count":1,"href":"https:\/\/catholiques17.fr\/sainte-soulle\/wp-json\/wp\/v2\/tribe_events\/8282\/revisions"}],"predecessor-version":[{"id":8286,"href":"https:\/\/catholiques17.fr\/sainte-soulle\/wp-json\/wp\/v2\/tribe_events\/8282\/revisions\/8286"}],"wp:featuredmedia":[{"embeddable":true,"href":"https:\/\/catholiques17.fr\/sainte-soulle\/wp-json\/wp\/v2\/media\/8283"}],"wp:attachment":[{"href":"https:\/\/catholiques17.fr\/sainte-soulle\/wp-json\/wp\/v2\/media?parent=8282"}],"wp:term":[{"taxonomy":"post_tag","embeddable":true,"href":"https:\/\/catholiques17.fr\/sainte-soulle\/wp-json\/wp\/v2\/tags?post=8282"},{"taxonomy":"tribe_events_cat","embeddable":true,"href":"https:\/\/catholiques17.fr\/sainte-soulle\/wp-json\/wp\/v2\/tribe_events_cat?post=8282"}],"curies":[{"name":"wp","href":"https:\/\/api.w.org\/{rel}","templated":true}]}}

Soirée pour les vocations

<p>Le service diocésain des vocations propose aux jeunes de 18 à 30 ans de vivre une soirée à la Rochelle</p>
<p>Détails sur l&rsquo;affiche</p>

<p>Le service diocésain des vocations propose aux jeunes de 18 à 30 ans de vivre une soirée à la Rochelle Détails sur l&rsquo;affiche</p>
