{"id":5881,"date":"2023-03-07T15:22:45","date_gmt":"2023-03-07T14:22:45","guid":{"rendered":"https:\/\/catholiques17.fr\/sainte-soulle\/?page_id=5881"},"modified":"2023-10-30T16:14:24","modified_gmt":"2023-10-30T15:14:24","slug":"montroy-2","status":"publish","type":"page","link":"https:\/\/catholiques17.fr\/sainte-soulle\/nos-eglises\/montroy-2\/","title":{"rendered":"Montroy"},"content":{"rendered":"<p>[et_pb_section fb_built=\u00a0\u00bb1&Prime; _builder_version=\u00a0\u00bb4.21.0&Prime; _module_preset=\u00a0\u00bbdefault\u00a0\u00bb custom_padding=\u00a0\u00bb3px|||||\u00a0\u00bb global_colors_info=\u00a0\u00bb{}\u00a0\u00bb theme_builder_area=\u00a0\u00bbet_body_layout\u00a0\u00bb][et_pb_row _builder_version=\u00a0\u00bb4.21.0&Prime; _module_preset=\u00a0\u00bbdefault\u00a0\u00bb custom_padding=\u00a0\u00bb4px|||||\u00a0\u00bb global_colors_info=\u00a0\u00bb{}\u00a0\u00bb theme_builder_area=\u00a0\u00bbet_body_layout\u00a0\u00bb][et_pb_column type=\u00a0\u00bb4_4&Prime; _builder_version=\u00a0\u00bb4.21.0&Prime; _module_preset=\u00a0\u00bbdefault\u00a0\u00bb global_colors_info=\u00a0\u00bb{}\u00a0\u00bb theme_builder_area=\u00a0\u00bbet_body_layout\u00a0\u00bb][et_pb_image src=\u00a0\u00bbhttps:\/\/catholiques17.fr\/sainte-soulle\/wp-content\/uploads\/sites\/14\/2023\/10\/Montroy-1.jpg\u00a0\u00bb title_text=\u00a0\u00bbMontroy\u00a0\u00bb align=\u00a0\u00bbcenter\u00a0\u00bb _builder_version=\u00a0\u00bb4.21.0&Prime; _module_preset=\u00a0\u00bbdefault\u00a0\u00bb hover_enabled=\u00a0\u00bb0&Prime; border_radii=\u00a0\u00bbon|20px|20px|20px|20px\u00a0\u00bb global_colors_info=\u00a0\u00bb{}\u00a0\u00bb theme_builder_area=\u00a0\u00bbet_body_layout\u00a0\u00bb show_in_lightbox=\u00a0\u00bbon\u00a0\u00bb sticky_enabled=\u00a0\u00bb0&Prime;][\/et_pb_image][\/et_pb_column][\/et_pb_row][et_pb_row _builder_version=\u00a0\u00bb4.21.0&Prime; _module_preset=\u00a0\u00bbdefault\u00a0\u00bb global_colors_info=\u00a0\u00bb{}\u00a0\u00bb theme_builder_area=\u00a0\u00bbet_body_layout\u00a0\u00bb][et_pb_column type=\u00a0\u00bb4_4&Prime; _builder_version=\u00a0\u00bb4.21.0&Prime; _module_preset=\u00a0\u00bbdefault\u00a0\u00bb global_colors_info=\u00a0\u00bb{}\u00a0\u00bb theme_builder_area=\u00a0\u00bbet_body_layout\u00a0\u00bb][et_pb_text _builder_version=\u00a0\u00bb4.21.0&Prime; _module_preset=\u00a0\u00bbdefault\u00a0\u00bb hover_enabled=\u00a0\u00bb0&Prime; global_colors_info=\u00a0\u00bb{}\u00a0\u00bb theme_builder_area=\u00a0\u00bbet_body_layout\u00a0\u00bb sticky_enabled=\u00a0\u00bb0&Prime;]<\/p>\n<p><span>Vers l\u2019an 1100, la terre de Montroy \u00e9tait poss\u00e9d\u00e9e par l\u2019abbaye Saint-Jean-de-Montierneuf, qui d\u00e9pendait de l\u2019ordre de Cluny, et de ce fait, l\u2019\u00e9glise Sainte Anne de Montroy \u00e9tait \u00e0 la pr\u00e9sentation de l\u2019abb\u00e9 de Cluny en 1402 et jusqu\u2019\u00e0 la R\u00e9volution de 1789.<\/span><\/p>\n<p><span>En 1379, Ma\u00eetre Simon Garnier (Garinelli) \u00e9tait recteur de cette \u00e9glise.<\/span><\/p>\n<p>En 1539, le seigneur de Montroy reconnaissait 32 boisseaux de bl\u00e9 de pension par an au cur\u00e9 de Montroy. L\u2019\u00e9glise fut ruin\u00e9e \u00e0 l\u2019\u00e9poque des Guerres de Religion, d\u2019apr\u00e8s les dires de l\u2019archipr\u00eatre faisant visite de la paroisse, le 3 mai 1610.<\/p>\n<p>En 1655, les habitants de Montroy, trop pauvres pour reconstruire leur \u00e9glise et entretenir un cur\u00e9, vont \u00e0 la messe \u00e0 bourgneuf. Mais le 13 janvier 1658, sur l\u2019ordre de l\u2019\u00e9v\u00eaque, un nouveau cur\u00e9 est nomm\u00e9 \u00e0 Montroy.<\/p>\n<p>Une \u00e9glise a \u00e9t\u00e9 enfin install\u00e9e et une cloche est baptis\u00e9e le 15 mars 1671, sous le nom de Louise. Elle sera refondue en 1712 et rebaptis\u00e9e, le 20 juin, sous le nom d\u2019Anne. Le 1er octobre 1719, sans doute \u00e0 la suite de travaux, l\u2019\u00e9glise de Montroy fut b\u00e9nite.<\/p>\n<p>Elle est reconstruite en 1787-1788, telle qu\u2019elle se pr\u00e9sente actuellement.<\/p>\n<div class=\"wpb_text_column wpb_content_element \">\n<div class=\"wpb_wrapper\">\n<p>A la R\u00e9volution fran\u00e7aise, Messire Pierre Mousnier, cur\u00e9 de Montroy, refusa de pr\u00eater le serment exig\u00e9 par la Constitution et \u00e9migra \u00e0 Burgos, en Espagne. Au d\u00e9but du XIX\u00e8me si\u00e8cle, l\u2019\u00e9glise de Montroy est rattach\u00e9e \u00e0 celle de Bourgneuf.<\/p>\n<\/div>\n<\/div>\n<div class=\"edgtf-separator-holder clearfix  edgtf-separator-center \">\n<div class=\"edgtf-separator\"><\/div>\n<\/div>\n<div class=\"wpb_text_column wpb_content_element \">\n<div class=\"wpb_wrapper\">\n<p>En 1825, une partie de l\u2019\u00e9glise s\u2019\u00e9croule. Une cloison de planches est install\u00e9e pour pr\u00e9server l\u2019autre partie. En 1834, la municipalit\u00e9 fait l\u2019effort de remplacer cette cloison par un mur. L\u2019\u00e9glise est r\u00e9par\u00e9e par la suite. La cloche est refondue en 1870 et la fa\u00e7ade est r\u00e9par\u00e9e en 1883.<\/p>\n<p><em>Sources : www.montroy.fr\/eglise-histoire-montroy<\/em><\/p>\n<\/div>\n<\/div>\n<p>[\/et_pb_text][\/et_pb_column][\/et_pb_row][\/et_pb_section]<\/p>\n","protected":false},"excerpt":{"rendered":"<p>Vers l\u2019an 1100, la terre de Montroy \u00e9tait poss\u00e9d\u00e9e par l\u2019abbaye Saint-Jean-de-Montierneuf, qui d\u00e9pendait de l\u2019ordre de Cluny, et de ce fait, l\u2019\u00e9glise Sainte Anne de Montroy \u00e9tait \u00e0 la [&hellip;]<\/p>\n","protected":false},"author":4,"featured_media":0,"parent":4840,"menu_order":0,"comment_status":"closed","ping_status":"closed","template":"","meta":{"_et_pb_use_builder":"on","_et_pb_old_content":"<!-- wp:divi\/placeholder \/-->","_et_gb_content_width":"","footnotes":""},"class_list":["post-5881","page","type-page","status-publish","hentry"],"_links":{"self":[{"href":"https:\/\/catholiques17.fr\/sainte-soulle\/wp-json\/wp\/v2\/pages\/5881","targetHints":{"allow":["GET"]}}],"collection":[{"href":"https:\/\/catholiques17.fr\/sainte-soulle\/wp-json\/wp\/v2\/pages"}],"about":[{"href":"https:\/\/catholiques17.fr\/sainte-soulle\/wp-json\/wp\/v2\/types\/page"}],"author":[{"embeddable":true,"href":"https:\/\/catholiques17.fr\/sainte-soulle\/wp-json\/wp\/v2\/users\/4"}],"replies":[{"embeddable":true,"href":"https:\/\/catholiques17.fr\/sainte-soulle\/wp-json\/wp\/v2\/comments?post=5881"}],"version-history":[{"count":3,"href":"https:\/\/catholiques17.fr\/sainte-soulle\/wp-json\/wp\/v2\/pages\/5881\/revisions"}],"predecessor-version":[{"id":6124,"href":"https:\/\/catholiques17.fr\/sainte-soulle\/wp-json\/wp\/v2\/pages\/5881\/revisions\/6124"}],"up":[{"embeddable":true,"href":"https:\/\/catholiques17.fr\/sainte-soulle\/wp-json\/wp\/v2\/pages\/4840"}],"wp:attachment":[{"href":"https:\/\/catholiques17.fr\/sainte-soulle\/wp-json\/wp\/v2\/media?parent=5881"}],"curies":[{"name":"wp","href":"https:\/\/api.w.org\/{rel}","templated":true}]}}

<p>[et_pb_section fb_built= »1&Prime; _builder_version= »4.21.0&Prime; _module_preset= »default » custom_padding= »3px||||| » global_colors_info= »{} » theme_builder_area= »et_body_layout »][et_pb_row _builder_version= »4.21.0&Prime; _module_preset= »default » custom_padding= »4px||||| » global_colors_info= »{} » theme_builder_area= »et_body_layout »][et_pb_column type= »4_4&Prime; _builder_version= »4.21.0&Prime; _module_preset= »default » global_colors_info= »{} » theme_builder_area= »et_body_layout »][et_pb_image src= »https://catholiques17.fr/sainte-soulle/wp-content/uploads/sites/14/2023/10/Montroy-1.jpg » title_text= »Montroy » align= »center » _builder_version= »4.21.0&Prime; _module_preset= »default » hover_enabled= »0&Prime; border_radii= »on|20px|20px|20px|20px » global_colors_info= »{} » theme_builder_area= »et_body_layout » show_in_lightbox= »on » sticky_enabled= »0&Prime;][/et_pb_image][/et_pb_column][/et_pb_row][et_pb_row _builder_version= »4.21.0&Prime; _module_preset= »default » global_colors_info= »{} » theme_builder_area= »et_body_layout »][et_pb_column type= »4_4&Prime; _builder_version= »4.21.0&Prime; _module_preset= »default » global_colors_info= »{} » theme_builder_area= »et_body_layout »][et_pb_text _builder_version= »4.21.0&Prime; _module_preset= »default » hover_enabled= »0&Prime; global_colors_info= »{} » theme_builder_area= »et_body_layout » sticky_enabled= »0&Prime;]</p>
<p><span>Vers l’an 1100, la terre de Montroy était possédée par l’abbaye Saint-Jean-de-Montierneuf, qui dépendait de l’ordre de Cluny, et de ce fait, l’église Sainte Anne de Montroy était à la présentation de l’abbé de Cluny en 1402 et jusqu’à la Révolution de 1789.</span></p>
<p><span>En 1379, Maître Simon Garnier (Garinelli) était recteur de cette église.</span></p>
<p>En 1539, le seigneur de Montroy reconnaissait 32 boisseaux de blé de pension par an au curé de Montroy. L’église fut ruinée à l’époque des Guerres de Religion, d’après les dires de l’archiprêtre faisant visite de la paroisse, le 3 mai 1610.</p>
<p>En 1655, les habitants de Montroy, trop pauvres pour reconstruire leur église et entretenir un curé, vont à la messe à bourgneuf. Mais le 13 janvier 1658, sur l’ordre de l’évêque, un nouveau curé est nommé à Montroy.</p>
<p>Une église a été enfin installée et une cloche est baptisée le 15 mars 1671, sous le nom de Louise. Elle sera refondue en 1712 et rebaptisée, le 20 juin, sous le nom d’Anne. Le 1er octobre 1719, sans doute à la suite de travaux, l’église de Montroy fut bénite.</p>
<p>Elle est reconstruite en 1787-1788, telle qu’elle se présente actuellement.</p>
<div class="wpb_text_column wpb_content_element ">
<div class="wpb_wrapper">
<p>A la Révolution française, Messire Pierre Mousnier, curé de Montroy, refusa de prêter le serment exigé par la Constitution et émigra à Burgos, en Espagne. Au début du XIXème siècle, l’église de Montroy est rattachée à celle de Bourgneuf.</p>
</div>
</div>
<div class="edgtf-separator-holder clearfix  edgtf-separator-center ">
<div class="edgtf-separator"></div>
</div>
<div class="wpb_text_column wpb_content_element ">
<div class="wpb_wrapper">
<p>En 1825, une partie de l’église s’écroule. Une cloison de planches est installée pour préserver l’autre partie. En 1834, la municipalité fait l’effort de remplacer cette cloison par un mur. L’église est réparée par la suite. La cloche est refondue en 1870 et la façade est réparée en 1883.</p>
<p><em>Sources : www.montroy.fr/eglise-histoire-montroy</em></p>
</div>
</div>
<p>[/et_pb_text][/et_pb_column][/et_pb_row][/et_pb_section]</p>

<p>Vers l’an 1100, la terre de Montroy était possédée par l’abbaye Saint-Jean-de-Montierneuf, qui dépendait de l’ordre de Cluny, et de ce fait, l’église Sainte Anne de Montroy était à la [&hellip;]</p>
