{"id":5879,"date":"2023-03-07T15:22:18","date_gmt":"2023-03-07T14:22:18","guid":{"rendered":"https:\/\/catholiques17.fr\/sainte-soulle\/?page_id=5879"},"modified":"2023-10-30T15:46:28","modified_gmt":"2023-10-30T14:46:28","slug":"dompierre-s-mer","status":"publish","type":"page","link":"https:\/\/catholiques17.fr\/sainte-soulle\/nos-eglises\/dompierre-s-mer\/","title":{"rendered":"Dompierre s\/mer"},"content":{"rendered":"<p>[et_pb_section fb_built=\u00a0\u00bb1&Prime; _builder_version=\u00a0\u00bb4.21.0&Prime; _module_preset=\u00a0\u00bbdefault\u00a0\u00bb custom_padding=\u00a0\u00bb3px|||||\u00a0\u00bb global_colors_info=\u00a0\u00bb{}\u00a0\u00bb theme_builder_area=\u00a0\u00bbpost_content\u00a0\u00bb][et_pb_row _builder_version=\u00a0\u00bb4.21.0&Prime; _module_preset=\u00a0\u00bbdefault\u00a0\u00bb custom_padding=\u00a0\u00bb4px|||||\u00a0\u00bb global_colors_info=\u00a0\u00bb{}\u00a0\u00bb theme_builder_area=\u00a0\u00bbpost_content\u00a0\u00bb][et_pb_column type=\u00a0\u00bb4_4&Prime; _builder_version=\u00a0\u00bb4.21.0&Prime; _module_preset=\u00a0\u00bbdefault\u00a0\u00bb global_colors_info=\u00a0\u00bb{}\u00a0\u00bb theme_builder_area=\u00a0\u00bbpost_content\u00a0\u00bb][et_pb_image src=\u00a0\u00bbhttps:\/\/catholiques17.fr\/sainte-soulle\/wp-content\/uploads\/sites\/14\/2023\/10\/Dompierre1.jpg\u00a0\u00bb title_text=\u00a0\u00bbDompierre1&Prime; align=\u00a0\u00bbcenter\u00a0\u00bb _builder_version=\u00a0\u00bb4.21.0&Prime; _module_preset=\u00a0\u00bbdefault\u00a0\u00bb animation_style=\u00a0\u00bbslide\u00a0\u00bb border_radii=\u00a0\u00bbon|20px|20px|20px|20px\u00a0\u00bb global_colors_info=\u00a0\u00bb{}\u00a0\u00bb theme_builder_area=\u00a0\u00bbpost_content\u00a0\u00bb][\/et_pb_image][\/et_pb_column][\/et_pb_row][et_pb_row _builder_version=\u00a0\u00bb4.21.0&Prime; _module_preset=\u00a0\u00bbdefault\u00a0\u00bb global_colors_info=\u00a0\u00bb{}\u00a0\u00bb theme_builder_area=\u00a0\u00bbpost_content\u00a0\u00bb][et_pb_column type=\u00a0\u00bb4_4&Prime; _builder_version=\u00a0\u00bb4.21.0&Prime; _module_preset=\u00a0\u00bbdefault\u00a0\u00bb global_colors_info=\u00a0\u00bb{}\u00a0\u00bb theme_builder_area=\u00a0\u00bbpost_content\u00a0\u00bb][et_pb_text _builder_version=\u00a0\u00bb4.21.0&Prime; _module_preset=\u00a0\u00bbdefault\u00a0\u00bb hover_enabled=\u00a0\u00bb0&Prime; global_colors_info=\u00a0\u00bb{}\u00a0\u00bb theme_builder_area=\u00a0\u00bbpost_content\u00a0\u00bb sticky_enabled=\u00a0\u00bb0&Prime;]<\/p>\n<p><span>A l&rsquo;origine, au XI\u00e8me si\u00e8cle, l&rsquo;\u00e9glise Saint-Pierre aux liens de Dompierre d\u00e9pendait de l&rsquo;Abbaye de\u00a0Maillezais en Vend\u00e9e. Situ\u00e9e \u00e0 l&rsquo;extr\u00e9mit\u00e9 du Bourg, elle a souvent \u00e9t\u00e9 remani\u00e9e au cours des si\u00e8cles pass\u00e9s.\u00a0<\/span><\/p>\n<p class=\"rtejustify\">Pendant la p\u00e9riode des guerres de religion, l\u2019\u00e9glise de Dompierre demeura longtemps en ruines. Elle ne\u00a0put \u00eatre d\u00e9finitivement relev\u00e9e, qu\u2019apr\u00e8s la prise de La Rochelle en 1628.<\/p>\n<p class=\"rtejustify\">Une \u00e9glise r\u00e9form\u00e9e avait \u00e9t\u00e9 cr\u00e9\u00e9e \u00e0 Dompierre post\u00e9rieurement \u00e0 l\u2019Edit de Nantes ; elle comptait alors 100 protestants et fut supprim\u00e9e en 1663.<\/p>\n<p class=\"rtejustify\">En 2012, un couple d&rsquo;am\u00e9ricains, dont l&rsquo;\u00e9pouse \u00e9tait originaire de Dompierre (Marcelle Juliette\u00a0Cluzeau) a effectu\u00e9 un don important \u00e0 la paroisse de Saint-Vincent de Paul en Aunis, pr\u00e9vu pour un\u00a0usage en l&rsquo;\u00e9glise de Dompierre. A l&rsquo;\u00e9poque, le conseil \u00e9conomique paroissial avait propos\u00e9 au Conseil Municipal de Dompierre sur Mer de restaurer les vitraux de l&rsquo;\u00e9glise en se partageant par moiti\u00e9 les\u00a0d\u00e9penses. Cela avait \u00e9t\u00e9 accept\u00e9 auparavant pour la restauration du chauffage et la peinture int\u00e9rieure\u00a0de l&rsquo;\u00e9glise. \u00a0Ainsi, trois vitraux ont \u00e9t\u00e9 restaur\u00e9s en 2014 et un en 2015 pour une somme totale de 20 768 \u20ac, partag\u00e9e entre la paroisse et la commune. Il reste le vitrail de \u00ab la mort de Joseph \u00bb (vitrail\u00a0peint) puis les deux vitraux g\u00e9om\u00e9triques et les deux vitraux du choeur.<\/p>\n<p class=\"rtejustify\">Sous l&rsquo;\u00e9gide de la Fondation\u00a0du Patrimoine, la Municipalit\u00e9 de Dompierre a souhait\u00e9 associer les Dompierrois \u00e0 la poursuite des\u00a0travaux de restauration du patrimoine communal, par le lancement d&rsquo;une souscription publique pour 4 ann\u00e9es (2016-2019). Celle-ci a fait l&rsquo;objet, en septembre 2015, d&rsquo;une convention \u00e9tablie entre les deux parties, puis soumise au\u00a0vote du Conseil Municipal du 29 septembre 2015, qui l&rsquo;a adopt\u00e9e \u00e0 l&rsquo;unanimit\u00e9. Cette convention stipule la r\u00e9fection d&rsquo;un vitrail par an.<\/p>\n<p class=\"rtejustify\"><strong>Deux vitraux ont \u00e9t\u00e9 restaur\u00e9s (en 2016 et 2017)<\/strong>. Les<span>\u00a0<\/span><strong>dons<\/strong><span>\u00a0<\/span>des particuliers et la subvention de la Fondation du Patrimoine ont\u00a0permis de recueillir\u00a0environ<span>\u00a0<\/span><strong>70%<span>\u00a0<\/span><\/strong>du montant de la premi\u00e8re r\u00e9fection et<span>\u00a0<\/span><strong>100%<\/strong><span>\u00a0<\/span>pour la seconde.\u00a0<\/p>\n<p class=\"rtejustify\">En\u00a0<strong>2018 et 2019<\/strong>, ce sont les<span>\u00a0<\/span><strong>vitraux g\u00e9om\u00e9triques<\/strong><span>\u00a0<\/span>rue G\u00e9n\u00e9ral de Gaulle qui ont \u00e9t\u00e9<span>\u00a0<\/span><strong>concern\u00e9s par la r\u00e9novation<\/strong>.<\/p>\n<p class=\"rtejustify\"><em>Sources : https:\/\/www.dompierresurmer.fr\/patrimoine-bati<\/em><\/p>\n<p>[\/et_pb_text][\/et_pb_column][\/et_pb_row][\/et_pb_section]<\/p>\n","protected":false},"excerpt":{"rendered":"<p>A l&rsquo;origine, au XI\u00e8me si\u00e8cle, l&rsquo;\u00e9glise Saint-Pierre aux liens de Dompierre d\u00e9pendait de l&rsquo;Abbaye de\u00a0Maillezais en Vend\u00e9e. Situ\u00e9e \u00e0 l&rsquo;extr\u00e9mit\u00e9 du Bourg, elle a souvent \u00e9t\u00e9 remani\u00e9e au cours des [&hellip;]<\/p>\n","protected":false},"author":4,"featured_media":0,"parent":4840,"menu_order":0,"comment_status":"closed","ping_status":"closed","template":"","meta":{"_et_pb_use_builder":"on","_et_pb_old_content":"<!-- wp:divi\/placeholder \/-->","_et_gb_content_width":"","footnotes":""},"class_list":["post-5879","page","type-page","status-publish","hentry"],"_links":{"self":[{"href":"https:\/\/catholiques17.fr\/sainte-soulle\/wp-json\/wp\/v2\/pages\/5879","targetHints":{"allow":["GET"]}}],"collection":[{"href":"https:\/\/catholiques17.fr\/sainte-soulle\/wp-json\/wp\/v2\/pages"}],"about":[{"href":"https:\/\/catholiques17.fr\/sainte-soulle\/wp-json\/wp\/v2\/types\/page"}],"author":[{"embeddable":true,"href":"https:\/\/catholiques17.fr\/sainte-soulle\/wp-json\/wp\/v2\/users\/4"}],"replies":[{"embeddable":true,"href":"https:\/\/catholiques17.fr\/sainte-soulle\/wp-json\/wp\/v2\/comments?post=5879"}],"version-history":[{"count":4,"href":"https:\/\/catholiques17.fr\/sainte-soulle\/wp-json\/wp\/v2\/pages\/5879\/revisions"}],"predecessor-version":[{"id":6101,"href":"https:\/\/catholiques17.fr\/sainte-soulle\/wp-json\/wp\/v2\/pages\/5879\/revisions\/6101"}],"up":[{"embeddable":true,"href":"https:\/\/catholiques17.fr\/sainte-soulle\/wp-json\/wp\/v2\/pages\/4840"}],"wp:attachment":[{"href":"https:\/\/catholiques17.fr\/sainte-soulle\/wp-json\/wp\/v2\/media?parent=5879"}],"curies":[{"name":"wp","href":"https:\/\/api.w.org\/{rel}","templated":true}]}}

<p>[et_pb_section fb_built= »1&Prime; _builder_version= »4.21.0&Prime; _module_preset= »default » custom_padding= »3px||||| » global_colors_info= »{} » theme_builder_area= »post_content »][et_pb_row _builder_version= »4.21.0&Prime; _module_preset= »default » custom_padding= »4px||||| » global_colors_info= »{} » theme_builder_area= »post_content »][et_pb_column type= »4_4&Prime; _builder_version= »4.21.0&Prime; _module_preset= »default » global_colors_info= »{} » theme_builder_area= »post_content »][et_pb_image src= »https://catholiques17.fr/sainte-soulle/wp-content/uploads/sites/14/2023/10/Dompierre1.jpg » title_text= »Dompierre1&Prime; align= »center » _builder_version= »4.21.0&Prime; _module_preset= »default » animation_style= »slide » border_radii= »on|20px|20px|20px|20px » global_colors_info= »{} » theme_builder_area= »post_content »][/et_pb_image][/et_pb_column][/et_pb_row][et_pb_row _builder_version= »4.21.0&Prime; _module_preset= »default » global_colors_info= »{} » theme_builder_area= »post_content »][et_pb_column type= »4_4&Prime; _builder_version= »4.21.0&Prime; _module_preset= »default » global_colors_info= »{} » theme_builder_area= »post_content »][et_pb_text _builder_version= »4.21.0&Prime; _module_preset= »default » hover_enabled= »0&Prime; global_colors_info= »{} » theme_builder_area= »post_content » sticky_enabled= »0&Prime;]</p>
<p><span>A l&rsquo;origine, au XIème siècle, l&rsquo;église Saint-Pierre aux liens de Dompierre dépendait de l&rsquo;Abbaye de Maillezais en Vendée. Située à l&rsquo;extrémité du Bourg, elle a souvent été remaniée au cours des siècles passés. </span></p>
<p class="rtejustify">Pendant la période des guerres de religion, l’église de Dompierre demeura longtemps en ruines. Elle ne put être définitivement relevée, qu’après la prise de La Rochelle en 1628.</p>
<p class="rtejustify">Une église réformée avait été créée à Dompierre postérieurement à l’Edit de Nantes ; elle comptait alors 100 protestants et fut supprimée en 1663.</p>
<p class="rtejustify">En 2012, un couple d&rsquo;américains, dont l&rsquo;épouse était originaire de Dompierre (Marcelle Juliette Cluzeau) a effectué un don important à la paroisse de Saint-Vincent de Paul en Aunis, prévu pour un usage en l&rsquo;église de Dompierre. A l&rsquo;époque, le conseil économique paroissial avait proposé au Conseil Municipal de Dompierre sur Mer de restaurer les vitraux de l&rsquo;église en se partageant par moitié les dépenses. Cela avait été accepté auparavant pour la restauration du chauffage et la peinture intérieure de l&rsquo;église.  Ainsi, trois vitraux ont été restaurés en 2014 et un en 2015 pour une somme totale de 20 768 €, partagée entre la paroisse et la commune. Il reste le vitrail de « la mort de Joseph » (vitrail peint) puis les deux vitraux géométriques et les deux vitraux du choeur.</p>
<p class="rtejustify">Sous l&rsquo;égide de la Fondation du Patrimoine, la Municipalité de Dompierre a souhaité associer les Dompierrois à la poursuite des travaux de restauration du patrimoine communal, par le lancement d&rsquo;une souscription publique pour 4 années (2016-2019). Celle-ci a fait l&rsquo;objet, en septembre 2015, d&rsquo;une convention établie entre les deux parties, puis soumise au vote du Conseil Municipal du 29 septembre 2015, qui l&rsquo;a adoptée à l&rsquo;unanimité. Cette convention stipule la réfection d&rsquo;un vitrail par an.</p>
<p class="rtejustify"><strong>Deux vitraux ont été restaurés (en 2016 et 2017)</strong>. Les<span> </span><strong>dons</strong><span> </span>des particuliers et la subvention de la Fondation du Patrimoine ont permis de recueillir environ<span> </span><strong>70%<span> </span></strong>du montant de la première réfection et<span> </span><strong>100%</strong><span> </span>pour la seconde. </p>
<p class="rtejustify">En <strong>2018 et 2019</strong>, ce sont les<span> </span><strong>vitraux géométriques</strong><span> </span>rue Général de Gaulle qui ont été<span> </span><strong>concernés par la rénovation</strong>.</p>
<p class="rtejustify"><em>Sources : https://www.dompierresurmer.fr/patrimoine-bati</em></p>
<p>[/et_pb_text][/et_pb_column][/et_pb_row][/et_pb_section]</p>

<p>A l&rsquo;origine, au XIème siècle, l&rsquo;église Saint-Pierre aux liens de Dompierre dépendait de l&rsquo;Abbaye de Maillezais en Vendée. Située à l&rsquo;extrémité du Bourg, elle a souvent été remaniée au cours des [&hellip;]</p>
