{"id":5877,"date":"2023-03-07T15:21:56","date_gmt":"2023-03-07T14:21:56","guid":{"rendered":"https:\/\/catholiques17.fr\/sainte-soulle\/?page_id=5877"},"modified":"2023-10-30T15:38:18","modified_gmt":"2023-10-30T14:38:18","slug":"bourgneuf-2","status":"publish","type":"page","link":"https:\/\/catholiques17.fr\/sainte-soulle\/nos-eglises\/bourgneuf-2\/","title":{"rendered":"Bourgneuf"},"content":{"rendered":"<p>[et_pb_section fb_built=\u00a0\u00bb1&Prime; _builder_version=\u00a0\u00bb4.21.0&Prime; _module_preset=\u00a0\u00bbdefault\u00a0\u00bb custom_padding=\u00a0\u00bb3px|||||\u00a0\u00bb global_colors_info=\u00a0\u00bb{}\u00a0\u00bb theme_builder_area=\u00a0\u00bbet_body_layout\u00a0\u00bb][et_pb_row _builder_version=\u00a0\u00bb4.21.0&Prime; _module_preset=\u00a0\u00bbdefault\u00a0\u00bb custom_padding=\u00a0\u00bb4px|||||\u00a0\u00bb global_colors_info=\u00a0\u00bb{}\u00a0\u00bb theme_builder_area=\u00a0\u00bbet_body_layout\u00a0\u00bb][et_pb_column type=\u00a0\u00bb4_4&Prime; _builder_version=\u00a0\u00bb4.21.0&Prime; _module_preset=\u00a0\u00bbdefault\u00a0\u00bb global_colors_info=\u00a0\u00bb{}\u00a0\u00bb theme_builder_area=\u00a0\u00bbet_body_layout\u00a0\u00bb][et_pb_image src=\u00a0\u00bbhttps:\/\/catholiques17.fr\/sainte-soulle\/wp-content\/uploads\/sites\/14\/2023\/10\/Bourgneuf1.jpg\u00a0\u00bb title_text=\u00a0\u00bbBourgneuf1&Prime; align=\u00a0\u00bbcenter\u00a0\u00bb _builder_version=\u00a0\u00bb4.21.0&Prime; _module_preset=\u00a0\u00bbdefault\u00a0\u00bb hover_enabled=\u00a0\u00bb0&Prime; border_radii=\u00a0\u00bbon|20px|20px|20px|20px\u00a0\u00bb global_colors_info=\u00a0\u00bb{}\u00a0\u00bb theme_builder_area=\u00a0\u00bbet_body_layout\u00a0\u00bb sticky_enabled=\u00a0\u00bb0&Prime;][\/et_pb_image][\/et_pb_column][\/et_pb_row][et_pb_row _builder_version=\u00a0\u00bb4.21.0&Prime; _module_preset=\u00a0\u00bbdefault\u00a0\u00bb global_colors_info=\u00a0\u00bb{}\u00a0\u00bb theme_builder_area=\u00a0\u00bbet_body_layout\u00a0\u00bb][et_pb_column type=\u00a0\u00bb4_4&Prime; _builder_version=\u00a0\u00bb4.21.0&Prime; _module_preset=\u00a0\u00bbdefault\u00a0\u00bb global_colors_info=\u00a0\u00bb{}\u00a0\u00bb theme_builder_area=\u00a0\u00bbet_body_layout\u00a0\u00bb][et_pb_text _builder_version=\u00a0\u00bb4.21.0&Prime; _module_preset=\u00a0\u00bbdefault\u00a0\u00bb hover_enabled=\u00a0\u00bb0&Prime; global_colors_info=\u00a0\u00bb{}\u00a0\u00bb theme_builder_area=\u00a0\u00bbet_body_layout\u00a0\u00bb sticky_enabled=\u00a0\u00bb0&Prime;]<\/p>\n<p><span>Construite au XIII\u00e8me si\u00e8cle par les Templiers, l\u2019\u00e9glise Sainte Catherine est tr\u00e8s endommag\u00e9e par la guerre de Cent Ans. Ne subsiste de cette p\u00e9riode que des chapiteaux \u00e0 feuillages ayant conserv\u00e9 une partie de leurs pigments d\u2019origine. Au cours du XIX\u00e8me si\u00e8cle elle doit \u00e0 nouveau subir de nombreuses r\u00e9parations (to\u00eet endommag\u00e9, cloche et campanile cass\u00e9s\u2026). En 1900 l\u2019abb\u00e9 Chasteau finance la construction du clocher visible de nos jours, la fonte des trois cloches et la fabrication d\u2019un vitrail. L\u2019int\u00e9rieur r\u00e9v\u00e8le quelques surprises : un tableau class\u00e9 de Brossard de Beaulieu repr\u00e9sentant le martyr de Sainte-Catherine de Sienne (1776), un tableau de Sainte-Madeleine pr\u00eat\u00e9 par le Minist\u00e8re de la Culture, un autel en bois class\u00e9 et un chemin de croix r\u00e9alis\u00e9 en 1965 par le sculpteur \u00c9douard Desbiolles.<\/span><\/p>\n<p><span><\/span><\/p>\n<p><em>Sources : https:\/\/www.bourgneuf.fr\/historique<\/em><\/p>\n<p>[\/et_pb_text][\/et_pb_column][\/et_pb_row][et_pb_row column_structure=\u00a0\u00bb1_3,1_3,1_3&Prime; _builder_version=\u00a0\u00bb4.21.0&Prime; _module_preset=\u00a0\u00bbdefault\u00a0\u00bb global_colors_info=\u00a0\u00bb{}\u00a0\u00bb theme_builder_area=\u00a0\u00bbet_body_layout\u00a0\u00bb][et_pb_column type=\u00a0\u00bb1_3&Prime; _builder_version=\u00a0\u00bb4.21.0&Prime; _module_preset=\u00a0\u00bbdefault\u00a0\u00bb global_colors_info=\u00a0\u00bb{}\u00a0\u00bb theme_builder_area=\u00a0\u00bbet_body_layout\u00a0\u00bb][et_pb_image src=\u00a0\u00bbhttps:\/\/catholiques17.fr\/sainte-soulle\/wp-content\/uploads\/sites\/14\/2023\/10\/Bourgneuf2.jpg\u00a0\u00bb title_text=\u00a0\u00bbBourgneuf2&Prime; show_in_lightbox=\u00a0\u00bbon\u00a0\u00bb _builder_version=\u00a0\u00bb4.21.0&Prime; _dynamic_attributes=\u00a0\u00bburl\u00a0\u00bb _module_preset=\u00a0\u00bbdefault\u00a0\u00bb animation_style=\u00a0\u00bbslide\u00a0\u00bb hover_enabled=\u00a0\u00bb0&Prime; global_colors_info=\u00a0\u00bb{}\u00a0\u00bb theme_builder_area=\u00a0\u00bbet_body_layout\u00a0\u00bb sticky_enabled=\u00a0\u00bb0&Prime;][\/et_pb_image][\/et_pb_column][et_pb_column type=\u00a0\u00bb1_3&Prime; _builder_version=\u00a0\u00bb4.21.0&Prime; _module_preset=\u00a0\u00bbdefault\u00a0\u00bb global_colors_info=\u00a0\u00bb{}\u00a0\u00bb theme_builder_area=\u00a0\u00bbet_body_layout\u00a0\u00bb][et_pb_image src=\u00a0\u00bbhttps:\/\/catholiques17.fr\/sainte-soulle\/wp-content\/uploads\/sites\/14\/2023\/10\/Bourgneuf3.jpg\u00a0\u00bb title_text=\u00a0\u00bbBourgneuf3&Prime; show_in_lightbox=\u00a0\u00bbon\u00a0\u00bb _builder_version=\u00a0\u00bb4.21.0&Prime; _dynamic_attributes=\u00a0\u00bburl\u00a0\u00bb _module_preset=\u00a0\u00bbdefault\u00a0\u00bb animation_style=\u00a0\u00bbslide\u00a0\u00bb hover_enabled=\u00a0\u00bb0&Prime; global_colors_info=\u00a0\u00bb{}\u00a0\u00bb theme_builder_area=\u00a0\u00bbet_body_layout\u00a0\u00bb sticky_enabled=\u00a0\u00bb0&Prime;][\/et_pb_image][\/et_pb_column][et_pb_column type=\u00a0\u00bb1_3&Prime; _builder_version=\u00a0\u00bb4.21.0&Prime; _module_preset=\u00a0\u00bbdefault\u00a0\u00bb global_colors_info=\u00a0\u00bb{}\u00a0\u00bb theme_builder_area=\u00a0\u00bbet_body_layout\u00a0\u00bb][et_pb_image src=\u00a0\u00bbhttps:\/\/catholiques17.fr\/sainte-soulle\/wp-content\/uploads\/sites\/14\/2023\/10\/Bourgneuf4.jpg\u00a0\u00bb title_text=\u00a0\u00bbBourgneuf4&Prime; show_in_lightbox=\u00a0\u00bbon\u00a0\u00bb _builder_version=\u00a0\u00bb4.21.0&Prime; _dynamic_attributes=\u00a0\u00bburl\u00a0\u00bb _module_preset=\u00a0\u00bbdefault\u00a0\u00bb animation_style=\u00a0\u00bbslide\u00a0\u00bb hover_enabled=\u00a0\u00bb0&Prime; global_colors_info=\u00a0\u00bb{}\u00a0\u00bb theme_builder_area=\u00a0\u00bbet_body_layout\u00a0\u00bb sticky_enabled=\u00a0\u00bb0&Prime;][\/et_pb_image][\/et_pb_column][\/et_pb_row][et_pb_row _builder_version=\u00a0\u00bb4.21.0&Prime; _module_preset=\u00a0\u00bbdefault\u00a0\u00bb theme_builder_area=\u00a0\u00bbet_body_layout\u00a0\u00bb column_structure=\u00a0\u00bb1_2,1_2&Prime;][et_pb_column _builder_version=\u00a0\u00bb4.21.0&Prime; _module_preset=\u00a0\u00bbdefault\u00a0\u00bb type=\u00a0\u00bb1_2&Prime; theme_builder_area=\u00a0\u00bbet_body_layout\u00a0\u00bb][et_pb_image src=\u00a0\u00bbhttps:\/\/catholiques17.fr\/sainte-soulle\/wp-content\/uploads\/sites\/14\/2023\/10\/Bourgneuf5.jpg\u00a0\u00bb _builder_version=\u00a0\u00bb4.21.0&Prime; _module_preset=\u00a0\u00bbdefault\u00a0\u00bb theme_builder_area=\u00a0\u00bbet_body_layout\u00a0\u00bb title_text=\u00a0\u00bbBourgneuf5&Prime; show_in_lightbox=\u00a0\u00bbon\u00a0\u00bb hover_enabled=\u00a0\u00bb0&Prime; sticky_enabled=\u00a0\u00bb0&Prime; align=\u00a0\u00bbcenter\u00a0\u00bb][\/et_pb_image][\/et_pb_column][et_pb_column _builder_version=\u00a0\u00bb4.21.0&Prime; _module_preset=\u00a0\u00bbdefault\u00a0\u00bb type=\u00a0\u00bb1_2&Prime; theme_builder_area=\u00a0\u00bbet_body_layout\u00a0\u00bb][et_pb_image src=\u00a0\u00bbhttps:\/\/catholiques17.fr\/sainte-soulle\/wp-content\/uploads\/sites\/14\/2023\/10\/Bourgneuf6.jpg\u00a0\u00bb _builder_version=\u00a0\u00bb4.21.0&Prime; _module_preset=\u00a0\u00bbdefault\u00a0\u00bb theme_builder_area=\u00a0\u00bbet_body_layout\u00a0\u00bb title_text=\u00a0\u00bbBourgneuf6&Prime; align=\u00a0\u00bbcenter\u00a0\u00bb hover_enabled=\u00a0\u00bb0&Prime; sticky_enabled=\u00a0\u00bb0&Prime; show_in_lightbox=\u00a0\u00bbon\u00a0\u00bb][\/et_pb_image][\/et_pb_column][\/et_pb_row][\/et_pb_section]<\/p>\n","protected":false},"excerpt":{"rendered":"<p>Construite au XIII\u00e8me si\u00e8cle par les Templiers, l\u2019\u00e9glise Sainte Catherine est tr\u00e8s endommag\u00e9e par la guerre de Cent Ans. Ne subsiste de cette p\u00e9riode que des chapiteaux \u00e0 feuillages ayant [&hellip;]<\/p>\n","protected":false},"author":4,"featured_media":0,"parent":4840,"menu_order":0,"comment_status":"closed","ping_status":"closed","template":"","meta":{"_et_pb_use_builder":"on","_et_pb_old_content":"<!-- wp:divi\/placeholder \/-->","_et_gb_content_width":"","footnotes":""},"class_list":["post-5877","page","type-page","status-publish","hentry"],"_links":{"self":[{"href":"https:\/\/catholiques17.fr\/sainte-soulle\/wp-json\/wp\/v2\/pages\/5877","targetHints":{"allow":["GET"]}}],"collection":[{"href":"https:\/\/catholiques17.fr\/sainte-soulle\/wp-json\/wp\/v2\/pages"}],"about":[{"href":"https:\/\/catholiques17.fr\/sainte-soulle\/wp-json\/wp\/v2\/types\/page"}],"author":[{"embeddable":true,"href":"https:\/\/catholiques17.fr\/sainte-soulle\/wp-json\/wp\/v2\/users\/4"}],"replies":[{"embeddable":true,"href":"https:\/\/catholiques17.fr\/sainte-soulle\/wp-json\/wp\/v2\/comments?post=5877"}],"version-history":[{"count":3,"href":"https:\/\/catholiques17.fr\/sainte-soulle\/wp-json\/wp\/v2\/pages\/5877\/revisions"}],"predecessor-version":[{"id":6096,"href":"https:\/\/catholiques17.fr\/sainte-soulle\/wp-json\/wp\/v2\/pages\/5877\/revisions\/6096"}],"up":[{"embeddable":true,"href":"https:\/\/catholiques17.fr\/sainte-soulle\/wp-json\/wp\/v2\/pages\/4840"}],"wp:attachment":[{"href":"https:\/\/catholiques17.fr\/sainte-soulle\/wp-json\/wp\/v2\/media?parent=5877"}],"curies":[{"name":"wp","href":"https:\/\/api.w.org\/{rel}","templated":true}]}}

<p>[et_pb_section fb_built= »1&Prime; _builder_version= »4.21.0&Prime; _module_preset= »default » custom_padding= »3px||||| » global_colors_info= »{} » theme_builder_area= »et_body_layout »][et_pb_row _builder_version= »4.21.0&Prime; _module_preset= »default » custom_padding= »4px||||| » global_colors_info= »{} » theme_builder_area= »et_body_layout »][et_pb_column type= »4_4&Prime; _builder_version= »4.21.0&Prime; _module_preset= »default » global_colors_info= »{} » theme_builder_area= »et_body_layout »][et_pb_image src= »https://catholiques17.fr/sainte-soulle/wp-content/uploads/sites/14/2023/10/Bourgneuf1.jpg » title_text= »Bourgneuf1&Prime; align= »center » _builder_version= »4.21.0&Prime; _module_preset= »default » hover_enabled= »0&Prime; border_radii= »on|20px|20px|20px|20px » global_colors_info= »{} » theme_builder_area= »et_body_layout » sticky_enabled= »0&Prime;][/et_pb_image][/et_pb_column][/et_pb_row][et_pb_row _builder_version= »4.21.0&Prime; _module_preset= »default » global_colors_info= »{} » theme_builder_area= »et_body_layout »][et_pb_column type= »4_4&Prime; _builder_version= »4.21.0&Prime; _module_preset= »default » global_colors_info= »{} » theme_builder_area= »et_body_layout »][et_pb_text _builder_version= »4.21.0&Prime; _module_preset= »default » hover_enabled= »0&Prime; global_colors_info= »{} » theme_builder_area= »et_body_layout » sticky_enabled= »0&Prime;]</p>
<p><span>Construite au XIIIème siècle par les Templiers, l’église Sainte Catherine est très endommagée par la guerre de Cent Ans. Ne subsiste de cette période que des chapiteaux à feuillages ayant conservé une partie de leurs pigments d’origine. Au cours du XIXème siècle elle doit à nouveau subir de nombreuses réparations (toît endommagé, cloche et campanile cassés…). En 1900 l’abbé Chasteau finance la construction du clocher visible de nos jours, la fonte des trois cloches et la fabrication d’un vitrail. L’intérieur révèle quelques surprises : un tableau classé de Brossard de Beaulieu représentant le martyr de Sainte-Catherine de Sienne (1776), un tableau de Sainte-Madeleine prêté par le Ministère de la Culture, un autel en bois classé et un chemin de croix réalisé en 1965 par le sculpteur Édouard Desbiolles.</span></p>
<p><span></span></p>
<p><em>Sources : https://www.bourgneuf.fr/historique</em></p>
<p>[/et_pb_text][/et_pb_column][/et_pb_row][et_pb_row column_structure= »1_3,1_3,1_3&Prime; _builder_version= »4.21.0&Prime; _module_preset= »default » global_colors_info= »{} » theme_builder_area= »et_body_layout »][et_pb_column type= »1_3&Prime; _builder_version= »4.21.0&Prime; _module_preset= »default » global_colors_info= »{} » theme_builder_area= »et_body_layout »][et_pb_image src= »https://catholiques17.fr/sainte-soulle/wp-content/uploads/sites/14/2023/10/Bourgneuf2.jpg » title_text= »Bourgneuf2&Prime; show_in_lightbox= »on » _builder_version= »4.21.0&Prime; _dynamic_attributes= »url » _module_preset= »default » animation_style= »slide » hover_enabled= »0&Prime; global_colors_info= »{} » theme_builder_area= »et_body_layout » sticky_enabled= »0&Prime;][/et_pb_image][/et_pb_column][et_pb_column type= »1_3&Prime; _builder_version= »4.21.0&Prime; _module_preset= »default » global_colors_info= »{} » theme_builder_area= »et_body_layout »][et_pb_image src= »https://catholiques17.fr/sainte-soulle/wp-content/uploads/sites/14/2023/10/Bourgneuf3.jpg » title_text= »Bourgneuf3&Prime; show_in_lightbox= »on » _builder_version= »4.21.0&Prime; _dynamic_attributes= »url » _module_preset= »default » animation_style= »slide » hover_enabled= »0&Prime; global_colors_info= »{} » theme_builder_area= »et_body_layout » sticky_enabled= »0&Prime;][/et_pb_image][/et_pb_column][et_pb_column type= »1_3&Prime; _builder_version= »4.21.0&Prime; _module_preset= »default » global_colors_info= »{} » theme_builder_area= »et_body_layout »][et_pb_image src= »https://catholiques17.fr/sainte-soulle/wp-content/uploads/sites/14/2023/10/Bourgneuf4.jpg » title_text= »Bourgneuf4&Prime; show_in_lightbox= »on » _builder_version= »4.21.0&Prime; _dynamic_attributes= »url » _module_preset= »default » animation_style= »slide » hover_enabled= »0&Prime; global_colors_info= »{} » theme_builder_area= »et_body_layout » sticky_enabled= »0&Prime;][/et_pb_image][/et_pb_column][/et_pb_row][et_pb_row _builder_version= »4.21.0&Prime; _module_preset= »default » theme_builder_area= »et_body_layout » column_structure= »1_2,1_2&Prime;][et_pb_column _builder_version= »4.21.0&Prime; _module_preset= »default » type= »1_2&Prime; theme_builder_area= »et_body_layout »][et_pb_image src= »https://catholiques17.fr/sainte-soulle/wp-content/uploads/sites/14/2023/10/Bourgneuf5.jpg » _builder_version= »4.21.0&Prime; _module_preset= »default » theme_builder_area= »et_body_layout » title_text= »Bourgneuf5&Prime; show_in_lightbox= »on » hover_enabled= »0&Prime; sticky_enabled= »0&Prime; align= »center »][/et_pb_image][/et_pb_column][et_pb_column _builder_version= »4.21.0&Prime; _module_preset= »default » type= »1_2&Prime; theme_builder_area= »et_body_layout »][et_pb_image src= »https://catholiques17.fr/sainte-soulle/wp-content/uploads/sites/14/2023/10/Bourgneuf6.jpg » _builder_version= »4.21.0&Prime; _module_preset= »default » theme_builder_area= »et_body_layout » title_text= »Bourgneuf6&Prime; align= »center » hover_enabled= »0&Prime; sticky_enabled= »0&Prime; show_in_lightbox= »on »][/et_pb_image][/et_pb_column][/et_pb_row][/et_pb_section]</p>

<p>Construite au XIIIème siècle par les Templiers, l’église Sainte Catherine est très endommagée par la guerre de Cent Ans. Ne subsiste de cette période que des chapiteaux à feuillages ayant [&hellip;]</p>
