{"id":4725,"date":"2021-03-23T15:48:51","date_gmt":"2021-03-23T14:48:51","guid":{"rendered":"https:\/\/catholiques17.fr\/saint-bernard\/?page_id=4725"},"modified":"2024-10-14T12:12:09","modified_gmt":"2024-10-14T10:12:09","slug":"mcr","status":"publish","type":"page","link":"https:\/\/catholiques17.fr\/saintbernardenaunis\/services\/mcr\/","title":{"rendered":"MCR"},"content":{"rendered":"[et_pb_section fb_built=\u00a0\u00bb1&Prime; admin_label=\u00a0\u00bbsection\u00a0\u00bb _builder_version=\u00a0\u00bb4.16&Prime; global_colors_info=\u00a0\u00bb{}\u00a0\u00bb theme_builder_area=\u00a0\u00bbpost_content\u00a0\u00bb custom_padding=\u00a0\u00bb8px||12px|||\u00a0\u00bb][et_pb_row _builder_version=\u00a0\u00bb4.21.0&Prime; _module_preset=\u00a0\u00bbdefault\u00a0\u00bb theme_builder_area=\u00a0\u00bbpost_content\u00a0\u00bb][et_pb_column _builder_version=\u00a0\u00bb4.21.0&Prime; _module_preset=\u00a0\u00bbdefault\u00a0\u00bb type=\u00a0\u00bb4_4&Prime; theme_builder_area=\u00a0\u00bbpost_content\u00a0\u00bb][et_pb_image src=\u00a0\u00bbhttps:\/\/catholiques17.fr\/saintbernardenaunis\/wp-content\/uploads\/sites\/13\/2024\/10\/MCR.jpg\u00a0\u00bb _builder_version=\u00a0\u00bb4.21.0&Prime; _module_preset=\u00a0\u00bbdefault\u00a0\u00bb theme_builder_area=\u00a0\u00bbpost_content\u00a0\u00bb title_text=\u00a0\u00bbMCR\u00a0\u00bb align=\u00a0\u00bbcenter\u00a0\u00bb hover_enabled=\u00a0\u00bb0&Prime; sticky_enabled=\u00a0\u00bb0&Prime;][\/et_pb_image][\/et_pb_column][\/et_pb_row][et_pb_row admin_label=\u00a0\u00bbrow\u00a0\u00bb _builder_version=\u00a0\u00bb4.16&Prime; background_size=\u00a0\u00bbinitial\u00a0\u00bb background_position=\u00a0\u00bbtop_left\u00a0\u00bb background_repeat=\u00a0\u00bbrepeat\u00a0\u00bb global_colors_info=\u00a0\u00bb{}\u00a0\u00bb theme_builder_area=\u00a0\u00bbpost_content\u00a0\u00bb][et_pb_column type=\u00a0\u00bb4_4&Prime; _builder_version=\u00a0\u00bb4.16&Prime; custom_padding=\u00a0\u00bb|||\u00a0\u00bb global_colors_info=\u00a0\u00bb{}\u00a0\u00bb custom_padding__hover=\u00a0\u00bb|||\u00a0\u00bb theme_builder_area=\u00a0\u00bbpost_content\u00a0\u00bb][et_pb_text admin_label=\u00a0\u00bbText\u00a0\u00bb _builder_version=\u00a0\u00bb4.21.0&Prime; background_size=\u00a0\u00bbinitial\u00a0\u00bb background_position=\u00a0\u00bbtop_left\u00a0\u00bb background_repeat=\u00a0\u00bbrepeat\u00a0\u00bb hover_enabled=\u00a0\u00bb0&Prime; global_colors_info=\u00a0\u00bb{}\u00a0\u00bb theme_builder_area=\u00a0\u00bbpost_content\u00a0\u00bb sticky_enabled=\u00a0\u00bb0&Prime;]<p>Le\u00a0<strong>Mouvement chr\u00e9tien des retrait\u00e9s<\/strong>\u00a0(MCR) est un mouvement d\u2019<a href=\"https:\/\/fr.wikipedia.org\/wiki\/Action_catholique\">action catholique<\/a>\u00a0cr\u00e9\u00e9 \u00e0 l\u2019initiative de la\u00efcs retrait\u00e9s et au service des retrait\u00e9s. La mission du MCR est d\u2019aider les retrait\u00e9s \u00e0 bien vivre cette \u00e9tape. La retraite peut \u00eatre un temps d\u2019enrichissement et d\u2019approfondissement personnels.<\/p>\n<p><\/p>\n<p>Le MCR se veut un lieu o\u00f9 se d\u00e9veloppent l\u2019entraide et la convivialit\u00e9. Il accueille, au sein d\u2019\u00e9quipes de styles bien diff\u00e9rents, des nouveaux retrait\u00e9s jusqu\u2019aux grands a\u00een\u00e9s.<\/p>\n<p><\/p>\n<p>Le MCR est un mouvement de la\u00efcs reconnu et encourag\u00e9 par la\u00a0Conf\u00e9rence des \u00e9v\u00eaques de France. Il agit pour que la place des retrait\u00e9s dans la soci\u00e9t\u00e9 soit plus effective et mieux reconnue. Dans ce but, il entretient d\u2019actives relations avec des partenaires publics ou priv\u00e9s.<\/p>\n<p><\/p>\n<p><a href=\"https:\/\/mcr.asso.fr\/\">https:\/\/mcr.asso.fr\/<\/a><\/p>\n<p><\/p>[\/et_pb_text][\/et_pb_column][\/et_pb_row][\/et_pb_section]","protected":false},"excerpt":{"rendered":"<p>Le\u00a0Mouvement chr\u00e9tien des retrait\u00e9s\u00a0(MCR) est un mouvement d\u2019action catholique\u00a0cr\u00e9\u00e9 \u00e0 l\u2019initiative de la\u00efcs retrait\u00e9s et au service des retrait\u00e9s. La mission du MCR est d\u2019aider les retrait\u00e9s \u00e0 bien vivre [&hellip;]<\/p>\n","protected":false},"author":5,"featured_media":0,"parent":4693,"menu_order":0,"comment_status":"closed","ping_status":"closed","template":"","meta":{"_et_pb_use_builder":"on","_et_pb_old_content":"<!-- wp:paragraph -->\n<p>Le&nbsp;<strong>Mouvement chr\u00e9tien des retrait\u00e9s<\/strong>&nbsp;(MCR) est un mouvement d\u2019<a href=\"https:\/\/fr.wikipedia.org\/wiki\/Action_catholique\">action catholique<\/a>&nbsp;cr\u00e9\u00e9 \u00e0 l\u2019initiative de la\u00efcs retrait\u00e9s et au service des retrait\u00e9s. La mission du MCR est d\u2019aider les retrait\u00e9s \u00e0 bien vivre cette \u00e9tape. La retraite peut \u00eatre un temps d\u2019enrichissement et d\u2019approfondissement personnels.<\/p>\n<!-- \/wp:paragraph -->\n\n<!-- wp:paragraph -->\n<p>Le MCR se veut un lieu o\u00f9 se d\u00e9veloppent l\u2019entraide et la convivialit\u00e9. Il accueille, au sein d\u2019\u00e9quipes de styles bien diff\u00e9rents, des nouveaux retrait\u00e9s jusqu\u2019aux grands a\u00een\u00e9s.<\/p>\n<!-- \/wp:paragraph -->\n\n<!-- wp:paragraph -->\n<p>Le MCR est un mouvement de la\u00efcs reconnu et encourag\u00e9 par la&nbsp;<a href=\"https:\/\/fr.wikipedia.org\/wiki\/Conf%C3%A9rence_des_%C3%A9v%C3%AAques_de_France\">Conf\u00e9rence des \u00e9v\u00eaques de France<\/a>. Il agit pour que la place des retrait\u00e9s dans la soci\u00e9t\u00e9 soit plus effective et mieux reconnue. Dans ce but, il entretient d\u2019actives relations avec des partenaires publics ou priv\u00e9s.<\/p>\n<!-- \/wp:paragraph -->\n\n<!-- wp:paragraph -->\n<p><a href=\"https:\/\/mcr.asso.fr\/\">https:\/\/mcr.asso.fr\/<\/a><\/p>\n<!-- \/wp:paragraph -->","_et_gb_content_width":"","footnotes":""},"class_list":["post-4725","page","type-page","status-publish","hentry"],"_links":{"self":[{"href":"https:\/\/catholiques17.fr\/saintbernardenaunis\/wp-json\/wp\/v2\/pages\/4725","targetHints":{"allow":["GET"]}}],"collection":[{"href":"https:\/\/catholiques17.fr\/saintbernardenaunis\/wp-json\/wp\/v2\/pages"}],"about":[{"href":"https:\/\/catholiques17.fr\/saintbernardenaunis\/wp-json\/wp\/v2\/types\/page"}],"author":[{"embeddable":true,"href":"https:\/\/catholiques17.fr\/saintbernardenaunis\/wp-json\/wp\/v2\/users\/5"}],"replies":[{"embeddable":true,"href":"https:\/\/catholiques17.fr\/saintbernardenaunis\/wp-json\/wp\/v2\/comments?post=4725"}],"version-history":[{"count":4,"href":"https:\/\/catholiques17.fr\/saintbernardenaunis\/wp-json\/wp\/v2\/pages\/4725\/revisions"}],"predecessor-version":[{"id":10814,"href":"https:\/\/catholiques17.fr\/saintbernardenaunis\/wp-json\/wp\/v2\/pages\/4725\/revisions\/10814"}],"up":[{"embeddable":true,"href":"https:\/\/catholiques17.fr\/saintbernardenaunis\/wp-json\/wp\/v2\/pages\/4693"}],"wp:attachment":[{"href":"https:\/\/catholiques17.fr\/saintbernardenaunis\/wp-json\/wp\/v2\/media?parent=4725"}],"curies":[{"name":"wp","href":"https:\/\/api.w.org\/{rel}","templated":true}]}}

[et_pb_section fb_built= »1&Prime; admin_label= »section » _builder_version= »4.16&Prime; global_colors_info= »{} » theme_builder_area= »post_content » custom_padding= »8px||12px||| »][et_pb_row _builder_version= »4.21.0&Prime; _module_preset= »default » theme_builder_area= »post_content »][et_pb_column _builder_version= »4.21.0&Prime; _module_preset= »default » type= »4_4&Prime; theme_builder_area= »post_content »][et_pb_image src= »https://catholiques17.fr/saintbernardenaunis/wp-content/uploads/sites/13/2024/10/MCR.jpg » _builder_version= »4.21.0&Prime; _module_preset= »default » theme_builder_area= »post_content » title_text= »MCR » align= »center » hover_enabled= »0&Prime; sticky_enabled= »0&Prime;][/et_pb_image][/et_pb_column][/et_pb_row][et_pb_row admin_label= »row » _builder_version= »4.16&Prime; background_size= »initial » background_position= »top_left » background_repeat= »repeat » global_colors_info= »{} » theme_builder_area= »post_content »][et_pb_column type= »4_4&Prime; _builder_version= »4.16&Prime; custom_padding= »||| » global_colors_info= »{} » custom_padding__hover= »||| » theme_builder_area= »post_content »][et_pb_text admin_label= »Text » _builder_version= »4.21.0&Prime; background_size= »initial » background_position= »top_left » background_repeat= »repeat » hover_enabled= »0&Prime; global_colors_info= »{} » theme_builder_area= »post_content » sticky_enabled= »0&Prime;]<p>Le <strong>Mouvement chrétien des retraités</strong> (MCR) est un mouvement d’<a href="https://fr.wikipedia.org/wiki/Action_catholique">action catholique</a> créé à l’initiative de laïcs retraités et au service des retraités. La mission du MCR est d’aider les retraités à bien vivre cette étape. La retraite peut être un temps d’enrichissement et d’approfondissement personnels.</p>
<p></p>
<p>Le MCR se veut un lieu où se développent l’entraide et la convivialité. Il accueille, au sein d’équipes de styles bien différents, des nouveaux retraités jusqu’aux grands aînés.</p>
<p></p>
<p>Le MCR est un mouvement de laïcs reconnu et encouragé par la Conférence des évêques de France. Il agit pour que la place des retraités dans la société soit plus effective et mieux reconnue. Dans ce but, il entretient d’actives relations avec des partenaires publics ou privés.</p>
<p></p>
<p><a href="https://mcr.asso.fr/">https://mcr.asso.fr/</a></p>
<p></p>[/et_pb_text][/et_pb_column][/et_pb_row][/et_pb_section]

<p>Le Mouvement chrétien des retraités (MCR) est un mouvement d’action catholique créé à l’initiative de laïcs retraités et au service des retraités. La mission du MCR est d’aider les retraités à bien vivre [&hellip;]</p>

<!-- wp:paragraph -->
<p>Le&nbsp;<strong>Mouvement chrétien des retraités</strong>&nbsp;(MCR) est un mouvement d’<a href="https://fr.wikipedia.org/wiki/Action_catholique">action catholique</a>&nbsp;créé à l’initiative de laïcs retraités et au service des retraités. La mission du MCR est d’aider les retraités à bien vivre cette étape. La retraite peut être un temps d’enrichissement et d’approfondissement personnels.</p>
<!-- /wp:paragraph -->

<!-- wp:paragraph -->
<p>Le MCR se veut un lieu où se développent l’entraide et la convivialité. Il accueille, au sein d’équipes de styles bien différents, des nouveaux retraités jusqu’aux grands aînés.</p>
<!-- /wp:paragraph -->

<!-- wp:paragraph -->
<p>Le MCR est un mouvement de laïcs reconnu et encouragé par la&nbsp;<a href="https://fr.wikipedia.org/wiki/Conf%C3%A9rence_des_%C3%A9v%C3%AAques_de_France">Conférence des évêques de France</a>. Il agit pour que la place des retraités dans la société soit plus effective et mieux reconnue. Dans ce but, il entretient d’actives relations avec des partenaires publics ou privés.</p>
<!-- /wp:paragraph -->

<!-- wp:paragraph -->
<p><a href="https://mcr.asso.fr/">https://mcr.asso.fr/</a></p>
<!-- /wp:paragraph -->
