{"id":4723,"date":"2021-03-23T15:48:13","date_gmt":"2021-03-23T14:48:13","guid":{"rendered":"https:\/\/catholiques17.fr\/saint-bernard\/?page_id=4723"},"modified":"2024-10-14T11:48:59","modified_gmt":"2024-10-14T09:48:59","slug":"cmr","status":"publish","type":"page","link":"https:\/\/catholiques17.fr\/saintbernardenaunis\/services\/cmr\/","title":{"rendered":"CMR"},"content":{"rendered":"[et_pb_section fb_built=\u00a0\u00bb1&Prime; admin_label=\u00a0\u00bbsection\u00a0\u00bb _builder_version=\u00a0\u00bb4.16&Prime; global_colors_info=\u00a0\u00bb{}\u00a0\u00bb theme_builder_area=\u00a0\u00bbpost_content\u00a0\u00bb custom_padding=\u00a0\u00bb3px|||||\u00a0\u00bb][et_pb_row _builder_version=\u00a0\u00bb4.21.0&Prime; _module_preset=\u00a0\u00bbdefault\u00a0\u00bb theme_builder_area=\u00a0\u00bbpost_content\u00a0\u00bb][et_pb_column _builder_version=\u00a0\u00bb4.21.0&Prime; _module_preset=\u00a0\u00bbdefault\u00a0\u00bb type=\u00a0\u00bb4_4&Prime; theme_builder_area=\u00a0\u00bbpost_content\u00a0\u00bb][et_pb_image src=\u00a0\u00bbhttps:\/\/catholiques17.fr\/saintbernardenaunis\/wp-content\/uploads\/sites\/13\/2024\/10\/458383034_923470059817619_4537514325179690455_n.png\u00a0\u00bb _builder_version=\u00a0\u00bb4.21.0&Prime; _module_preset=\u00a0\u00bbdefault\u00a0\u00bb theme_builder_area=\u00a0\u00bbpost_content\u00a0\u00bb title_text=\u00a0\u00bb458383034_923470059817619_4537514325179690455_n\u00a0\u00bb align=\u00a0\u00bbcenter\u00a0\u00bb hover_enabled=\u00a0\u00bb0&Prime; sticky_enabled=\u00a0\u00bb0&Prime;][\/et_pb_image][\/et_pb_column][\/et_pb_row][et_pb_row admin_label=\u00a0\u00bbrow\u00a0\u00bb _builder_version=\u00a0\u00bb4.16&Prime; background_size=\u00a0\u00bbinitial\u00a0\u00bb background_position=\u00a0\u00bbtop_left\u00a0\u00bb background_repeat=\u00a0\u00bbrepeat\u00a0\u00bb global_colors_info=\u00a0\u00bb{}\u00a0\u00bb theme_builder_area=\u00a0\u00bbpost_content\u00a0\u00bb][et_pb_column type=\u00a0\u00bb4_4&Prime; _builder_version=\u00a0\u00bb4.16&Prime; custom_padding=\u00a0\u00bb|||\u00a0\u00bb global_colors_info=\u00a0\u00bb{}\u00a0\u00bb custom_padding__hover=\u00a0\u00bb|||\u00a0\u00bb theme_builder_area=\u00a0\u00bbpost_content\u00a0\u00bb][et_pb_text admin_label=\u00a0\u00bbText\u00a0\u00bb _builder_version=\u00a0\u00bb4.21.0&Prime; background_size=\u00a0\u00bbinitial\u00a0\u00bb background_position=\u00a0\u00bbtop_left\u00a0\u00bb background_repeat=\u00a0\u00bbrepeat\u00a0\u00bb hover_enabled=\u00a0\u00bb0&Prime; global_colors_info=\u00a0\u00bb{}\u00a0\u00bb theme_builder_area=\u00a0\u00bbpost_content\u00a0\u00bb sticky_enabled=\u00a0\u00bb0&Prime;]<p><span class=\"OYPEnA font-feature-liga-off font-feature-clig-off font-feature-calt-off text-decoration-none text-strikethrough-none\">Le CMR, association d\u2019\u00e9ducation populaire, issue du catholicisme social, intervient depuis plus de 80 ans dans le d\u00e9veloppement des territoires ruraux par l\u2019implication de ses membres dans des actions de d\u00e9veloppement local, en s\u2019engageant dans des associations, des organisations agricoles, des collectivit\u00e9s locales.<\/span> Ils veulent y apporter leur contribution pour b\u00e2tir un avenir solidaire et \u00eatre des la\u00efcs qui agissent au nom de l\u2019\u00c9vangile dans la soci\u00e9t\u00e9 d\u2019aujourd\u2019hui.<\/p>\n<p><\/p>\n<p><span style=\"text-decoration: underline;\"><strong>Activit\u00e9s<\/strong><\/span> :<br \/>Les r\u00e9unions d\u2019\u00e9quipe sont un lieu de partage o\u00f9 se vit l\u2019accueil des personnes en recherche. Les membres du CMR mettent en place des r\u00e9seaux de proximit\u00e9, ils veulent relever le d\u00e9fi de la fraternit\u00e9, r\u00e9habiliter la politique et interroger les choix de mode de vie, de production et de consommation, en lien avec d\u2019autres partenaires. Des sessions de formation, des colloques, des d\u00e9bats sont propos\u00e9s par le mouvement pour aider les membres \u00e0 y parvenir.<\/p>\n<p><\/p>[\/et_pb_text][\/et_pb_column][\/et_pb_row][\/et_pb_section]","protected":false},"excerpt":{"rendered":"<p>Le CMR, association d\u2019\u00e9ducation populaire, issue du catholicisme social, intervient depuis plus de 80 ans dans le d\u00e9veloppement des territoires ruraux par l\u2019implication de ses membres dans des actions de [&hellip;]<\/p>\n","protected":false},"author":5,"featured_media":0,"parent":4693,"menu_order":0,"comment_status":"closed","ping_status":"closed","template":"","meta":{"_et_pb_use_builder":"on","_et_pb_old_content":"<!-- wp:paragraph -->\n<p>Le CMR rassemble en \u00e9quipes des hommes et des femmes ins\u00e9r\u00e9s dans les territoires ruraux. Ils veulent y apporter leur contribution pour b\u00e2tir un avenir solidaire et \u00eatre des la\u00efcs qui agissent au nom de l\u2019\u00c9vangile dans la soci\u00e9t\u00e9 d\u2019aujourd\u2019hui.<\/p>\n<!-- \/wp:paragraph -->\n\n<!-- wp:paragraph -->\n<p>Activit\u00e9s :<br>Les r\u00e9unions d\u2019\u00e9quipe sont un lieu de partage o\u00f9 se vit l\u2019accueil des personnes en recherche. Les membres du CMR mettent en place des r\u00e9seaux de proximit\u00e9, ils veulent relever le d\u00e9fi de la fraternit\u00e9, r\u00e9habiliter la politique et interroger les choix de mode de vie, de production et de consommation, en lien avec d\u2019autres partenaires. Des sessions de formation, des colloques, des d\u00e9bats sont propos\u00e9s par le mouvement pour aider les membres \u00e0 y parvenir.<\/p>\n<!-- \/wp:paragraph -->","_et_gb_content_width":"","footnotes":""},"class_list":["post-4723","page","type-page","status-publish","hentry"],"_links":{"self":[{"href":"https:\/\/catholiques17.fr\/saintbernardenaunis\/wp-json\/wp\/v2\/pages\/4723","targetHints":{"allow":["GET"]}}],"collection":[{"href":"https:\/\/catholiques17.fr\/saintbernardenaunis\/wp-json\/wp\/v2\/pages"}],"about":[{"href":"https:\/\/catholiques17.fr\/saintbernardenaunis\/wp-json\/wp\/v2\/types\/page"}],"author":[{"embeddable":true,"href":"https:\/\/catholiques17.fr\/saintbernardenaunis\/wp-json\/wp\/v2\/users\/5"}],"replies":[{"embeddable":true,"href":"https:\/\/catholiques17.fr\/saintbernardenaunis\/wp-json\/wp\/v2\/comments?post=4723"}],"version-history":[{"count":7,"href":"https:\/\/catholiques17.fr\/saintbernardenaunis\/wp-json\/wp\/v2\/pages\/4723\/revisions"}],"predecessor-version":[{"id":10800,"href":"https:\/\/catholiques17.fr\/saintbernardenaunis\/wp-json\/wp\/v2\/pages\/4723\/revisions\/10800"}],"up":[{"embeddable":true,"href":"https:\/\/catholiques17.fr\/saintbernardenaunis\/wp-json\/wp\/v2\/pages\/4693"}],"wp:attachment":[{"href":"https:\/\/catholiques17.fr\/saintbernardenaunis\/wp-json\/wp\/v2\/media?parent=4723"}],"curies":[{"name":"wp","href":"https:\/\/api.w.org\/{rel}","templated":true}]}}

[et_pb_section fb_built= »1&Prime; admin_label= »section » _builder_version= »4.16&Prime; global_colors_info= »{} » theme_builder_area= »post_content » custom_padding= »3px||||| »][et_pb_row _builder_version= »4.21.0&Prime; _module_preset= »default » theme_builder_area= »post_content »][et_pb_column _builder_version= »4.21.0&Prime; _module_preset= »default » type= »4_4&Prime; theme_builder_area= »post_content »][et_pb_image src= »https://catholiques17.fr/saintbernardenaunis/wp-content/uploads/sites/13/2024/10/458383034_923470059817619_4537514325179690455_n.png » _builder_version= »4.21.0&Prime; _module_preset= »default » theme_builder_area= »post_content » title_text= »458383034_923470059817619_4537514325179690455_n » align= »center » hover_enabled= »0&Prime; sticky_enabled= »0&Prime;][/et_pb_image][/et_pb_column][/et_pb_row][et_pb_row admin_label= »row » _builder_version= »4.16&Prime; background_size= »initial » background_position= »top_left » background_repeat= »repeat » global_colors_info= »{} » theme_builder_area= »post_content »][et_pb_column type= »4_4&Prime; _builder_version= »4.16&Prime; custom_padding= »||| » global_colors_info= »{} » custom_padding__hover= »||| » theme_builder_area= »post_content »][et_pb_text admin_label= »Text » _builder_version= »4.21.0&Prime; background_size= »initial » background_position= »top_left » background_repeat= »repeat » hover_enabled= »0&Prime; global_colors_info= »{} » theme_builder_area= »post_content » sticky_enabled= »0&Prime;]<p><span class="OYPEnA font-feature-liga-off font-feature-clig-off font-feature-calt-off text-decoration-none text-strikethrough-none">Le CMR, association d’éducation populaire, issue du catholicisme social, intervient depuis plus de 80 ans dans le développement des territoires ruraux par l’implication de ses membres dans des actions de développement local, en s’engageant dans des associations, des organisations agricoles, des collectivités locales.</span> Ils veulent y apporter leur contribution pour bâtir un avenir solidaire et être des laïcs qui agissent au nom de l’Évangile dans la société d’aujourd’hui.</p>
<p></p>
<p><span style="text-decoration: underline;"><strong>Activités</strong></span> :<br />Les réunions d’équipe sont un lieu de partage où se vit l’accueil des personnes en recherche. Les membres du CMR mettent en place des réseaux de proximité, ils veulent relever le défi de la fraternité, réhabiliter la politique et interroger les choix de mode de vie, de production et de consommation, en lien avec d’autres partenaires. Des sessions de formation, des colloques, des débats sont proposés par le mouvement pour aider les membres à y parvenir.</p>
<p></p>[/et_pb_text][/et_pb_column][/et_pb_row][/et_pb_section]

<p>Le CMR, association d’éducation populaire, issue du catholicisme social, intervient depuis plus de 80 ans dans le développement des territoires ruraux par l’implication de ses membres dans des actions de [&hellip;]</p>

<!-- wp:paragraph -->
<p>Le CMR rassemble en équipes des hommes et des femmes insérés dans les territoires ruraux. Ils veulent y apporter leur contribution pour bâtir un avenir solidaire et être des laïcs qui agissent au nom de l’Évangile dans la société d’aujourd’hui.</p>
<!-- /wp:paragraph -->

<!-- wp:paragraph -->
<p>Activités :<br>Les réunions d’équipe sont un lieu de partage où se vit l’accueil des personnes en recherche. Les membres du CMR mettent en place des réseaux de proximité, ils veulent relever le défi de la fraternité, réhabiliter la politique et interroger les choix de mode de vie, de production et de consommation, en lien avec d’autres partenaires. Des sessions de formation, des colloques, des débats sont proposés par le mouvement pour aider les membres à y parvenir.</p>
<!-- /wp:paragraph -->
