{"id":4721,"date":"2021-03-23T15:47:46","date_gmt":"2021-03-23T14:47:46","guid":{"rendered":"https:\/\/catholiques17.fr\/saint-bernard\/?page_id=4721"},"modified":"2024-10-14T12:06:08","modified_gmt":"2024-10-14T10:06:08","slug":"fraternite-missionnaire-de-la-plaine-et-de-ste-therese","status":"publish","type":"page","link":"https:\/\/catholiques17.fr\/saintbernardenaunis\/services\/fraternite-missionnaire-de-la-plaine-et-de-ste-therese\/","title":{"rendered":"Fraternit\u00e9 Missionnaire de la Plaine et de Ste Th\u00e9r\u00e8se"},"content":{"rendered":"[et_pb_section fb_built=\u00a0\u00bb1&Prime; admin_label=\u00a0\u00bbsection\u00a0\u00bb _builder_version=\u00a0\u00bb4.16&Prime; global_colors_info=\u00a0\u00bb{}\u00a0\u00bb theme_builder_area=\u00a0\u00bbpost_content\u00a0\u00bb custom_padding=\u00a0\u00bb2px|||||\u00a0\u00bb][et_pb_row _builder_version=\u00a0\u00bb4.21.0&Prime; _module_preset=\u00a0\u00bbdefault\u00a0\u00bb theme_builder_area=\u00a0\u00bbpost_content\u00a0\u00bb][et_pb_column _builder_version=\u00a0\u00bb4.21.0&Prime; _module_preset=\u00a0\u00bbdefault\u00a0\u00bb type=\u00a0\u00bb4_4&Prime; theme_builder_area=\u00a0\u00bbpost_content\u00a0\u00bb][et_pb_image src=\u00a0\u00bbhttps:\/\/catholiques17.fr\/saintbernardenaunis\/wp-content\/uploads\/sites\/13\/2024\/10\/Missionnaires-de-la-Plaine.jpg\u00a0\u00bb _builder_version=\u00a0\u00bb4.21.0&Prime; _module_preset=\u00a0\u00bbdefault\u00a0\u00bb theme_builder_area=\u00a0\u00bbpost_content\u00a0\u00bb title_text=\u00a0\u00bbMissionnaires de la Plaine\u00a0\u00bb hover_enabled=\u00a0\u00bb0&Prime; sticky_enabled=\u00a0\u00bb0&Prime;][\/et_pb_image][\/et_pb_column][\/et_pb_row][et_pb_row admin_label=\u00a0\u00bbrow\u00a0\u00bb _builder_version=\u00a0\u00bb4.16&Prime; background_size=\u00a0\u00bbinitial\u00a0\u00bb background_position=\u00a0\u00bbtop_left\u00a0\u00bb background_repeat=\u00a0\u00bbrepeat\u00a0\u00bb global_colors_info=\u00a0\u00bb{}\u00a0\u00bb theme_builder_area=\u00a0\u00bbpost_content\u00a0\u00bb][et_pb_column type=\u00a0\u00bb4_4&Prime; _builder_version=\u00a0\u00bb4.16&Prime; custom_padding=\u00a0\u00bb|||\u00a0\u00bb global_colors_info=\u00a0\u00bb{}\u00a0\u00bb custom_padding__hover=\u00a0\u00bb|||\u00a0\u00bb theme_builder_area=\u00a0\u00bbpost_content\u00a0\u00bb][et_pb_text admin_label=\u00a0\u00bbText\u00a0\u00bb _builder_version=\u00a0\u00bb4.21.0&Prime; background_size=\u00a0\u00bbinitial\u00a0\u00bb background_position=\u00a0\u00bbtop_left\u00a0\u00bb background_repeat=\u00a0\u00bbrepeat\u00a0\u00bb hover_enabled=\u00a0\u00bb0&Prime; global_colors_info=\u00a0\u00bb{}\u00a0\u00bb theme_builder_area=\u00a0\u00bbpost_content\u00a0\u00bb sticky_enabled=\u00a0\u00bb0&Prime;]<p>La Fraternit\u00e9 Missionnaire de la Plaine et de Sainte Th\u00e9r\u00e8se se veut une Fraternit\u00e9 pour la mission dans les \u00c9glises dioc\u00e9saines. Ce sont des femmes et des hommes de Charente-Maritime et de Vend\u00e9e, chr\u00e9tiens, regroup\u00e9s en Association de fid\u00e8les, association reconnue par l\u2019\u00c9glise en 2017. L\u2019association est issue de la Congr\u00e9gation des Missionnaires de la Plaine et de Ste Th\u00e9r\u00e8se. Le si\u00e8ge de la Fraternit\u00e9 est \u00e9tabli au Centre Spirituel l\u2019Immacul\u00e9e de Chaill\u00e9-les-Marais.<\/p>\n<p><\/p>\n<p>Chacun s\u2019engage en r\u00e9ponse \u00e0 l\u2019appel du Christ.<\/p>\n<p><\/p>\n<p>Tous, nous nous engageons \u00e0 nous entraider\u00a0: \u00e0 vivre notre\u00a0mission de baptis\u00e9s, dans la r\u00e9alit\u00e9 concr\u00e8te de nos vies quotidiennes, et selon la diversit\u00e9 de nos vocations, en \u00e9tant enracin\u00e9s en chacune de nos \u00c9glises dioc\u00e9saines, solidaires du peuple concret o\u00f9 nous sommes appel\u00e9s \u00e0 vive \u00ab\u00a0nos plaines\u00bb (r\u00e9alit\u00e9s de mission) et en suivant les pas de\u00a0<a href=\"https:\/\/www.fratmdp.fr\/therese-de-l-enfant-jesus\">Th\u00e9r\u00e8se de Lisieux<\/a>,\u00a0\u00ab<em>\u00a0recueillant en nous-m\u00eames l\u2019Amour de Dieu plein de tendresse et de mis\u00e9ricorde, pour \u00eatre l\u2019Amour au c\u0153ur de l\u2019\u00c9glise.\u00a0<\/em>\u00bb<\/p>\n<p><\/p>\n<p><strong>Contact<\/strong>\u00a0:Marie-Th\u00e9r\u00e8se CADAU \u2013 responsable dioc\u00e9saine<br \/>T\u00e9l. 06 79 48 82 79 \u2013\u00a0<a href=\"https:\/\/catholiques17.fr\/au-coeur-de-la-foi\/les-mouvements\/marietherese.cadau@orange.fr\">marietherese.cadau@orange.fr<\/a><\/p>\n<p><\/p>\n<p><a href=\"https:\/\/www.fratmdp.fr\/\">Site internet de la Fraternit\u00e9 Missionnaire de la Plaine et de Sainte Th\u00e9r\u00e8se<\/a><\/p>\n<p><\/p>[\/et_pb_text][\/et_pb_column][\/et_pb_row][\/et_pb_section]","protected":false},"excerpt":{"rendered":"<p>La Fraternit\u00e9 Missionnaire de la Plaine et de Sainte Th\u00e9r\u00e8se se veut une Fraternit\u00e9 pour la mission dans les \u00c9glises dioc\u00e9saines. Ce sont des femmes et des hommes de Charente-Maritime [&hellip;]<\/p>\n","protected":false},"author":5,"featured_media":0,"parent":4693,"menu_order":0,"comment_status":"closed","ping_status":"closed","template":"","meta":{"_et_pb_use_builder":"on","_et_pb_old_content":"<!-- wp:paragraph -->\n<p>La Fraternit\u00e9 Missionnaire de la Plaine et de Sainte Th\u00e9r\u00e8se se veut une Fraternit\u00e9 pour la mission dans les \u00c9glises dioc\u00e9saines. Ce sont des femmes et des hommes de Charente-Maritime et de Vend\u00e9e, chr\u00e9tiens, regroup\u00e9s en Association de fid\u00e8les, association reconnue par l\u2019\u00c9glise en 2017. L\u2019association est issue de la Congr\u00e9gation des Missionnaires de la Plaine et de Ste Th\u00e9r\u00e8se. Le si\u00e8ge de la Fraternit\u00e9 est \u00e9tabli au Centre Spirituel l\u2019Immacul\u00e9e de Chaill\u00e9-les-Marais.<\/p>\n<!-- \/wp:paragraph -->\n\n<!-- wp:paragraph -->\n<p>Chacun s\u2019engage en r\u00e9ponse \u00e0 l\u2019appel du Christ.<\/p>\n<!-- \/wp:paragraph -->\n\n<!-- wp:paragraph -->\n<p>Tous, nous nous engageons \u00e0 nous entraider&nbsp;: \u00e0 vivre notre&nbsp;<a href=\"https:\/\/www.fratmdp.fr\/mission-de-baptises\">mission de baptis\u00e9s<\/a>, dans la r\u00e9alit\u00e9 concr\u00e8te de nos vies quotidiennes, et selon la diversit\u00e9 de nos vocations, en \u00e9tant enracin\u00e9s en chacune de nos \u00c9glises dioc\u00e9saines, solidaires du peuple concret o\u00f9 nous sommes appel\u00e9s \u00e0 vive \u00ab&nbsp;nos plaines\u00bb (r\u00e9alit\u00e9s de mission) et en suivant les pas de&nbsp;<a href=\"https:\/\/www.fratmdp.fr\/therese-de-l-enfant-jesus\">Th\u00e9r\u00e8se de Lisieux<\/a>,&nbsp;\u00ab<em>&nbsp;recueillant en nous-m\u00eames l\u2019Amour de Dieu plein de tendresse et de mis\u00e9ricorde, pour \u00eatre l\u2019Amour au c\u0153ur de l\u2019\u00c9glise.&nbsp;<\/em>\u00bb<\/p>\n<!-- \/wp:paragraph -->\n\n<!-- wp:paragraph -->\n<p><strong>Contact<\/strong>&nbsp;:Marie-Th\u00e9r\u00e8se CADAU \u2013 responsable dioc\u00e9saine<br>T\u00e9l. 06 79 48 82 79 \u2013&nbsp;<a href=\"https:\/\/catholiques17.fr\/au-coeur-de-la-foi\/les-mouvements\/marietherese.cadau@orange.fr\">marietherese.cadau@orange.fr<\/a><\/p>\n<!-- \/wp:paragraph -->\n\n<!-- wp:paragraph -->\n<p><a href=\"https:\/\/www.fratmdp.fr\/\">Site internet de la Fraternit\u00e9 Missionnaire de la Plaine et de Sainte Th\u00e9r\u00e8se<\/a><\/p>\n<!-- \/wp:paragraph -->","_et_gb_content_width":"","footnotes":""},"class_list":["post-4721","page","type-page","status-publish","hentry"],"_links":{"self":[{"href":"https:\/\/catholiques17.fr\/saintbernardenaunis\/wp-json\/wp\/v2\/pages\/4721","targetHints":{"allow":["GET"]}}],"collection":[{"href":"https:\/\/catholiques17.fr\/saintbernardenaunis\/wp-json\/wp\/v2\/pages"}],"about":[{"href":"https:\/\/catholiques17.fr\/saintbernardenaunis\/wp-json\/wp\/v2\/types\/page"}],"author":[{"embeddable":true,"href":"https:\/\/catholiques17.fr\/saintbernardenaunis\/wp-json\/wp\/v2\/users\/5"}],"replies":[{"embeddable":true,"href":"https:\/\/catholiques17.fr\/saintbernardenaunis\/wp-json\/wp\/v2\/comments?post=4721"}],"version-history":[{"count":3,"href":"https:\/\/catholiques17.fr\/saintbernardenaunis\/wp-json\/wp\/v2\/pages\/4721\/revisions"}],"predecessor-version":[{"id":10809,"href":"https:\/\/catholiques17.fr\/saintbernardenaunis\/wp-json\/wp\/v2\/pages\/4721\/revisions\/10809"}],"up":[{"embeddable":true,"href":"https:\/\/catholiques17.fr\/saintbernardenaunis\/wp-json\/wp\/v2\/pages\/4693"}],"wp:attachment":[{"href":"https:\/\/catholiques17.fr\/saintbernardenaunis\/wp-json\/wp\/v2\/media?parent=4721"}],"curies":[{"name":"wp","href":"https:\/\/api.w.org\/{rel}","templated":true}]}}

Fraternité Missionnaire de la Plaine et de Ste Thérèse

[et_pb_section fb_built= »1&Prime; admin_label= »section » _builder_version= »4.16&Prime; global_colors_info= »{} » theme_builder_area= »post_content » custom_padding= »2px||||| »][et_pb_row _builder_version= »4.21.0&Prime; _module_preset= »default » theme_builder_area= »post_content »][et_pb_column _builder_version= »4.21.0&Prime; _module_preset= »default » type= »4_4&Prime; theme_builder_area= »post_content »][et_pb_image src= »https://catholiques17.fr/saintbernardenaunis/wp-content/uploads/sites/13/2024/10/Missionnaires-de-la-Plaine.jpg » _builder_version= »4.21.0&Prime; _module_preset= »default » theme_builder_area= »post_content » title_text= »Missionnaires de la Plaine » hover_enabled= »0&Prime; sticky_enabled= »0&Prime;][/et_pb_image][/et_pb_column][/et_pb_row][et_pb_row admin_label= »row » _builder_version= »4.16&Prime; background_size= »initial » background_position= »top_left » background_repeat= »repeat » global_colors_info= »{} » theme_builder_area= »post_content »][et_pb_column type= »4_4&Prime; _builder_version= »4.16&Prime; custom_padding= »||| » global_colors_info= »{} » custom_padding__hover= »||| » theme_builder_area= »post_content »][et_pb_text admin_label= »Text » _builder_version= »4.21.0&Prime; background_size= »initial » background_position= »top_left » background_repeat= »repeat » hover_enabled= »0&Prime; global_colors_info= »{} » theme_builder_area= »post_content » sticky_enabled= »0&Prime;]<p>La Fraternité Missionnaire de la Plaine et de Sainte Thérèse se veut une Fraternité pour la mission dans les Églises diocésaines. Ce sont des femmes et des hommes de Charente-Maritime et de Vendée, chrétiens, regroupés en Association de fidèles, association reconnue par l’Église en 2017. L’association est issue de la Congrégation des Missionnaires de la Plaine et de Ste Thérèse. Le siège de la Fraternité est établi au Centre Spirituel l’Immaculée de Chaillé-les-Marais.</p>
<p></p>
<p>Chacun s’engage en réponse à l’appel du Christ.</p>
<p></p>
<p>Tous, nous nous engageons à nous entraider : à vivre notre mission de baptisés, dans la réalité concrète de nos vies quotidiennes, et selon la diversité de nos vocations, en étant enracinés en chacune de nos Églises diocésaines, solidaires du peuple concret où nous sommes appelés à vive « nos plaines» (réalités de mission) et en suivant les pas de <a href="https://www.fratmdp.fr/therese-de-l-enfant-jesus">Thérèse de Lisieux</a>, «<em> recueillant en nous-mêmes l’Amour de Dieu plein de tendresse et de miséricorde, pour être l’Amour au cœur de l’Église. </em>»</p>
<p></p>
<p><strong>Contact</strong> :Marie-Thérèse CADAU – responsable diocésaine<br />Tél. 06 79 48 82 79 – <a href="https://catholiques17.fr/au-coeur-de-la-foi/les-mouvements/marietherese.cadau@orange.fr">marietherese.cadau@orange.fr</a></p>
<p></p>
<p><a href="https://www.fratmdp.fr/">Site internet de la Fraternité Missionnaire de la Plaine et de Sainte Thérèse</a></p>
<p></p>[/et_pb_text][/et_pb_column][/et_pb_row][/et_pb_section]

<p>La Fraternité Missionnaire de la Plaine et de Sainte Thérèse se veut une Fraternité pour la mission dans les Églises diocésaines. Ce sont des femmes et des hommes de Charente-Maritime [&hellip;]</p>

<!-- wp:paragraph -->
<p>La Fraternité Missionnaire de la Plaine et de Sainte Thérèse se veut une Fraternité pour la mission dans les Églises diocésaines. Ce sont des femmes et des hommes de Charente-Maritime et de Vendée, chrétiens, regroupés en Association de fidèles, association reconnue par l’Église en 2017. L’association est issue de la Congrégation des Missionnaires de la Plaine et de Ste Thérèse. Le siège de la Fraternité est établi au Centre Spirituel l’Immaculée de Chaillé-les-Marais.</p>
<!-- /wp:paragraph -->

<!-- wp:paragraph -->
<p>Chacun s’engage en réponse à l’appel du Christ.</p>
<!-- /wp:paragraph -->

<!-- wp:paragraph -->
<p>Tous, nous nous engageons à nous entraider&nbsp;: à vivre notre&nbsp;<a href="https://www.fratmdp.fr/mission-de-baptises">mission de baptisés</a>, dans la réalité concrète de nos vies quotidiennes, et selon la diversité de nos vocations, en étant enracinés en chacune de nos Églises diocésaines, solidaires du peuple concret où nous sommes appelés à vive «&nbsp;nos plaines» (réalités de mission) et en suivant les pas de&nbsp;<a href="https://www.fratmdp.fr/therese-de-l-enfant-jesus">Thérèse de Lisieux</a>,&nbsp;«<em>&nbsp;recueillant en nous-mêmes l’Amour de Dieu plein de tendresse et de miséricorde, pour être l’Amour au cœur de l’Église.&nbsp;</em>»</p>
<!-- /wp:paragraph -->

<!-- wp:paragraph -->
<p><strong>Contact</strong>&nbsp;:Marie-Thérèse CADAU – responsable diocésaine<br>Tél. 06 79 48 82 79 –&nbsp;<a href="https://catholiques17.fr/au-coeur-de-la-foi/les-mouvements/marietherese.cadau@orange.fr">marietherese.cadau@orange.fr</a></p>
<!-- /wp:paragraph -->

<!-- wp:paragraph -->
<p><a href="https://www.fratmdp.fr/">Site internet de la Fraternité Missionnaire de la Plaine et de Sainte Thérèse</a></p>
<!-- /wp:paragraph -->
