{"id":4717,"date":"2021-03-23T15:46:11","date_gmt":"2021-03-23T14:46:11","guid":{"rendered":"https:\/\/catholiques17.fr\/saint-bernard\/?page_id=4717"},"modified":"2024-10-19T15:08:52","modified_gmt":"2024-10-19T13:08:52","slug":"secours-catholique","status":"publish","type":"page","link":"https:\/\/catholiques17.fr\/saintbernardenaunis\/services\/secours-catholique\/","title":{"rendered":"Secours Catholique"},"content":{"rendered":"[et_pb_section fb_built=\u00a0\u00bb1&Prime; admin_label=\u00a0\u00bbsection\u00a0\u00bb _builder_version=\u00a0\u00bb4.16&Prime; custom_padding=\u00a0\u00bb6px||0px|||\u00a0\u00bb global_colors_info=\u00a0\u00bb{}\u00a0\u00bb theme_builder_area=\u00a0\u00bbpost_content\u00a0\u00bb][et_pb_row _builder_version=\u00a0\u00bb4.21.0&Prime; _module_preset=\u00a0\u00bbdefault\u00a0\u00bb custom_padding=\u00a0\u00bb8px|||||\u00a0\u00bb global_colors_info=\u00a0\u00bb{}\u00a0\u00bb theme_builder_area=\u00a0\u00bbpost_content\u00a0\u00bb][et_pb_column type=\u00a0\u00bb4_4&Prime; _builder_version=\u00a0\u00bb4.21.0&Prime; _module_preset=\u00a0\u00bbdefault\u00a0\u00bb global_colors_info=\u00a0\u00bb{}\u00a0\u00bb theme_builder_area=\u00a0\u00bbpost_content\u00a0\u00bb][et_pb_image src=\u00a0\u00bbhttps:\/\/catholiques17.fr\/saintbernardenaunis\/wp-content\/uploads\/sites\/13\/2024\/10\/Logo_secours_signature.jpg\u00a0\u00bb title_text=\u00a0\u00bbLogo_secours_signature\u00a0\u00bb align=\u00a0\u00bbcenter\u00a0\u00bb _builder_version=\u00a0\u00bb4.21.0&Prime; _module_preset=\u00a0\u00bbdefault\u00a0\u00bb global_colors_info=\u00a0\u00bb{}\u00a0\u00bb theme_builder_area=\u00a0\u00bbpost_content\u00a0\u00bb][\/et_pb_image][\/et_pb_column][\/et_pb_row][et_pb_row admin_label=\u00a0\u00bbrow\u00a0\u00bb _builder_version=\u00a0\u00bb4.16&Prime; background_size=\u00a0\u00bbinitial\u00a0\u00bb background_position=\u00a0\u00bbtop_left\u00a0\u00bb background_repeat=\u00a0\u00bbrepeat\u00a0\u00bb global_colors_info=\u00a0\u00bb{}\u00a0\u00bb theme_builder_area=\u00a0\u00bbpost_content\u00a0\u00bb][et_pb_column type=\u00a0\u00bb4_4&Prime; _builder_version=\u00a0\u00bb4.16&Prime; custom_padding=\u00a0\u00bb|||\u00a0\u00bb global_colors_info=\u00a0\u00bb{}\u00a0\u00bb custom_padding__hover=\u00a0\u00bb|||\u00a0\u00bb theme_builder_area=\u00a0\u00bbpost_content\u00a0\u00bb][et_pb_text admin_label=\u00a0\u00bbText\u00a0\u00bb _builder_version=\u00a0\u00bb4.21.0&Prime; background_size=\u00a0\u00bbinitial\u00a0\u00bb background_position=\u00a0\u00bbtop_left\u00a0\u00bb background_repeat=\u00a0\u00bbrepeat\u00a0\u00bb global_colors_info=\u00a0\u00bb{}\u00a0\u00bb theme_builder_area=\u00a0\u00bbpost_content\u00a0\u00bb]<p>L\u2019association vient en aide aux personnes en difficult\u00e9. Accueil et \u00e9coute autour d\u2019un caf\u00e9 ou accueil confidentiel. Boutique solidaire de v\u00eatements. Boutique solidaire, brocantes et meubles.<\/p>\n<p><\/p>\n<p><strong>Lieux d\u2019accueil :\u00a0<\/strong>Marans et Charron<\/p>\n<p><\/p>\n<p><strong>Contact :\u00a0<\/strong>22 rue Dinot \u2013 17 230 MARANS T\u00e9l\u00e9phone : 05 46 35 11 77 ou 06 47 29 40 84<\/p>\n<p>Mail : <a href=\"mailto:secourscatholique.marans@orange.fr\" target=\"_blank\" rel=\"noopener\">secourscatholique.marans@orange.fr<\/a><\/p>\n<p><\/p>\n<p>L\u2019accueil t\u00e9l\u00e9phonique est assur\u00e9 au 06 31 33 17 30<\/p>\n<p><\/p>\n<p><!-- \/wp:post-content --><\/p>[\/et_pb_text][\/et_pb_column][\/et_pb_row][\/et_pb_section]","protected":false},"excerpt":{"rendered":"<p>L\u2019association vient en aide aux personnes en difficult\u00e9. Accueil et \u00e9coute autour d\u2019un caf\u00e9 ou accueil confidentiel. Boutique solidaire de v\u00eatements. Boutique solidaire, brocantes et meubles. Lieux d\u2019accueil :\u00a0Marans et [&hellip;]<\/p>\n","protected":false},"author":5,"featured_media":0,"parent":4693,"menu_order":0,"comment_status":"closed","ping_status":"closed","template":"","meta":{"_et_pb_use_builder":"on","_et_pb_old_content":"<!-- wp:paragraph -->\n<p>L\u2019association vient en aide aux personnes en difficult\u00e9. Accueil et \u00e9coute autour d\u2019un caf\u00e9 ou accueil confidentiel. Boutique solidaire de v\u00eatements. Boutique solidaire, brocantes et meubles.<\/p>\n<!-- \/wp:paragraph -->\n\n<!-- wp:paragraph -->\n<p><strong>Lieux d\u2019accueil :\u00a0<\/strong>Marans et Charron\u00a0<\/p>\n<!-- \/wp:paragraph -->\n\n<!-- wp:paragraph -->\n<p><strong>Contact :&nbsp;<\/strong>22 rue Dinot \u2013 17 230 MARANS T\u00e9l\u00e9phone : 05 46 35 11 77 Mail : secourscatholique.marans@orange.fr<\/p>\n<!-- \/wp:paragraph -->\n\n<!-- wp:paragraph -->\n<p><strong>Contact au sein de la paroisse<\/strong>&nbsp;: Isabelle BERTIN 06 33 24 06 69<\/p>\n<!-- \/wp:paragraph -->\n\n<!-- wp:paragraph -->\n<p>L\u2019accueil t\u00e9l\u00e9phonique est assur\u00e9 au 06 31 33 17 30.<\/p>\n<!-- \/wp:paragraph -->\n\n<!-- wp:paragraph -->\n<p>Pour contacter le Secours Catholique de Marans : 05 46 35 11 77 et 06 47 29 40 84<\/p>\n<!-- \/wp:paragraph -->","_et_gb_content_width":"","footnotes":""},"class_list":["post-4717","page","type-page","status-publish","hentry"],"_links":{"self":[{"href":"https:\/\/catholiques17.fr\/saintbernardenaunis\/wp-json\/wp\/v2\/pages\/4717","targetHints":{"allow":["GET"]}}],"collection":[{"href":"https:\/\/catholiques17.fr\/saintbernardenaunis\/wp-json\/wp\/v2\/pages"}],"about":[{"href":"https:\/\/catholiques17.fr\/saintbernardenaunis\/wp-json\/wp\/v2\/types\/page"}],"author":[{"embeddable":true,"href":"https:\/\/catholiques17.fr\/saintbernardenaunis\/wp-json\/wp\/v2\/users\/5"}],"replies":[{"embeddable":true,"href":"https:\/\/catholiques17.fr\/saintbernardenaunis\/wp-json\/wp\/v2\/comments?post=4717"}],"version-history":[{"count":7,"href":"https:\/\/catholiques17.fr\/saintbernardenaunis\/wp-json\/wp\/v2\/pages\/4717\/revisions"}],"predecessor-version":[{"id":10987,"href":"https:\/\/catholiques17.fr\/saintbernardenaunis\/wp-json\/wp\/v2\/pages\/4717\/revisions\/10987"}],"up":[{"embeddable":true,"href":"https:\/\/catholiques17.fr\/saintbernardenaunis\/wp-json\/wp\/v2\/pages\/4693"}],"wp:attachment":[{"href":"https:\/\/catholiques17.fr\/saintbernardenaunis\/wp-json\/wp\/v2\/media?parent=4717"}],"curies":[{"name":"wp","href":"https:\/\/api.w.org\/{rel}","templated":true}]}}

[et_pb_section fb_built= »1&Prime; admin_label= »section » _builder_version= »4.16&Prime; custom_padding= »6px||0px||| » global_colors_info= »{} » theme_builder_area= »post_content »][et_pb_row _builder_version= »4.21.0&Prime; _module_preset= »default » custom_padding= »8px||||| » global_colors_info= »{} » theme_builder_area= »post_content »][et_pb_column type= »4_4&Prime; _builder_version= »4.21.0&Prime; _module_preset= »default » global_colors_info= »{} » theme_builder_area= »post_content »][et_pb_image src= »https://catholiques17.fr/saintbernardenaunis/wp-content/uploads/sites/13/2024/10/Logo_secours_signature.jpg » title_text= »Logo_secours_signature » align= »center » _builder_version= »4.21.0&Prime; _module_preset= »default » global_colors_info= »{} » theme_builder_area= »post_content »][/et_pb_image][/et_pb_column][/et_pb_row][et_pb_row admin_label= »row » _builder_version= »4.16&Prime; background_size= »initial » background_position= »top_left » background_repeat= »repeat » global_colors_info= »{} » theme_builder_area= »post_content »][et_pb_column type= »4_4&Prime; _builder_version= »4.16&Prime; custom_padding= »||| » global_colors_info= »{} » custom_padding__hover= »||| » theme_builder_area= »post_content »][et_pb_text admin_label= »Text » _builder_version= »4.21.0&Prime; background_size= »initial » background_position= »top_left » background_repeat= »repeat » global_colors_info= »{} » theme_builder_area= »post_content »]<p>L’association vient en aide aux personnes en difficulté. Accueil et écoute autour d’un café ou accueil confidentiel. Boutique solidaire de vêtements. Boutique solidaire, brocantes et meubles.</p>
<p></p>
<p><strong>Lieux d’accueil : </strong>Marans et Charron</p>
<p></p>
<p><strong>Contact : </strong>22 rue Dinot – 17 230 MARANS Téléphone : 05 46 35 11 77 ou 06 47 29 40 84</p>
<p>Mail : <a href="mailto:secourscatholique.marans@orange.fr" target="_blank" rel="noopener">secourscatholique.marans@orange.fr</a></p>
<p></p>
<p>L’accueil téléphonique est assuré au 06 31 33 17 30</p>
<p></p>
<p><!-- /wp:post-content --></p>[/et_pb_text][/et_pb_column][/et_pb_row][/et_pb_section]

<p>L’association vient en aide aux personnes en difficulté. Accueil et écoute autour d’un café ou accueil confidentiel. Boutique solidaire de vêtements. Boutique solidaire, brocantes et meubles. Lieux d’accueil : Marans et [&hellip;]</p>

<!-- wp:paragraph -->
<p>L’association vient en aide aux personnes en difficulté. Accueil et écoute autour d’un café ou accueil confidentiel. Boutique solidaire de vêtements. Boutique solidaire, brocantes et meubles.</p>
<!-- /wp:paragraph -->

<!-- wp:paragraph -->
<p><strong>Lieux d’accueil : </strong>Marans et Charron </p>
<!-- /wp:paragraph -->

<!-- wp:paragraph -->
<p><strong>Contact :&nbsp;</strong>22 rue Dinot – 17 230 MARANS Téléphone : 05 46 35 11 77 Mail : secourscatholique.marans@orange.fr</p>
<!-- /wp:paragraph -->

<!-- wp:paragraph -->
<p><strong>Contact au sein de la paroisse</strong>&nbsp;: Isabelle BERTIN 06 33 24 06 69</p>
<!-- /wp:paragraph -->

<!-- wp:paragraph -->
<p>L’accueil téléphonique est assuré au 06 31 33 17 30.</p>
<!-- /wp:paragraph -->

<!-- wp:paragraph -->
<p>Pour contacter le Secours Catholique de Marans : 05 46 35 11 77 et 06 47 29 40 84</p>
<!-- /wp:paragraph -->
