{"id":4705,"date":"2021-03-23T14:19:37","date_gmt":"2021-03-23T13:19:37","guid":{"rendered":"https:\/\/catholiques17.fr\/saint-bernard\/?page_id=4705"},"modified":"2025-09-04T20:23:38","modified_gmt":"2025-09-04T18:23:38","slug":"chorale","status":"publish","type":"page","link":"https:\/\/catholiques17.fr\/saintbernardenaunis\/services\/chorale\/","title":{"rendered":"Groupe de chant"},"content":{"rendered":"<p>[et_pb_section fb_built=\u00a0\u00bb1&Prime; admin_label=\u00a0\u00bbsection\u00a0\u00bb _builder_version=\u00a0\u00bb4.16&Prime; custom_padding=\u00a0\u00bb0px|||||\u00a0\u00bb global_colors_info=\u00a0\u00bb{}\u00a0\u00bb theme_builder_area=\u00a0\u00bbpost_content\u00a0\u00bb][et_pb_row _builder_version=\u00a0\u00bb4.21.0&Prime; _module_preset=\u00a0\u00bbdefault\u00a0\u00bb global_colors_info=\u00a0\u00bb{}\u00a0\u00bb theme_builder_area=\u00a0\u00bbpost_content\u00a0\u00bb][et_pb_column type=\u00a0\u00bb4_4&Prime; _builder_version=\u00a0\u00bb4.21.0&Prime; _module_preset=\u00a0\u00bbdefault\u00a0\u00bb global_colors_info=\u00a0\u00bb{}\u00a0\u00bb theme_builder_area=\u00a0\u00bbpost_content\u00a0\u00bb][et_pb_image src=\u00a0\u00bbhttps:\/\/catholiques17.fr\/saintbernardenaunis\/wp-content\/uploads\/sites\/13\/2024\/10\/old-music-note-sheet-2023-11-27-05-28-00-utc.jpg\u00a0\u00bb title_text=\u00a0\u00bbold-music-note-sheet-2023-11-27-05-28-00-utc\u00a0\u00bb _builder_version=\u00a0\u00bb4.21.0&Prime; _module_preset=\u00a0\u00bbdefault\u00a0\u00bb global_colors_info=\u00a0\u00bb{}\u00a0\u00bb theme_builder_area=\u00a0\u00bbpost_content\u00a0\u00bb][\/et_pb_image][\/et_pb_column][\/et_pb_row][et_pb_row admin_label=\u00a0\u00bbrow\u00a0\u00bb _builder_version=\u00a0\u00bb4.16&Prime; background_size=\u00a0\u00bbinitial\u00a0\u00bb background_position=\u00a0\u00bbtop_left\u00a0\u00bb background_repeat=\u00a0\u00bbrepeat\u00a0\u00bb global_colors_info=\u00a0\u00bb{}\u00a0\u00bb theme_builder_area=\u00a0\u00bbpost_content\u00a0\u00bb][et_pb_column type=\u00a0\u00bb4_4&Prime; _builder_version=\u00a0\u00bb4.16&Prime; custom_padding=\u00a0\u00bb|||\u00a0\u00bb global_colors_info=\u00a0\u00bb{}\u00a0\u00bb custom_padding__hover=\u00a0\u00bb|||\u00a0\u00bb theme_builder_area=\u00a0\u00bbpost_content\u00a0\u00bb][et_pb_text admin_label=\u00a0\u00bbText\u00a0\u00bb _builder_version=\u00a0\u00bb4.21.0&Prime; background_size=\u00a0\u00bbinitial\u00a0\u00bb background_position=\u00a0\u00bbtop_left\u00a0\u00bb background_repeat=\u00a0\u00bbrepeat\u00a0\u00bb global_colors_info=\u00a0\u00bb{}\u00a0\u00bb theme_builder_area=\u00a0\u00bbpost_content\u00a0\u00bb]<!-- divi:paragraph --><!-- \/divi:paragraph --><\/p>\n<p>Avec la rentr\u00e9e, les r\u00e9p\u00e9titions de chant reprennent pour toutes les personnes aimant chanter. Nous faisons une r\u00e9p\u00e9tition tous les 15 jours de d\u00e9but septembre \u00e0 mi juin. Nous apprenons des nouveaux chants (1 par p\u00e9riode liturgique environ).<\/p>\n<p>Pour le mois de septembre : nous r\u00e9p\u00e9terons le samedi 13 et le samedi 27 septembre de 10 h 30 \u00e0 11 h 30 dans l&rsquo;\u00e9glise de Saint Jean de Liversay.<\/p>\n<p>N&rsquo;h\u00e9sitez pas \u00e0 venir rejoindre ce groupe de chant.<\/p>\n<p>&nbsp;<\/p>\n<p><!-- divi:paragraph --><\/p>\n<p><span style=\"text-decoration: underline\"><strong>Responsable<\/strong><\/span> : Marie-Paule MOUSSET<\/p>\n<p>&nbsp;<\/p>\n<p>&nbsp;<\/p>\n<p>&nbsp;<\/p>\n<p>&nbsp;<\/p>\n<p><!-- \/divi:paragraph -->[\/et_pb_text][\/et_pb_column][\/et_pb_row][\/et_pb_section]<\/p>\n","protected":false},"excerpt":{"rendered":"<p>Avec la rentr\u00e9e, les r\u00e9p\u00e9titions de chant reprennent pour toutes les personnes aimant chanter. Nous faisons une r\u00e9p\u00e9tition tous les 15 jours de d\u00e9but septembre \u00e0 mi juin. Nous apprenons [&hellip;]<\/p>\n","protected":false},"author":5,"featured_media":0,"parent":4693,"menu_order":0,"comment_status":"closed","ping_status":"closed","template":"","meta":{"_et_pb_use_builder":"on","_et_pb_old_content":"<!-- wp:paragraph -->\n<p>La chorale apporte aux eucharisties ou aux liturgies de la parole, l\u2019accompagnement du chant, de la musique et de la voix.<\/p>\n<!-- \/wp:paragraph -->\n\n<!-- wp:paragraph -->\n<p>Elle est un service de l\u2019assembl\u00e9e pour soutenir la pri\u00e8re et\u00a0 le canal d\u2019une rencontre avec Dieu. Elle est au service d\u2019un dialogue avec la Parole de Dieu. Le myst\u00e8re chr\u00e9tien trouve dans le chant une expression qui nous rassemble en un seul corps dans la contemplation des dons de Dieu \u00e0 son \u00c9glise. On ne chante pas pour soi mais pour Dieu et son \u00c9glise. De l\u00e0, il d\u00e9coule que l\u2019art musical doit devenir pri\u00e8re avant d\u2019\u00eatre l\u2019ex\u00e9cution d\u2019une partition f\u00fbt-elle de musique sacr\u00e9e.<\/p>\n<!-- \/wp:paragraph -->\n\n<!-- wp:paragraph -->\n<p><strong>Responsable<\/strong> : Marie-Paule MOUSSET<\/p>\n<!-- \/wp:paragraph -->","_et_gb_content_width":"","footnotes":""},"class_list":["post-4705","page","type-page","status-publish","hentry"],"_links":{"self":[{"href":"https:\/\/catholiques17.fr\/saintbernardenaunis\/wp-json\/wp\/v2\/pages\/4705","targetHints":{"allow":["GET"]}}],"collection":[{"href":"https:\/\/catholiques17.fr\/saintbernardenaunis\/wp-json\/wp\/v2\/pages"}],"about":[{"href":"https:\/\/catholiques17.fr\/saintbernardenaunis\/wp-json\/wp\/v2\/types\/page"}],"author":[{"embeddable":true,"href":"https:\/\/catholiques17.fr\/saintbernardenaunis\/wp-json\/wp\/v2\/users\/5"}],"replies":[{"embeddable":true,"href":"https:\/\/catholiques17.fr\/saintbernardenaunis\/wp-json\/wp\/v2\/comments?post=4705"}],"version-history":[{"count":10,"href":"https:\/\/catholiques17.fr\/saintbernardenaunis\/wp-json\/wp\/v2\/pages\/4705\/revisions"}],"predecessor-version":[{"id":11590,"href":"https:\/\/catholiques17.fr\/saintbernardenaunis\/wp-json\/wp\/v2\/pages\/4705\/revisions\/11590"}],"up":[{"embeddable":true,"href":"https:\/\/catholiques17.fr\/saintbernardenaunis\/wp-json\/wp\/v2\/pages\/4693"}],"wp:attachment":[{"href":"https:\/\/catholiques17.fr\/saintbernardenaunis\/wp-json\/wp\/v2\/media?parent=4705"}],"curies":[{"name":"wp","href":"https:\/\/api.w.org\/{rel}","templated":true}]}}

<p>[et_pb_section fb_built= »1&Prime; admin_label= »section » _builder_version= »4.16&Prime; custom_padding= »0px||||| » global_colors_info= »{} » theme_builder_area= »post_content »][et_pb_row _builder_version= »4.21.0&Prime; _module_preset= »default » global_colors_info= »{} » theme_builder_area= »post_content »][et_pb_column type= »4_4&Prime; _builder_version= »4.21.0&Prime; _module_preset= »default » global_colors_info= »{} » theme_builder_area= »post_content »][et_pb_image src= »https://catholiques17.fr/saintbernardenaunis/wp-content/uploads/sites/13/2024/10/old-music-note-sheet-2023-11-27-05-28-00-utc.jpg » title_text= »old-music-note-sheet-2023-11-27-05-28-00-utc » _builder_version= »4.21.0&Prime; _module_preset= »default » global_colors_info= »{} » theme_builder_area= »post_content »][/et_pb_image][/et_pb_column][/et_pb_row][et_pb_row admin_label= »row » _builder_version= »4.16&Prime; background_size= »initial » background_position= »top_left » background_repeat= »repeat » global_colors_info= »{} » theme_builder_area= »post_content »][et_pb_column type= »4_4&Prime; _builder_version= »4.16&Prime; custom_padding= »||| » global_colors_info= »{} » custom_padding__hover= »||| » theme_builder_area= »post_content »][et_pb_text admin_label= »Text » _builder_version= »4.21.0&Prime; background_size= »initial » background_position= »top_left » background_repeat= »repeat » global_colors_info= »{} » theme_builder_area= »post_content »]<!-- divi:paragraph --><!-- /divi:paragraph --></p>
<p>Avec la rentrée, les répétitions de chant reprennent pour toutes les personnes aimant chanter. Nous faisons une répétition tous les 15 jours de début septembre à mi juin. Nous apprenons des nouveaux chants (1 par période liturgique environ).</p>
<p>Pour le mois de septembre : nous répéterons le samedi 13 et le samedi 27 septembre de 10 h 30 à 11 h 30 dans l&rsquo;église de Saint Jean de Liversay.</p>
<p>N&rsquo;hésitez pas à venir rejoindre ce groupe de chant.</p>
<p>&nbsp;</p>
<p><!-- divi:paragraph --></p>
<p><span style="text-decoration: underline"><strong>Responsable</strong></span> : Marie-Paule MOUSSET</p>
<p>&nbsp;</p>
<p>&nbsp;</p>
<p>&nbsp;</p>
<p>&nbsp;</p>
<p><!-- /divi:paragraph -->[/et_pb_text][/et_pb_column][/et_pb_row][/et_pb_section]</p>

<p>Avec la rentrée, les répétitions de chant reprennent pour toutes les personnes aimant chanter. Nous faisons une répétition tous les 15 jours de début septembre à mi juin. Nous apprenons [&hellip;]</p>

<!-- wp:paragraph -->
<p>La chorale apporte aux eucharisties ou aux liturgies de la parole, l’accompagnement du chant, de la musique et de la voix.</p>
<!-- /wp:paragraph -->

<!-- wp:paragraph -->
<p>Elle est un service de l’assemblée pour soutenir la prière et  le canal d’une rencontre avec Dieu. Elle est au service d’un dialogue avec la Parole de Dieu. Le mystère chrétien trouve dans le chant une expression qui nous rassemble en un seul corps dans la contemplation des dons de Dieu à son Église. On ne chante pas pour soi mais pour Dieu et son Église. De là, il découle que l’art musical doit devenir prière avant d’être l’exécution d’une partition fût-elle de musique sacrée.</p>
<!-- /wp:paragraph -->

<!-- wp:paragraph -->
<p><strong>Responsable</strong> : Marie-Paule MOUSSET</p>
<!-- /wp:paragraph -->
