{"id":4703,"date":"2021-03-23T14:19:06","date_gmt":"2021-03-23T13:19:06","guid":{"rendered":"https:\/\/catholiques17.fr\/saint-bernard\/?page_id=4703"},"modified":"2024-10-14T11:38:13","modified_gmt":"2024-10-14T09:38:13","slug":"lequipe-liturgique","status":"publish","type":"page","link":"https:\/\/catholiques17.fr\/saintbernardenaunis\/services\/lequipe-liturgique\/","title":{"rendered":"L\u2019\u00e9quipe d&rsquo;animation liturgique"},"content":{"rendered":"[et_pb_section fb_built=\u00a0\u00bb1&Prime; admin_label=\u00a0\u00bbsection\u00a0\u00bb _builder_version=\u00a0\u00bb4.16&Prime; global_colors_info=\u00a0\u00bb{}\u00a0\u00bb theme_builder_area=\u00a0\u00bbpost_content\u00a0\u00bb custom_padding=\u00a0\u00bb4px||0px|||\u00a0\u00bb][et_pb_row _builder_version=\u00a0\u00bb4.21.0&Prime; _module_preset=\u00a0\u00bbdefault\u00a0\u00bb theme_builder_area=\u00a0\u00bbpost_content\u00a0\u00bb custom_padding=\u00a0\u00bb4px|||||\u00a0\u00bb][et_pb_column _builder_version=\u00a0\u00bb4.21.0&Prime; _module_preset=\u00a0\u00bbdefault\u00a0\u00bb type=\u00a0\u00bb4_4&Prime; theme_builder_area=\u00a0\u00bbpost_content\u00a0\u00bb][et_pb_image src=\u00a0\u00bbhttps:\/\/catholiques17.fr\/saintbernardenaunis\/wp-content\/uploads\/sites\/13\/2024\/10\/Liturgie.jpg\u00a0\u00bb _builder_version=\u00a0\u00bb4.21.0&Prime; _module_preset=\u00a0\u00bbdefault\u00a0\u00bb theme_builder_area=\u00a0\u00bbpost_content\u00a0\u00bb title_text=\u00a0\u00bbLiturgie\u00a0\u00bb align=\u00a0\u00bbcenter\u00a0\u00bb hover_enabled=\u00a0\u00bb0&Prime; sticky_enabled=\u00a0\u00bb0&Prime;][\/et_pb_image][\/et_pb_column][\/et_pb_row][et_pb_row _builder_version=\u00a0\u00bb4.21.0&Prime; _module_preset=\u00a0\u00bbdefault\u00a0\u00bb theme_builder_area=\u00a0\u00bbpost_content\u00a0\u00bb custom_padding=\u00a0\u00bb||0px|||\u00a0\u00bb][et_pb_column _builder_version=\u00a0\u00bb4.21.0&Prime; _module_preset=\u00a0\u00bbdefault\u00a0\u00bb type=\u00a0\u00bb4_4&Prime; theme_builder_area=\u00a0\u00bbpost_content\u00a0\u00bb][et_pb_text _builder_version=\u00a0\u00bb4.21.0&Prime; _module_preset=\u00a0\u00bbdefault\u00a0\u00bb theme_builder_area=\u00a0\u00bbpost_content\u00a0\u00bb hover_enabled=\u00a0\u00bb0&Prime; sticky_enabled=\u00a0\u00bb0&Prime;]<p>L\u2019\u00e9quipe liturgique a pour r\u00f4le de pr\u00e9parer les messes dominicales. C\u2019est l\u2019occasion de se retrouver pour m\u00e9diter la Parole de DIEU et grandir spirituellement tout en se mettant au service de la communaut\u00e9 paroissiale.<\/p>\n<p>L\u2019\u00e9quipe Liturgique est compos\u00e9e de quelques personnes qui pr\u00e9parent la messe du dimanche dont elles lisent et m\u00e9ditent ensemble les lectures propos\u00e9es.<\/p>\n<p>En lien avec la chorale, elles pr\u00e9voient l\u2019animation de la liturgie : en particulier la Pri\u00e8re Universelle, les chants qui seront retenus, ainsi que les gestes qui seront \u00e9ventuellement mis en valeur en accord avec le pr\u00eatre. Elle peut aussi pr\u00e9voir une introduction \u00e0 la c\u00e9l\u00e9bration dominicale.<\/p>\n<p>Si vous souhaitez participer aux \u00e9quipes liturgiques, la r\u00e9union est ouverte \u00e0 tous.<\/p>\n<p><span style=\"text-decoration: underline;\"><\/span><\/p>\n<p><span style=\"text-decoration: underline;\"><\/span><\/p>\n<p><span style=\"text-decoration: underline;\">Responsable de service<\/span> : Marie-Paule MOUSSET<\/p>\n<p><!-- \/wp:post-content --><\/p>\n<p><!-- wp:paragraph --><\/p>\n<p><!-- \/wp:paragraph --><\/p>\n<p><!-- wp:paragraph --><\/p>\n<p><!-- \/wp:paragraph --><\/p>\n<p><!-- wp:paragraph --><\/p>\n<p><!-- \/wp:paragraph --><\/p>\n<p><!-- wp:paragraph --><\/p>[\/et_pb_text][\/et_pb_column][\/et_pb_row][\/et_pb_section]","protected":false},"excerpt":{"rendered":"<p>L\u2019\u00e9quipe liturgique a pour r\u00f4le de pr\u00e9parer les messes dominicales. C\u2019est l\u2019occasion de se retrouver pour m\u00e9diter la Parole de DIEU et grandir spirituellement tout en se mettant au service [&hellip;]<\/p>\n","protected":false},"author":5,"featured_media":0,"parent":4693,"menu_order":0,"comment_status":"closed","ping_status":"closed","template":"","meta":{"_et_pb_use_builder":"on","_et_pb_old_content":"<!-- wp:paragraph -->\n<p>L\u2019\u00e9quipe liturgique a pour r\u00f4le de pr\u00e9parer les messes dominicales. C\u2019est l\u2019occasion de se retrouver pour m\u00e9diter la Parole de DIEU et grandir spirituellement tout en se mettant au service de la communaut\u00e9 paroissiale.<\/p>\n<!-- \/wp:paragraph -->\n\n<!-- wp:paragraph -->\n<p>L\u2019Equipe Liturgique&nbsp;est compos\u00e9e de quelques personnes qui pr\u00e9parent la messe du dimanche dont elles lisent et m\u00e9ditent ensemble les lectures propos\u00e9es.<\/p>\n<!-- \/wp:paragraph -->\n\n<!-- wp:paragraph -->\n<p>En lien avec la chorale, elles pr\u00e9voient l\u2019animation de la liturgie&nbsp;: en particulier la Pri\u00e8re Universelle, les chants qui seront retenus, ainsi que les gestes qui seront \u00e9ventuellement mis en valeur en accord avec le pr\u00eatre. Elle peut aussi pr\u00e9voir une introduction \u00e0 la c\u00e9l\u00e9bration dominicale.<\/p>\n<!-- \/wp:paragraph -->\n\n<!-- wp:paragraph -->\n<p>Si vous souhaitez participer aux \u00e9quipes liturgiques, la r\u00e9union est ouverte \u00e0 tous.<\/p>\n<!-- \/wp:paragraph -->\n\n<!-- wp:paragraph -->\n<p>Responsable de service : Marie-Paule MOUSSET<\/p>\n<!-- \/wp:paragraph -->\n\n<!-- wp:paragraph -->\n<p><\/p>\n<!-- \/wp:paragraph -->","_et_gb_content_width":"","footnotes":""},"class_list":["post-4703","page","type-page","status-publish","hentry"],"_links":{"self":[{"href":"https:\/\/catholiques17.fr\/saintbernardenaunis\/wp-json\/wp\/v2\/pages\/4703","targetHints":{"allow":["GET"]}}],"collection":[{"href":"https:\/\/catholiques17.fr\/saintbernardenaunis\/wp-json\/wp\/v2\/pages"}],"about":[{"href":"https:\/\/catholiques17.fr\/saintbernardenaunis\/wp-json\/wp\/v2\/types\/page"}],"author":[{"embeddable":true,"href":"https:\/\/catholiques17.fr\/saintbernardenaunis\/wp-json\/wp\/v2\/users\/5"}],"replies":[{"embeddable":true,"href":"https:\/\/catholiques17.fr\/saintbernardenaunis\/wp-json\/wp\/v2\/comments?post=4703"}],"version-history":[{"count":11,"href":"https:\/\/catholiques17.fr\/saintbernardenaunis\/wp-json\/wp\/v2\/pages\/4703\/revisions"}],"predecessor-version":[{"id":10786,"href":"https:\/\/catholiques17.fr\/saintbernardenaunis\/wp-json\/wp\/v2\/pages\/4703\/revisions\/10786"}],"up":[{"embeddable":true,"href":"https:\/\/catholiques17.fr\/saintbernardenaunis\/wp-json\/wp\/v2\/pages\/4693"}],"wp:attachment":[{"href":"https:\/\/catholiques17.fr\/saintbernardenaunis\/wp-json\/wp\/v2\/media?parent=4703"}],"curies":[{"name":"wp","href":"https:\/\/api.w.org\/{rel}","templated":true}]}}

L’équipe d&rsquo;animation liturgique

[et_pb_section fb_built= »1&Prime; admin_label= »section » _builder_version= »4.16&Prime; global_colors_info= »{} » theme_builder_area= »post_content » custom_padding= »4px||0px||| »][et_pb_row _builder_version= »4.21.0&Prime; _module_preset= »default » theme_builder_area= »post_content » custom_padding= »4px||||| »][et_pb_column _builder_version= »4.21.0&Prime; _module_preset= »default » type= »4_4&Prime; theme_builder_area= »post_content »][et_pb_image src= »https://catholiques17.fr/saintbernardenaunis/wp-content/uploads/sites/13/2024/10/Liturgie.jpg » _builder_version= »4.21.0&Prime; _module_preset= »default » theme_builder_area= »post_content » title_text= »Liturgie » align= »center » hover_enabled= »0&Prime; sticky_enabled= »0&Prime;][/et_pb_image][/et_pb_column][/et_pb_row][et_pb_row _builder_version= »4.21.0&Prime; _module_preset= »default » theme_builder_area= »post_content » custom_padding= »||0px||| »][et_pb_column _builder_version= »4.21.0&Prime; _module_preset= »default » type= »4_4&Prime; theme_builder_area= »post_content »][et_pb_text _builder_version= »4.21.0&Prime; _module_preset= »default » theme_builder_area= »post_content » hover_enabled= »0&Prime; sticky_enabled= »0&Prime;]<p>L’équipe liturgique a pour rôle de préparer les messes dominicales. C’est l’occasion de se retrouver pour méditer la Parole de DIEU et grandir spirituellement tout en se mettant au service de la communauté paroissiale.</p>
<p>L’équipe Liturgique est composée de quelques personnes qui préparent la messe du dimanche dont elles lisent et méditent ensemble les lectures proposées.</p>
<p>En lien avec la chorale, elles prévoient l’animation de la liturgie : en particulier la Prière Universelle, les chants qui seront retenus, ainsi que les gestes qui seront éventuellement mis en valeur en accord avec le prêtre. Elle peut aussi prévoir une introduction à la célébration dominicale.</p>
<p>Si vous souhaitez participer aux équipes liturgiques, la réunion est ouverte à tous.</p>
<p><span style="text-decoration: underline;"></span></p>
<p><span style="text-decoration: underline;"></span></p>
<p><span style="text-decoration: underline;">Responsable de service</span> : Marie-Paule MOUSSET</p>
<p><!-- /wp:post-content --></p>
<p><!-- wp:paragraph --></p>
<p><!-- /wp:paragraph --></p>
<p><!-- wp:paragraph --></p>
<p><!-- /wp:paragraph --></p>
<p><!-- wp:paragraph --></p>
<p><!-- /wp:paragraph --></p>
<p><!-- wp:paragraph --></p>[/et_pb_text][/et_pb_column][/et_pb_row][/et_pb_section]

<p>L’équipe liturgique a pour rôle de préparer les messes dominicales. C’est l’occasion de se retrouver pour méditer la Parole de DIEU et grandir spirituellement tout en se mettant au service [&hellip;]</p>

<!-- wp:paragraph -->
<p>L’équipe liturgique a pour rôle de préparer les messes dominicales. C’est l’occasion de se retrouver pour méditer la Parole de DIEU et grandir spirituellement tout en se mettant au service de la communauté paroissiale.</p>
<!-- /wp:paragraph -->

<!-- wp:paragraph -->
<p>L’Equipe Liturgique&nbsp;est composée de quelques personnes qui préparent la messe du dimanche dont elles lisent et méditent ensemble les lectures proposées.</p>
<!-- /wp:paragraph -->

<!-- wp:paragraph -->
<p>En lien avec la chorale, elles prévoient l’animation de la liturgie&nbsp;: en particulier la Prière Universelle, les chants qui seront retenus, ainsi que les gestes qui seront éventuellement mis en valeur en accord avec le prêtre. Elle peut aussi prévoir une introduction à la célébration dominicale.</p>
<!-- /wp:paragraph -->

<!-- wp:paragraph -->
<p>Si vous souhaitez participer aux équipes liturgiques, la réunion est ouverte à tous.</p>
<!-- /wp:paragraph -->

<!-- wp:paragraph -->
<p>Responsable de service : Marie-Paule MOUSSET</p>
<!-- /wp:paragraph -->

<!-- wp:paragraph -->
<p></p>
<!-- /wp:paragraph -->
