{"id":4695,"date":"2021-03-23T14:17:08","date_gmt":"2021-03-23T13:17:08","guid":{"rendered":"https:\/\/catholiques17.fr\/saint-bernard\/?page_id=4695"},"modified":"2026-01-17T17:32:41","modified_gmt":"2026-01-17T16:32:41","slug":"lequipe-pastorale","status":"publish","type":"page","link":"https:\/\/catholiques17.fr\/saintbernardenaunis\/paroisse\/lequipe-pastorale\/","title":{"rendered":"L\u2019\u00e9quipe pastorale"},"content":{"rendered":"[et_pb_section fb_built=\u00a0\u00bb1&Prime; admin_label=\u00a0\u00bbsection\u00a0\u00bb _builder_version=\u00a0\u00bb4.16&Prime; custom_padding=\u00a0\u00bb3px|||||\u00a0\u00bb global_colors_info=\u00a0\u00bb{}\u00a0\u00bb theme_builder_area=\u00a0\u00bbpost_content\u00a0\u00bb][et_pb_row _builder_version=\u00a0\u00bb4.21.0&Prime; _module_preset=\u00a0\u00bbdefault\u00a0\u00bb custom_padding=\u00a0\u00bb0px|||||\u00a0\u00bb global_colors_info=\u00a0\u00bb{}\u00a0\u00bb theme_builder_area=\u00a0\u00bbpost_content\u00a0\u00bb][et_pb_column type=\u00a0\u00bb4_4&Prime; _builder_version=\u00a0\u00bb4.21.0&Prime; _module_preset=\u00a0\u00bbdefault\u00a0\u00bb global_colors_info=\u00a0\u00bb{}\u00a0\u00bb theme_builder_area=\u00a0\u00bbpost_content\u00a0\u00bb][et_pb_image src=\u00a0\u00bbhttps:\/\/catholiques17.fr\/saintbernardenaunis\/wp-content\/uploads\/sites\/13\/2024\/10\/Equipe-pastorale.png\u00a0\u00bb title_text=\u00a0\u00bbEquipe pastorale\u00a0\u00bb align=\u00a0\u00bbcenter\u00a0\u00bb _builder_version=\u00a0\u00bb4.21.0&Prime; _module_preset=\u00a0\u00bbdefault\u00a0\u00bb global_colors_info=\u00a0\u00bb{}\u00a0\u00bb theme_builder_area=\u00a0\u00bbpost_content\u00a0\u00bb][\/et_pb_image][\/et_pb_column][\/et_pb_row][et_pb_row admin_label=\u00a0\u00bbrow\u00a0\u00bb _builder_version=\u00a0\u00bb4.16&Prime; background_size=\u00a0\u00bbinitial\u00a0\u00bb background_position=\u00a0\u00bbtop_left\u00a0\u00bb background_repeat=\u00a0\u00bbrepeat\u00a0\u00bb custom_padding=\u00a0\u00bb6px|||||\u00a0\u00bb global_colors_info=\u00a0\u00bb{}\u00a0\u00bb theme_builder_area=\u00a0\u00bbpost_content\u00a0\u00bb][et_pb_column type=\u00a0\u00bb4_4&Prime; _builder_version=\u00a0\u00bb4.16&Prime; custom_padding=\u00a0\u00bb|||\u00a0\u00bb global_colors_info=\u00a0\u00bb{}\u00a0\u00bb custom_padding__hover=\u00a0\u00bb|||\u00a0\u00bb theme_builder_area=\u00a0\u00bbpost_content\u00a0\u00bb][et_pb_text admin_label=\u00a0\u00bbText\u00a0\u00bb _builder_version=\u00a0\u00bb4.16&Prime; background_size=\u00a0\u00bbinitial\u00a0\u00bb background_position=\u00a0\u00bbtop_left\u00a0\u00bb background_repeat=\u00a0\u00bbrepeat\u00a0\u00bb global_colors_info=\u00a0\u00bb{}\u00a0\u00bb theme_builder_area=\u00a0\u00bbpost_content\u00a0\u00bb]<p><\/p>\n<p>L\u2019\u00e9quipe pastorale est constitu\u00e9e du pr\u00eatre et de membres appel\u00e9s la\u00efcs r\u00e9sidant sur le territoire de l\u2019ensemble pastoral ou y exer\u00e7ant une mission pastorale. La dur\u00e9e du mandat est de 3 ans renouvelable deux fois.<br \/>Sa mission est d\u2019apporter son concours \u00e0 l\u2019exercice de la charge pastorale du cur\u00e9.<br \/><br \/>Elle veille en particulier \u00e0 ce que soient assur\u00e9s les trois grands services qui caract\u00e9risent la vie et la mission de l\u2019 Eglise :<br \/>\u2013 le service de la charit\u00e9 envers la population du secteur et en particulier envers les petits et les pauvres,<br \/>\u2013 le service du t\u00e9moignage, de l\u2019annonce et de l\u2019invitation \u00e0 \u00e9couter et rencontrer Celui qui nous fait vivre,<br \/>\u2013 le service de la gr\u00e2ce de Dieu par l\u2019\u00e9coute de sa Parole, la pri\u00e8re, la c\u00e9l\u00e9bration et la vie des sacrements de la foi.<br \/><br \/>Elle veille \u00e0 l\u2019information et aux coordinations n\u00e9cessaires entre les communaut\u00e9s locales, les mouvements et services de la paroisse, aux liens avec le doyenn\u00e9 et l\u2019Eglise dioc\u00e9saine.<br \/>Elle s\u2019efforce avec le cur\u00e9, de d\u00e9cider, de mettre en \u0153uvre et de coordonner les activit\u00e9s habituelles ou exceptionnelles de la paroisse.<br \/>Elle a \u00e0 c\u0153ur de favoriser la communion fraternelle. Le r\u00f4le de l\u2019Equipe Pastorale n\u2019est pas de tout faire mais de veiller \u00e0 ce que la paroisse et les communaut\u00e9s locales, par l\u2019engagement de ses membres, assurent la vie et la mission de l\u2019 Eglise dans les diff\u00e9rentes communes de la paroisse.<\/p>\n<p><\/p>[\/et_pb_text][\/et_pb_column][\/et_pb_row][et_pb_row _builder_version=\u00a0\u00bb4.21.0&Prime; _module_preset=\u00a0\u00bbdefault\u00a0\u00bb global_colors_info=\u00a0\u00bb{}\u00a0\u00bb theme_builder_area=\u00a0\u00bbpost_content\u00a0\u00bb][et_pb_column type=\u00a0\u00bb4_4&Prime; _builder_version=\u00a0\u00bb4.21.0&Prime; _module_preset=\u00a0\u00bbdefault\u00a0\u00bb global_colors_info=\u00a0\u00bb{}\u00a0\u00bb theme_builder_area=\u00a0\u00bbpost_content\u00a0\u00bb][et_pb_divider color=\u00a0\u00bb#FF5F2E\u00a0\u00bb _builder_version=\u00a0\u00bb4.21.0&Prime; _module_preset=\u00a0\u00bbdefault\u00a0\u00bb global_colors_info=\u00a0\u00bb{}\u00a0\u00bb theme_builder_area=\u00a0\u00bbpost_content\u00a0\u00bb][\/et_pb_divider][\/et_pb_column][\/et_pb_row][et_pb_row _builder_version=\u00a0\u00bb4.21.0&Prime; _module_preset=\u00a0\u00bbdefault\u00a0\u00bb global_colors_info=\u00a0\u00bb{}\u00a0\u00bb theme_builder_area=\u00a0\u00bbpost_content\u00a0\u00bb][et_pb_column type=\u00a0\u00bb4_4&Prime; _builder_version=\u00a0\u00bb4.21.0&Prime; _module_preset=\u00a0\u00bbdefault\u00a0\u00bb global_colors_info=\u00a0\u00bb{}\u00a0\u00bb theme_builder_area=\u00a0\u00bbpost_content\u00a0\u00bb][et_pb_text _builder_version=\u00a0\u00bb4.21.0&Prime; _module_preset=\u00a0\u00bbdefault\u00a0\u00bb global_colors_info=\u00a0\u00bb{}\u00a0\u00bb theme_builder_area=\u00a0\u00bbpost_content\u00a0\u00bb]<p style=\"text-align: center\"><strong>Les membres de l\u2019\u00e9quipe pastorale de la paroisse Saint-Bernard en Aunis sont\u00a0:<\/strong><\/p>\n<p style=\"text-align: center\">P\u00e8re Auxence PAYIMA (cur\u00e9), Mmes Jenny Tardif et Odile Joris, M. Pierre-Yves Merckel\u00a0<\/p>\n<p style=\"text-align: center\"><!-- \/wp:post-content --><\/p>\n<p style=\"text-align: center\"><!-- wp:list-item --><\/p>[\/et_pb_text][\/et_pb_column][\/et_pb_row][\/et_pb_section]","protected":false},"excerpt":{"rendered":"<p>L\u2019\u00e9quipe pastorale est constitu\u00e9e du pr\u00eatre et de membres appel\u00e9s la\u00efcs r\u00e9sidant sur le territoire de l\u2019ensemble pastoral ou y exer\u00e7ant une mission pastorale. La dur\u00e9e du mandat est de [&hellip;]<\/p>\n","protected":false},"author":5,"featured_media":0,"parent":10595,"menu_order":0,"comment_status":"closed","ping_status":"closed","template":"","meta":{"_et_pb_use_builder":"on","_et_pb_old_content":"<!-- wp:paragraph -->\n<p>L\u2019\u00e9quipe pastorale est constitu\u00e9e du pr\u00eatre et de membres appel\u00e9s la\u00efcs r\u00e9sidant sur le territoire de l\u2019ensemble pastoral ou y exer\u00e7ant une mission pastorale. La dur\u00e9e du mandat est de 3 ans renouvelable deux fois.<br>Sa mission est d\u2019apporter son concours \u00e0 l\u2019exercice de la charge pastorale du cur\u00e9.<br><br>Elle veille en particulier \u00e0 ce que soient assur\u00e9s les trois grands services qui caract\u00e9risent la vie et la mission de l\u2019 Eglise :<br>\u2013 le service de la charit\u00e9 envers la population du secteur et en particulier envers les petits et les pauvres,<br>\u2013 le service du t\u00e9moignage, de l\u2019annonce et de l\u2019invitation \u00e0 \u00e9couter et rencontrer Celui qui nous fait vivre,<br>\u2013 le service de la gr\u00e2ce de Dieu par l\u2019\u00e9coute de sa Parole, la pri\u00e8re, la c\u00e9l\u00e9bration et la vie des sacrements de la foi.<br><br>Elle veille \u00e0 l\u2019information et aux coordinations n\u00e9cessaires entre les communaut\u00e9s locales, les mouvements et services de la paroisse, aux liens avec le doyenn\u00e9 et l\u2019Eglise dioc\u00e9saine.<br>Elle s\u2019efforce avec le cur\u00e9, de d\u00e9cider, de mettre en \u0153uvre et de coordonner les activit\u00e9s habituelles ou exceptionnelles de la paroisse.<br>Elle a \u00e0 c\u0153ur de favoriser la communion fraternelle. Le r\u00f4le de l\u2019Equipe Pastorale n\u2019est pas de tout faire mais de veiller \u00e0 ce que la paroisse et les communaut\u00e9s locales, par l\u2019engagement de ses membres, assurent la vie et la mission de l\u2019 Eglise dans les diff\u00e9rentes communes de la paroisse.<\/p>\n<!-- \/wp:paragraph -->\n\n<!-- wp:paragraph -->\n<p>Les membres de l\u2019\u00e9quipe pastorale de la paroisse Saint-Bernard en Aunis sont\u00a0:<br><strong>P\u00e8re Auxence PAYIMA <\/strong>: Cur\u00e9<\/p>\n<!-- \/wp:paragraph -->\n\n<!-- wp:group -->\n<div class=\"wp-block-group\"><!-- wp:paragraph -->\n<p><\/p>\n<!-- \/wp:paragraph -->\n\n<!-- wp:list -->\n<ul><!-- wp:list-item -->\n<li><strong>Florence Maire<\/strong>&nbsp;: la\u00efque missionn\u00e9e<\/li>\n<!-- \/wp:list-item -->\n\n<!-- wp:list-item -->\n<li><strong>Odile Joris :<\/strong> la\u00efque missionn\u00e9e<\/li>\n<!-- \/wp:list-item -->\n\n<!-- wp:list-item -->\n<li><strong>Pierre-Yves Merckel<\/strong> : la\u00efc missionn\u00e9<\/li>\n<!-- \/wp:list-item -->\n\n<!-- wp:list-item -->\n<li><strong>Jenny TARDIF<\/strong> (en discernement)<\/li>\n<!-- \/wp:list-item --><\/ul>\n<!-- \/wp:list --><\/div>\n<!-- \/wp:group -->","_et_gb_content_width":"","footnotes":""},"class_list":["post-4695","page","type-page","status-publish","hentry"],"_links":{"self":[{"href":"https:\/\/catholiques17.fr\/saintbernardenaunis\/wp-json\/wp\/v2\/pages\/4695","targetHints":{"allow":["GET"]}}],"collection":[{"href":"https:\/\/catholiques17.fr\/saintbernardenaunis\/wp-json\/wp\/v2\/pages"}],"about":[{"href":"https:\/\/catholiques17.fr\/saintbernardenaunis\/wp-json\/wp\/v2\/types\/page"}],"author":[{"embeddable":true,"href":"https:\/\/catholiques17.fr\/saintbernardenaunis\/wp-json\/wp\/v2\/users\/5"}],"replies":[{"embeddable":true,"href":"https:\/\/catholiques17.fr\/saintbernardenaunis\/wp-json\/wp\/v2\/comments?post=4695"}],"version-history":[{"count":12,"href":"https:\/\/catholiques17.fr\/saintbernardenaunis\/wp-json\/wp\/v2\/pages\/4695\/revisions"}],"predecessor-version":[{"id":11772,"href":"https:\/\/catholiques17.fr\/saintbernardenaunis\/wp-json\/wp\/v2\/pages\/4695\/revisions\/11772"}],"up":[{"embeddable":true,"href":"https:\/\/catholiques17.fr\/saintbernardenaunis\/wp-json\/wp\/v2\/pages\/10595"}],"wp:attachment":[{"href":"https:\/\/catholiques17.fr\/saintbernardenaunis\/wp-json\/wp\/v2\/media?parent=4695"}],"curies":[{"name":"wp","href":"https:\/\/api.w.org\/{rel}","templated":true}]}}

L’équipe pastorale

[et_pb_section fb_built= »1&Prime; admin_label= »section » _builder_version= »4.16&Prime; custom_padding= »3px||||| » global_colors_info= »{} » theme_builder_area= »post_content »][et_pb_row _builder_version= »4.21.0&Prime; _module_preset= »default » custom_padding= »0px||||| » global_colors_info= »{} » theme_builder_area= »post_content »][et_pb_column type= »4_4&Prime; _builder_version= »4.21.0&Prime; _module_preset= »default » global_colors_info= »{} » theme_builder_area= »post_content »][et_pb_image src= »https://catholiques17.fr/saintbernardenaunis/wp-content/uploads/sites/13/2024/10/Equipe-pastorale.png » title_text= »Equipe pastorale » align= »center » _builder_version= »4.21.0&Prime; _module_preset= »default » global_colors_info= »{} » theme_builder_area= »post_content »][/et_pb_image][/et_pb_column][/et_pb_row][et_pb_row admin_label= »row » _builder_version= »4.16&Prime; background_size= »initial » background_position= »top_left » background_repeat= »repeat » custom_padding= »6px||||| » global_colors_info= »{} » theme_builder_area= »post_content »][et_pb_column type= »4_4&Prime; _builder_version= »4.16&Prime; custom_padding= »||| » global_colors_info= »{} » custom_padding__hover= »||| » theme_builder_area= »post_content »][et_pb_text admin_label= »Text » _builder_version= »4.16&Prime; background_size= »initial » background_position= »top_left » background_repeat= »repeat » global_colors_info= »{} » theme_builder_area= »post_content »]<p></p>
<p>L’équipe pastorale est constituée du prêtre et de membres appelés laïcs résidant sur le territoire de l’ensemble pastoral ou y exerçant une mission pastorale. La durée du mandat est de 3 ans renouvelable deux fois.<br />Sa mission est d’apporter son concours à l’exercice de la charge pastorale du curé.<br /><br />Elle veille en particulier à ce que soient assurés les trois grands services qui caractérisent la vie et la mission de l’ Eglise :<br />– le service de la charité envers la population du secteur et en particulier envers les petits et les pauvres,<br />– le service du témoignage, de l’annonce et de l’invitation à écouter et rencontrer Celui qui nous fait vivre,<br />– le service de la grâce de Dieu par l’écoute de sa Parole, la prière, la célébration et la vie des sacrements de la foi.<br /><br />Elle veille à l’information et aux coordinations nécessaires entre les communautés locales, les mouvements et services de la paroisse, aux liens avec le doyenné et l’Eglise diocésaine.<br />Elle s’efforce avec le curé, de décider, de mettre en œuvre et de coordonner les activités habituelles ou exceptionnelles de la paroisse.<br />Elle a à cœur de favoriser la communion fraternelle. Le rôle de l’Equipe Pastorale n’est pas de tout faire mais de veiller à ce que la paroisse et les communautés locales, par l’engagement de ses membres, assurent la vie et la mission de l’ Eglise dans les différentes communes de la paroisse.</p>
<p></p>[/et_pb_text][/et_pb_column][/et_pb_row][et_pb_row _builder_version= »4.21.0&Prime; _module_preset= »default » global_colors_info= »{} » theme_builder_area= »post_content »][et_pb_column type= »4_4&Prime; _builder_version= »4.21.0&Prime; _module_preset= »default » global_colors_info= »{} » theme_builder_area= »post_content »][et_pb_divider color= »#FF5F2E » _builder_version= »4.21.0&Prime; _module_preset= »default » global_colors_info= »{} » theme_builder_area= »post_content »][/et_pb_divider][/et_pb_column][/et_pb_row][et_pb_row _builder_version= »4.21.0&Prime; _module_preset= »default » global_colors_info= »{} » theme_builder_area= »post_content »][et_pb_column type= »4_4&Prime; _builder_version= »4.21.0&Prime; _module_preset= »default » global_colors_info= »{} » theme_builder_area= »post_content »][et_pb_text _builder_version= »4.21.0&Prime; _module_preset= »default » global_colors_info= »{} » theme_builder_area= »post_content »]<p style="text-align: center"><strong>Les membres de l’équipe pastorale de la paroisse Saint-Bernard en Aunis sont :</strong></p>
<p style="text-align: center">Père Auxence PAYIMA (curé), Mmes Jenny Tardif et Odile Joris, M. Pierre-Yves Merckel </p>
<p style="text-align: center"><!-- /wp:post-content --></p>
<p style="text-align: center"><!-- wp:list-item --></p>[/et_pb_text][/et_pb_column][/et_pb_row][/et_pb_section]

<p>L’équipe pastorale est constituée du prêtre et de membres appelés laïcs résidant sur le territoire de l’ensemble pastoral ou y exerçant une mission pastorale. La durée du mandat est de [&hellip;]</p>

<!-- wp:paragraph -->
<p>L’équipe pastorale est constituée du prêtre et de membres appelés laïcs résidant sur le territoire de l’ensemble pastoral ou y exerçant une mission pastorale. La durée du mandat est de 3 ans renouvelable deux fois.<br>Sa mission est d’apporter son concours à l’exercice de la charge pastorale du curé.<br><br>Elle veille en particulier à ce que soient assurés les trois grands services qui caractérisent la vie et la mission de l’ Eglise :<br>– le service de la charité envers la population du secteur et en particulier envers les petits et les pauvres,<br>– le service du témoignage, de l’annonce et de l’invitation à écouter et rencontrer Celui qui nous fait vivre,<br>– le service de la grâce de Dieu par l’écoute de sa Parole, la prière, la célébration et la vie des sacrements de la foi.<br><br>Elle veille à l’information et aux coordinations nécessaires entre les communautés locales, les mouvements et services de la paroisse, aux liens avec le doyenné et l’Eglise diocésaine.<br>Elle s’efforce avec le curé, de décider, de mettre en œuvre et de coordonner les activités habituelles ou exceptionnelles de la paroisse.<br>Elle a à cœur de favoriser la communion fraternelle. Le rôle de l’Equipe Pastorale n’est pas de tout faire mais de veiller à ce que la paroisse et les communautés locales, par l’engagement de ses membres, assurent la vie et la mission de l’ Eglise dans les différentes communes de la paroisse.</p>
<!-- /wp:paragraph -->

<!-- wp:paragraph -->
<p>Les membres de l’équipe pastorale de la paroisse Saint-Bernard en Aunis sont :<br><strong>Père Auxence PAYIMA </strong>: Curé</p>
<!-- /wp:paragraph -->

<!-- wp:group -->
<div class="wp-block-group"><!-- wp:paragraph -->
<p></p>
<!-- /wp:paragraph -->

<!-- wp:list -->
<ul><!-- wp:list-item -->
<li><strong>Florence Maire</strong>&nbsp;: laïque missionnée</li>
<!-- /wp:list-item -->

<!-- wp:list-item -->
<li><strong>Odile Joris :</strong> laïque missionnée</li>
<!-- /wp:list-item -->

<!-- wp:list-item -->
<li><strong>Pierre-Yves Merckel</strong> : laïc missionné</li>
<!-- /wp:list-item -->

<!-- wp:list-item -->
<li><strong>Jenny TARDIF</strong> (en discernement)</li>
<!-- /wp:list-item --></ul>
<!-- /wp:list --></div>
<!-- /wp:group -->
