{"id":10849,"date":"2024-10-14T17:09:01","date_gmt":"2024-10-14T15:09:01","guid":{"rendered":"https:\/\/catholiques17.fr\/saintbernardenaunis\/?page_id=10849"},"modified":"2024-10-16T11:20:56","modified_gmt":"2024-10-16T09:20:56","slug":"saint-cyr-du-doret","status":"publish","type":"page","link":"https:\/\/catholiques17.fr\/saintbernardenaunis\/nos-eglises\/saint-cyr-du-doret\/","title":{"rendered":"Saint Cyr du Doret"},"content":{"rendered":"<p>[et_pb_section fb_built=\u00a0\u00bb1&Prime; _builder_version=\u00a0\u00bb4.21.0&Prime; _module_preset=\u00a0\u00bbdefault\u00a0\u00bb custom_padding=\u00a0\u00bb5px|||||\u00a0\u00bb global_colors_info=\u00a0\u00bb{}\u00a0\u00bb theme_builder_area=\u00a0\u00bbet_body_layout\u00a0\u00bb][et_pb_row _builder_version=\u00a0\u00bb4.21.0&Prime; _module_preset=\u00a0\u00bbdefault\u00a0\u00bb custom_padding=\u00a0\u00bb0px|||||\u00a0\u00bb global_colors_info=\u00a0\u00bb{}\u00a0\u00bb theme_builder_area=\u00a0\u00bbet_body_layout\u00a0\u00bb][et_pb_column type=\u00a0\u00bb4_4&Prime; _builder_version=\u00a0\u00bb4.21.0&Prime; _module_preset=\u00a0\u00bbdefault\u00a0\u00bb global_colors_info=\u00a0\u00bb{}\u00a0\u00bb theme_builder_area=\u00a0\u00bbet_body_layout\u00a0\u00bb][et_pb_image src=\u00a0\u00bbhttps:\/\/catholiques17.fr\/saintbernardenaunis\/wp-content\/uploads\/sites\/13\/2024\/10\/St-Cyr.jpg\u00a0\u00bb title_text=\u00a0\u00bbSt Cyr\u00a0\u00bb _builder_version=\u00a0\u00bb4.21.0&Prime; _module_preset=\u00a0\u00bbdefault\u00a0\u00bb hover_enabled=\u00a0\u00bb0&Prime; global_colors_info=\u00a0\u00bb{}\u00a0\u00bb theme_builder_area=\u00a0\u00bbet_body_layout\u00a0\u00bb align=\u00a0\u00bbcenter\u00a0\u00bb sticky_enabled=\u00a0\u00bb0&Prime;][\/et_pb_image][\/et_pb_column][\/et_pb_row][et_pb_row _builder_version=\u00a0\u00bb4.21.0&Prime; _module_preset=\u00a0\u00bbdefault\u00a0\u00bb global_colors_info=\u00a0\u00bb{}\u00a0\u00bb theme_builder_area=\u00a0\u00bbet_body_layout\u00a0\u00bb][et_pb_column type=\u00a0\u00bb4_4&Prime; _builder_version=\u00a0\u00bb4.21.0&Prime; _module_preset=\u00a0\u00bbdefault\u00a0\u00bb global_colors_info=\u00a0\u00bb{}\u00a0\u00bb theme_builder_area=\u00a0\u00bbet_body_layout\u00a0\u00bb][et_pb_text _builder_version=\u00a0\u00bb4.21.0&Prime; _module_preset=\u00a0\u00bbdefault\u00a0\u00bb hover_enabled=\u00a0\u00bb0&Prime; global_colors_info=\u00a0\u00bb{}\u00a0\u00bb theme_builder_area=\u00a0\u00bbet_body_layout\u00a0\u00bb sticky_enabled=\u00a0\u00bb0&Prime;]<\/p>\n<p><strong>Eglise St Cyriaque \u00e0 St Cyr-du-Doret<br \/><\/strong><\/p>\n<p><em>Vos contacts locaux : Gislaine GOT\u00a006 09 42 04 43 et Arlette\u00a0LANGLES 05 46 01 84 94<br \/><\/em><\/p>\n<p>[\/et_pb_text][\/et_pb_column][\/et_pb_row][et_pb_row _builder_version=\u00a0\u00bb4.21.0&Prime; _module_preset=\u00a0\u00bbdefault\u00a0\u00bb global_colors_info=\u00a0\u00bb{}\u00a0\u00bb theme_builder_area=\u00a0\u00bbet_body_layout\u00a0\u00bb][et_pb_column type=\u00a0\u00bb4_4&Prime; _builder_version=\u00a0\u00bb4.21.0&Prime; _module_preset=\u00a0\u00bbdefault\u00a0\u00bb global_colors_info=\u00a0\u00bb{}\u00a0\u00bb theme_builder_area=\u00a0\u00bbet_body_layout\u00a0\u00bb][et_pb_text _builder_version=\u00a0\u00bb4.21.0&Prime; _module_preset=\u00a0\u00bbdefault\u00a0\u00bb hover_enabled=\u00a0\u00bb0&Prime; global_colors_info=\u00a0\u00bb{}\u00a0\u00bb theme_builder_area=\u00a0\u00bbet_body_layout\u00a0\u00bb sticky_enabled=\u00a0\u00bb0&Prime;]<\/p>\n<div class=\"description-content\">\n<p>L\u2019Eglise de Saint Cyr du Doret \u00e9tait un prieur\u00e9 de l\u2019Abbaye de Maillezais. En 1663, elle \u00e9tait encore vo\u00fbt\u00e9e puis d\u00e8s 1699, elle se d\u00e9t\u00e9riora.<\/p>\n<p>En effet, on notait que \u201cla vo\u00fbte est crev\u00e9e en plusieurs endroits, il s\u2019est d\u00e9tach\u00e9 des pierres et le clocher menace de ruine.\u201d Pourtant, le b\u00e2timent ne v\u00eet aucun projet de r\u00e9novation s\u2019annoncer jusqu\u2019en 1732.<\/p>\n<p>Il semble que l\u2019\u00e9difice actuel date de la fin du XVIII\u00e8me si\u00e8cle, le XIX\u00e8me si\u00e8cle n\u2019y ayant effectu\u00e9 que quelques travaux (en 1897 plus exactement). A l\u2019ouest, la fa\u00e7ade principale est de style n\u00e9o-classique et un long b\u00e2timent pr\u00e9sentant plusieurs petites fen\u00eatres chanfrein\u00e9es de la fin du moyen \u00e2ge se greffent sur le flanc nord de l\u2019\u00e9glise. Il doit s\u2019agir de l\u2019ancien prieur\u00e9. A l\u2019int\u00e9rieur, le retable qui isole une petite sacristie para\u00eet ancien, m\u00eame si la d\u00e9coration a \u00e9t\u00e9 consid\u00e9rablement rafra\u00eechie au XIX\u00e8me si\u00e8cle.<\/p>\n<p>Il existait jadis \u00e0 Margot une d\u00e9pendance de la commanderie de Saint Jean du P\u00e9rot. Elle n\u2019est pas connue avant le XV\u00e8me si\u00e8cle et un document de 1564 la d\u00e9crit dans le d\u00e9tail. La chapelle d\u00e9di\u00e9e \u00e0 Saint Jean Baptiste fut r\u00e9duite de moiti\u00e9 vers 1695, mais une messe y \u00e9tait toujours c\u00e9l\u00e9br\u00e9e chaque semaine. Il subsiste une fen\u00eatre du XV\u00e8me si\u00e8cle dans un b\u00e2timent agricole.<\/p>\n<p class=\"detaille\">\n<\/div>\n<p><em>Source :www.intramuros.org<\/em><\/p>\n<p>[\/et_pb_text][\/et_pb_column][\/et_pb_row][\/et_pb_section]<\/p>\n","protected":false},"excerpt":{"rendered":"<p>Eglise St Cyriaque \u00e0 St Cyr-du-Doret Vos contacts locaux : Gislaine GOT\u00a006 09 42 04 43 et Arlette\u00a0LANGLES 05 46 01 84 94 L\u2019Eglise de Saint Cyr du Doret \u00e9tait [&hellip;]<\/p>\n","protected":false},"author":4,"featured_media":0,"parent":4729,"menu_order":0,"comment_status":"closed","ping_status":"closed","template":"","meta":{"_et_pb_use_builder":"on","_et_pb_old_content":"","_et_gb_content_width":"","footnotes":""},"class_list":["post-10849","page","type-page","status-publish","hentry"],"_links":{"self":[{"href":"https:\/\/catholiques17.fr\/saintbernardenaunis\/wp-json\/wp\/v2\/pages\/10849","targetHints":{"allow":["GET"]}}],"collection":[{"href":"https:\/\/catholiques17.fr\/saintbernardenaunis\/wp-json\/wp\/v2\/pages"}],"about":[{"href":"https:\/\/catholiques17.fr\/saintbernardenaunis\/wp-json\/wp\/v2\/types\/page"}],"author":[{"embeddable":true,"href":"https:\/\/catholiques17.fr\/saintbernardenaunis\/wp-json\/wp\/v2\/users\/4"}],"replies":[{"embeddable":true,"href":"https:\/\/catholiques17.fr\/saintbernardenaunis\/wp-json\/wp\/v2\/comments?post=10849"}],"version-history":[{"count":4,"href":"https:\/\/catholiques17.fr\/saintbernardenaunis\/wp-json\/wp\/v2\/pages\/10849\/revisions"}],"predecessor-version":[{"id":10937,"href":"https:\/\/catholiques17.fr\/saintbernardenaunis\/wp-json\/wp\/v2\/pages\/10849\/revisions\/10937"}],"up":[{"embeddable":true,"href":"https:\/\/catholiques17.fr\/saintbernardenaunis\/wp-json\/wp\/v2\/pages\/4729"}],"wp:attachment":[{"href":"https:\/\/catholiques17.fr\/saintbernardenaunis\/wp-json\/wp\/v2\/media?parent=10849"}],"curies":[{"name":"wp","href":"https:\/\/api.w.org\/{rel}","templated":true}]}}

<p>[et_pb_section fb_built= »1&Prime; _builder_version= »4.21.0&Prime; _module_preset= »default » custom_padding= »5px||||| » global_colors_info= »{} » theme_builder_area= »et_body_layout »][et_pb_row _builder_version= »4.21.0&Prime; _module_preset= »default » custom_padding= »0px||||| » global_colors_info= »{} » theme_builder_area= »et_body_layout »][et_pb_column type= »4_4&Prime; _builder_version= »4.21.0&Prime; _module_preset= »default » global_colors_info= »{} » theme_builder_area= »et_body_layout »][et_pb_image src= »https://catholiques17.fr/saintbernardenaunis/wp-content/uploads/sites/13/2024/10/St-Cyr.jpg » title_text= »St Cyr » _builder_version= »4.21.0&Prime; _module_preset= »default » hover_enabled= »0&Prime; global_colors_info= »{} » theme_builder_area= »et_body_layout » align= »center » sticky_enabled= »0&Prime;][/et_pb_image][/et_pb_column][/et_pb_row][et_pb_row _builder_version= »4.21.0&Prime; _module_preset= »default » global_colors_info= »{} » theme_builder_area= »et_body_layout »][et_pb_column type= »4_4&Prime; _builder_version= »4.21.0&Prime; _module_preset= »default » global_colors_info= »{} » theme_builder_area= »et_body_layout »][et_pb_text _builder_version= »4.21.0&Prime; _module_preset= »default » hover_enabled= »0&Prime; global_colors_info= »{} » theme_builder_area= »et_body_layout » sticky_enabled= »0&Prime;]</p>
<p><strong>Eglise St Cyriaque à St Cyr-du-Doret<br /></strong></p>
<p><em>Vos contacts locaux : Gislaine GOT 06 09 42 04 43 et Arlette LANGLES 05 46 01 84 94<br /></em></p>
<p>[/et_pb_text][/et_pb_column][/et_pb_row][et_pb_row _builder_version= »4.21.0&Prime; _module_preset= »default » global_colors_info= »{} » theme_builder_area= »et_body_layout »][et_pb_column type= »4_4&Prime; _builder_version= »4.21.0&Prime; _module_preset= »default » global_colors_info= »{} » theme_builder_area= »et_body_layout »][et_pb_text _builder_version= »4.21.0&Prime; _module_preset= »default » hover_enabled= »0&Prime; global_colors_info= »{} » theme_builder_area= »et_body_layout » sticky_enabled= »0&Prime;]</p>
<div class="description-content">
<p>L’Eglise de Saint Cyr du Doret était un prieuré de l’Abbaye de Maillezais. En 1663, elle était encore voûtée puis dès 1699, elle se détériora.</p>
<p>En effet, on notait que “la voûte est crevée en plusieurs endroits, il s’est détaché des pierres et le clocher menace de ruine.” Pourtant, le bâtiment ne vît aucun projet de rénovation s’annoncer jusqu’en 1732.</p>
<p>Il semble que l’édifice actuel date de la fin du XVIIIème siècle, le XIXème siècle n’y ayant effectué que quelques travaux (en 1897 plus exactement). A l’ouest, la façade principale est de style néo-classique et un long bâtiment présentant plusieurs petites fenêtres chanfreinées de la fin du moyen âge se greffent sur le flanc nord de l’église. Il doit s’agir de l’ancien prieuré. A l’intérieur, le retable qui isole une petite sacristie paraît ancien, même si la décoration a été considérablement rafraîchie au XIXème siècle.</p>
<p>Il existait jadis à Margot une dépendance de la commanderie de Saint Jean du Pérot. Elle n’est pas connue avant le XVème siècle et un document de 1564 la décrit dans le détail. La chapelle dédiée à Saint Jean Baptiste fut réduite de moitié vers 1695, mais une messe y était toujours célébrée chaque semaine. Il subsiste une fenêtre du XVème siècle dans un bâtiment agricole.</p>
<p class="detaille">
</div>
<p><em>Source :www.intramuros.org</em></p>
<p>[/et_pb_text][/et_pb_column][/et_pb_row][/et_pb_section]</p>

<p>Eglise St Cyriaque à St Cyr-du-Doret Vos contacts locaux : Gislaine GOT 06 09 42 04 43 et Arlette LANGLES 05 46 01 84 94 L’Eglise de Saint Cyr du Doret était [&hellip;]</p>
