{"id":10845,"date":"2024-10-14T17:08:22","date_gmt":"2024-10-14T15:08:22","guid":{"rendered":"https:\/\/catholiques17.fr\/saintbernardenaunis\/?page_id=10845"},"modified":"2024-10-16T11:12:16","modified_gmt":"2024-10-16T09:12:16","slug":"la-ronde","status":"publish","type":"page","link":"https:\/\/catholiques17.fr\/saintbernardenaunis\/nos-eglises\/la-ronde\/","title":{"rendered":"La Ronde"},"content":{"rendered":"<p>[et_pb_section fb_built=\u00a0\u00bb1&Prime; _builder_version=\u00a0\u00bb4.21.0&Prime; _module_preset=\u00a0\u00bbdefault\u00a0\u00bb custom_padding=\u00a0\u00bb5px|||||\u00a0\u00bb global_colors_info=\u00a0\u00bb{}\u00a0\u00bb theme_builder_area=\u00a0\u00bbet_body_layout\u00a0\u00bb][et_pb_row _builder_version=\u00a0\u00bb4.21.0&Prime; _module_preset=\u00a0\u00bbdefault\u00a0\u00bb custom_padding=\u00a0\u00bb0px|||||\u00a0\u00bb global_colors_info=\u00a0\u00bb{}\u00a0\u00bb theme_builder_area=\u00a0\u00bbet_body_layout\u00a0\u00bb][et_pb_column type=\u00a0\u00bb4_4&Prime; _builder_version=\u00a0\u00bb4.21.0&Prime; _module_preset=\u00a0\u00bbdefault\u00a0\u00bb global_colors_info=\u00a0\u00bb{}\u00a0\u00bb theme_builder_area=\u00a0\u00bbet_body_layout\u00a0\u00bb][et_pb_image src=\u00a0\u00bbhttps:\/\/catholiques17.fr\/saintbernardenaunis\/wp-content\/uploads\/sites\/13\/2024\/10\/La-Ronde1.jpg\u00a0\u00bb title_text=\u00a0\u00bbLa Ronde1&Prime; _builder_version=\u00a0\u00bb4.21.0&Prime; _module_preset=\u00a0\u00bbdefault\u00a0\u00bb hover_enabled=\u00a0\u00bb0&Prime; global_colors_info=\u00a0\u00bb{}\u00a0\u00bb theme_builder_area=\u00a0\u00bbet_body_layout\u00a0\u00bb align=\u00a0\u00bbcenter\u00a0\u00bb sticky_enabled=\u00a0\u00bb0&Prime;][\/et_pb_image][\/et_pb_column][\/et_pb_row][et_pb_row _builder_version=\u00a0\u00bb4.21.0&Prime; _module_preset=\u00a0\u00bbdefault\u00a0\u00bb global_colors_info=\u00a0\u00bb{}\u00a0\u00bb theme_builder_area=\u00a0\u00bbet_body_layout\u00a0\u00bb][et_pb_column type=\u00a0\u00bb4_4&Prime; _builder_version=\u00a0\u00bb4.21.0&Prime; _module_preset=\u00a0\u00bbdefault\u00a0\u00bb global_colors_info=\u00a0\u00bb{}\u00a0\u00bb theme_builder_area=\u00a0\u00bbet_body_layout\u00a0\u00bb][et_pb_text _builder_version=\u00a0\u00bb4.21.0&Prime; _module_preset=\u00a0\u00bbdefault\u00a0\u00bb hover_enabled=\u00a0\u00bb0&Prime; global_colors_info=\u00a0\u00bb{}\u00a0\u00bb theme_builder_area=\u00a0\u00bbet_body_layout\u00a0\u00bb sticky_enabled=\u00a0\u00bb0&Prime;]<\/p>\n<p><strong>Eglise St Pierre \u00e0 la Ronde<br \/><\/strong><\/p>\n<p><em>Contacts locaux : Claudie PICHOT 05 46 28 40 23 et L\u00e9a LORION 06 33 01 34 23<br \/><\/em><\/p>\n<p>[\/et_pb_text][\/et_pb_column][\/et_pb_row][et_pb_row _builder_version=\u00a0\u00bb4.21.0&Prime; _module_preset=\u00a0\u00bbdefault\u00a0\u00bb global_colors_info=\u00a0\u00bb{}\u00a0\u00bb theme_builder_area=\u00a0\u00bbet_body_layout\u00a0\u00bb][et_pb_column type=\u00a0\u00bb4_4&Prime; _builder_version=\u00a0\u00bb4.21.0&Prime; _module_preset=\u00a0\u00bbdefault\u00a0\u00bb global_colors_info=\u00a0\u00bb{}\u00a0\u00bb theme_builder_area=\u00a0\u00bbet_body_layout\u00a0\u00bb][et_pb_text _builder_version=\u00a0\u00bb4.21.0&Prime; _module_preset=\u00a0\u00bbdefault\u00a0\u00bb hover_enabled=\u00a0\u00bb0&Prime; global_colors_info=\u00a0\u00bb{}\u00a0\u00bb theme_builder_area=\u00a0\u00bbet_body_layout\u00a0\u00bb sticky_enabled=\u00a0\u00bb0&Prime;]<\/p>\n<p>Une histoire l\u00e9gend\u00e9e rapporte que Saint Eutrope, \u00e9v\u00eaque de saintes, en train d\u2019\u00e9vang\u00e9liser le golfe des pictons, fut assailli par une terrible temp\u00eate. Il fit alors un v\u0153u d\u2019\u00e9difier une chapelle l\u00e0 o\u00f9 le rejetterait le flot.<\/p>\n<p>Il \u00e9choua \u00e0 La Ronde, sur l\u2019\u00eele du Vieux Maill\u00e9 et ex\u00e9cuta son v\u0153u. Ses reliques y furent plac\u00e9es.<\/p>\n<p>D\u00e8s la fin du XI\u00e8me si\u00e8cle, l\u2019\u00e9glise Saint Pierre de La Ronde est mentionn\u00e9e comme une des premi\u00e8res possessions et d\u00e9pendances de la puissante abbaye de Maillezais. Par ordonnance royale du 17 octobre 1847, l\u2019ancienne paroisse de Taugon et son annexe de La Ronde se s\u00e9parent. Cette derni\u00e8re reprend sa totale autonomie, apaisant les tensions des deux villages. L\u2019\u00e9glise de La Ronde est donc enti\u00e8rement reconstruite et devient le t\u00e9moin de l\u2019autonomie de la nouvelle petite ville.<\/p>\n<p>L\u2019\u00e9glise Saint Pierre est un t\u00e9moin local des innovations du XIX\u00e8me si\u00e8cle et de l\u2019art n\u00e9o-classique. la construction de l\u2019\u00e9glise d\u00e9bute en 1856, \u00e0 la place de l\u2019\u00e9glise d\u2019\u00e9poque romane entour\u00e9e de son cimeti\u00e8re. Elle s\u2019ach\u00e8vera en 1859.<br \/>De plan basilical, compos\u00e9 d\u2019une nef unique termin\u00e9e par une abside semi-circulaire, l\u2019\u00e9difice mesure 33 m\u00e8tres de long, 12 de large et pr\u00e8s de 10 sous plafond. Son clocher, situ\u00e9 derri\u00e8re le ch\u0153ur, \u00e0 l\u2019est , s\u2019\u00e9l\u00e8ve \u00e0 plus de 30 m\u00e8tres. L\u2019\u00e9glise Saint Pierre incarne la volont\u00e9 de manifester, avec faste et richesses, l\u2019ind\u00e9pendance de la ronde.<\/p>\n<p>Derri\u00e8re sa s\u00e9v\u00e8re fa\u00e7ade de pierre de taille, digne d\u2019un temple, l\u2019\u00e9glise Saint Pierre renferme, gr\u00e2ce \u00e0 de nombreux dons, un riche mobilier n\u00e9o-classique, dont notamment :<br \/>&#8211; deux b\u00e9nitiers de marbre, un grand lustre de cristal (chandelier de Lyon), une chaire en bois du XIX\u00e8me si\u00e8cle<br \/>&#8211; un christ en bois du XVIII\u00e8me si\u00e8cle ; seul vestige de l\u2019ancienne \u00e9glise, de taille humaine (inscrit monuments historiques)<br \/>&#8211; un des premiers orgues polyphones de France (1854)<br \/>&#8211; un ma\u00eetre autel galb\u00e9 de faux marbre sous un baldaquin monumental baroque fourni en 1858 par la maison Bozzo et Neveu de Paris (inscrit monuments historiques)<br \/>&#8211; deux autels lat\u00e9raux galb\u00e9s de faux-marbre et leurs retables<br \/>&#8211; un autel Vatican II, d\u00e9di\u00e9 \u00e0 Saint Eutrope, r\u00e9alis\u00e9 par Arnaud Robinault-Jaulin de 1997 \u00e0 1999<br \/>L\u2019\u00e9glise dispose \u00e9galement d\u2019un tr\u00e9sor compos\u00e9 de calices, ciboires, ostensoirs, chapes, chasubles et ornements d\u2019autels datant du XVIII\u00e8me au XX\u00e8me si\u00e8cle.<\/p>\n<p>Le clocher abrite 3 cloches accord\u00e9es : Julie (sol, 500 kg), Jeanne (la, 400 kg) et Ad\u00e9la\u00efde (si, 300 kg).<\/p>\n<p><em>Source : www.intramuros.org<\/em><\/p>\n<p>[\/et_pb_text][\/et_pb_column][\/et_pb_row][et_pb_row column_structure=\u00a0\u00bb1_3,1_3,1_3&Prime; _builder_version=\u00a0\u00bb4.21.0&Prime; _module_preset=\u00a0\u00bbdefault\u00a0\u00bb global_colors_info=\u00a0\u00bb{}\u00a0\u00bb theme_builder_area=\u00a0\u00bbet_body_layout\u00a0\u00bb][et_pb_column type=\u00a0\u00bb1_3&Prime; _builder_version=\u00a0\u00bb4.21.0&Prime; _module_preset=\u00a0\u00bbdefault\u00a0\u00bb global_colors_info=\u00a0\u00bb{}\u00a0\u00bb theme_builder_area=\u00a0\u00bbet_body_layout\u00a0\u00bb][et_pb_image src=\u00a0\u00bbhttps:\/\/catholiques17.fr\/saintbernardenaunis\/wp-content\/uploads\/sites\/13\/2024\/10\/La-Ronde-2.jpg\u00a0\u00bb title_text=\u00a0\u00bbLa Ronde 2&Prime; show_in_lightbox=\u00a0\u00bbon\u00a0\u00bb _builder_version=\u00a0\u00bb4.21.0&Prime; _module_preset=\u00a0\u00bbdefault\u00a0\u00bb animation_style=\u00a0\u00bbslide\u00a0\u00bb hover_enabled=\u00a0\u00bb0&Prime; box_shadow_style=\u00a0\u00bbpreset2&Prime; global_colors_info=\u00a0\u00bb{}\u00a0\u00bb theme_builder_area=\u00a0\u00bbet_body_layout\u00a0\u00bb sticky_enabled=\u00a0\u00bb0&Prime;][\/et_pb_image][\/et_pb_column][et_pb_column type=\u00a0\u00bb1_3&Prime; _builder_version=\u00a0\u00bb4.21.0&Prime; _module_preset=\u00a0\u00bbdefault\u00a0\u00bb global_colors_info=\u00a0\u00bb{}\u00a0\u00bb theme_builder_area=\u00a0\u00bbet_body_layout\u00a0\u00bb][et_pb_image src=\u00a0\u00bbhttps:\/\/catholiques17.fr\/saintbernardenaunis\/wp-content\/uploads\/sites\/13\/2024\/10\/La-Ronde-4.jpg\u00a0\u00bb title_text=\u00a0\u00bbLa Ronde 4&Prime; show_in_lightbox=\u00a0\u00bbon\u00a0\u00bb _builder_version=\u00a0\u00bb4.21.0&Prime; _module_preset=\u00a0\u00bbdefault\u00a0\u00bb animation_style=\u00a0\u00bbslide\u00a0\u00bb hover_enabled=\u00a0\u00bb0&Prime; box_shadow_style=\u00a0\u00bbpreset2&Prime; global_colors_info=\u00a0\u00bb{}\u00a0\u00bb theme_builder_area=\u00a0\u00bbet_body_layout\u00a0\u00bb sticky_enabled=\u00a0\u00bb0&Prime;][\/et_pb_image][\/et_pb_column][et_pb_column type=\u00a0\u00bb1_3&Prime; _builder_version=\u00a0\u00bb4.21.0&Prime; _module_preset=\u00a0\u00bbdefault\u00a0\u00bb global_colors_info=\u00a0\u00bb{}\u00a0\u00bb theme_builder_area=\u00a0\u00bbet_body_layout\u00a0\u00bb][et_pb_image src=\u00a0\u00bbhttps:\/\/catholiques17.fr\/saintbernardenaunis\/wp-content\/uploads\/sites\/13\/2024\/10\/La-Ronde-3.jpg\u00a0\u00bb title_text=\u00a0\u00bbLa Ronde 3&Prime; show_in_lightbox=\u00a0\u00bbon\u00a0\u00bb _builder_version=\u00a0\u00bb4.21.0&Prime; _module_preset=\u00a0\u00bbdefault\u00a0\u00bb animation_style=\u00a0\u00bbslide\u00a0\u00bb hover_enabled=\u00a0\u00bb0&Prime; box_shadow_style=\u00a0\u00bbpreset2&Prime; global_colors_info=\u00a0\u00bb{}\u00a0\u00bb theme_builder_area=\u00a0\u00bbet_body_layout\u00a0\u00bb sticky_enabled=\u00a0\u00bb0&Prime;][\/et_pb_image][\/et_pb_column][\/et_pb_row][\/et_pb_section]<\/p>\n","protected":false},"excerpt":{"rendered":"<p>Eglise St Pierre \u00e0 la Ronde Contacts locaux : Claudie PICHOT 05 46 28 40 23 et L\u00e9a LORION 06 33 01 34 23Une histoire l\u00e9gend\u00e9e rapporte que Saint Eutrope, [&hellip;]<\/p>\n","protected":false},"author":4,"featured_media":0,"parent":4729,"menu_order":0,"comment_status":"closed","ping_status":"closed","template":"","meta":{"_et_pb_use_builder":"on","_et_pb_old_content":"","_et_gb_content_width":"","footnotes":""},"class_list":["post-10845","page","type-page","status-publish","hentry"],"_links":{"self":[{"href":"https:\/\/catholiques17.fr\/saintbernardenaunis\/wp-json\/wp\/v2\/pages\/10845","targetHints":{"allow":["GET"]}}],"collection":[{"href":"https:\/\/catholiques17.fr\/saintbernardenaunis\/wp-json\/wp\/v2\/pages"}],"about":[{"href":"https:\/\/catholiques17.fr\/saintbernardenaunis\/wp-json\/wp\/v2\/types\/page"}],"author":[{"embeddable":true,"href":"https:\/\/catholiques17.fr\/saintbernardenaunis\/wp-json\/wp\/v2\/users\/4"}],"replies":[{"embeddable":true,"href":"https:\/\/catholiques17.fr\/saintbernardenaunis\/wp-json\/wp\/v2\/comments?post=10845"}],"version-history":[{"count":3,"href":"https:\/\/catholiques17.fr\/saintbernardenaunis\/wp-json\/wp\/v2\/pages\/10845\/revisions"}],"predecessor-version":[{"id":10928,"href":"https:\/\/catholiques17.fr\/saintbernardenaunis\/wp-json\/wp\/v2\/pages\/10845\/revisions\/10928"}],"up":[{"embeddable":true,"href":"https:\/\/catholiques17.fr\/saintbernardenaunis\/wp-json\/wp\/v2\/pages\/4729"}],"wp:attachment":[{"href":"https:\/\/catholiques17.fr\/saintbernardenaunis\/wp-json\/wp\/v2\/media?parent=10845"}],"curies":[{"name":"wp","href":"https:\/\/api.w.org\/{rel}","templated":true}]}}

<p>[et_pb_section fb_built= »1&Prime; _builder_version= »4.21.0&Prime; _module_preset= »default » custom_padding= »5px||||| » global_colors_info= »{} » theme_builder_area= »et_body_layout »][et_pb_row _builder_version= »4.21.0&Prime; _module_preset= »default » custom_padding= »0px||||| » global_colors_info= »{} » theme_builder_area= »et_body_layout »][et_pb_column type= »4_4&Prime; _builder_version= »4.21.0&Prime; _module_preset= »default » global_colors_info= »{} » theme_builder_area= »et_body_layout »][et_pb_image src= »https://catholiques17.fr/saintbernardenaunis/wp-content/uploads/sites/13/2024/10/La-Ronde1.jpg » title_text= »La Ronde1&Prime; _builder_version= »4.21.0&Prime; _module_preset= »default » hover_enabled= »0&Prime; global_colors_info= »{} » theme_builder_area= »et_body_layout » align= »center » sticky_enabled= »0&Prime;][/et_pb_image][/et_pb_column][/et_pb_row][et_pb_row _builder_version= »4.21.0&Prime; _module_preset= »default » global_colors_info= »{} » theme_builder_area= »et_body_layout »][et_pb_column type= »4_4&Prime; _builder_version= »4.21.0&Prime; _module_preset= »default » global_colors_info= »{} » theme_builder_area= »et_body_layout »][et_pb_text _builder_version= »4.21.0&Prime; _module_preset= »default » hover_enabled= »0&Prime; global_colors_info= »{} » theme_builder_area= »et_body_layout » sticky_enabled= »0&Prime;]</p>
<p><strong>Eglise St Pierre à la Ronde<br /></strong></p>
<p><em>Contacts locaux : Claudie PICHOT 05 46 28 40 23 et Léa LORION 06 33 01 34 23<br /></em></p>
<p>[/et_pb_text][/et_pb_column][/et_pb_row][et_pb_row _builder_version= »4.21.0&Prime; _module_preset= »default » global_colors_info= »{} » theme_builder_area= »et_body_layout »][et_pb_column type= »4_4&Prime; _builder_version= »4.21.0&Prime; _module_preset= »default » global_colors_info= »{} » theme_builder_area= »et_body_layout »][et_pb_text _builder_version= »4.21.0&Prime; _module_preset= »default » hover_enabled= »0&Prime; global_colors_info= »{} » theme_builder_area= »et_body_layout » sticky_enabled= »0&Prime;]</p>
<p>Une histoire légendée rapporte que Saint Eutrope, évêque de saintes, en train d’évangéliser le golfe des pictons, fut assailli par une terrible tempête. Il fit alors un vœu d’édifier une chapelle là où le rejetterait le flot.</p>
<p>Il échoua à La Ronde, sur l’île du Vieux Maillé et exécuta son vœu. Ses reliques y furent placées.</p>
<p>Dès la fin du XIème siècle, l’église Saint Pierre de La Ronde est mentionnée comme une des premières possessions et dépendances de la puissante abbaye de Maillezais. Par ordonnance royale du 17 octobre 1847, l’ancienne paroisse de Taugon et son annexe de La Ronde se séparent. Cette dernière reprend sa totale autonomie, apaisant les tensions des deux villages. L’église de La Ronde est donc entièrement reconstruite et devient le témoin de l’autonomie de la nouvelle petite ville.</p>
<p>L’église Saint Pierre est un témoin local des innovations du XIXème siècle et de l’art néo-classique. la construction de l’église débute en 1856, à la place de l’église d’époque romane entourée de son cimetière. Elle s’achèvera en 1859.<br />De plan basilical, composé d’une nef unique terminée par une abside semi-circulaire, l’édifice mesure 33 mètres de long, 12 de large et près de 10 sous plafond. Son clocher, situé derrière le chœur, à l’est , s’élève à plus de 30 mètres. L’église Saint Pierre incarne la volonté de manifester, avec faste et richesses, l’indépendance de la ronde.</p>
<p>Derrière sa sévère façade de pierre de taille, digne d’un temple, l’église Saint Pierre renferme, grâce à de nombreux dons, un riche mobilier néo-classique, dont notamment :<br />&#8211; deux bénitiers de marbre, un grand lustre de cristal (chandelier de Lyon), une chaire en bois du XIXème siècle<br />&#8211; un christ en bois du XVIIIème siècle ; seul vestige de l’ancienne église, de taille humaine (inscrit monuments historiques)<br />&#8211; un des premiers orgues polyphones de France (1854)<br />&#8211; un maître autel galbé de faux marbre sous un baldaquin monumental baroque fourni en 1858 par la maison Bozzo et Neveu de Paris (inscrit monuments historiques)<br />&#8211; deux autels latéraux galbés de faux-marbre et leurs retables<br />&#8211; un autel Vatican II, dédié à Saint Eutrope, réalisé par Arnaud Robinault-Jaulin de 1997 à 1999<br />L’église dispose également d’un trésor composé de calices, ciboires, ostensoirs, chapes, chasubles et ornements d’autels datant du XVIIIème au XXème siècle.</p>
<p>Le clocher abrite 3 cloches accordées : Julie (sol, 500 kg), Jeanne (la, 400 kg) et Adélaïde (si, 300 kg).</p>
<p><em>Source : www.intramuros.org</em></p>
<p>[/et_pb_text][/et_pb_column][/et_pb_row][et_pb_row column_structure= »1_3,1_3,1_3&Prime; _builder_version= »4.21.0&Prime; _module_preset= »default » global_colors_info= »{} » theme_builder_area= »et_body_layout »][et_pb_column type= »1_3&Prime; _builder_version= »4.21.0&Prime; _module_preset= »default » global_colors_info= »{} » theme_builder_area= »et_body_layout »][et_pb_image src= »https://catholiques17.fr/saintbernardenaunis/wp-content/uploads/sites/13/2024/10/La-Ronde-2.jpg » title_text= »La Ronde 2&Prime; show_in_lightbox= »on » _builder_version= »4.21.0&Prime; _module_preset= »default » animation_style= »slide » hover_enabled= »0&Prime; box_shadow_style= »preset2&Prime; global_colors_info= »{} » theme_builder_area= »et_body_layout » sticky_enabled= »0&Prime;][/et_pb_image][/et_pb_column][et_pb_column type= »1_3&Prime; _builder_version= »4.21.0&Prime; _module_preset= »default » global_colors_info= »{} » theme_builder_area= »et_body_layout »][et_pb_image src= »https://catholiques17.fr/saintbernardenaunis/wp-content/uploads/sites/13/2024/10/La-Ronde-4.jpg » title_text= »La Ronde 4&Prime; show_in_lightbox= »on » _builder_version= »4.21.0&Prime; _module_preset= »default » animation_style= »slide » hover_enabled= »0&Prime; box_shadow_style= »preset2&Prime; global_colors_info= »{} » theme_builder_area= »et_body_layout » sticky_enabled= »0&Prime;][/et_pb_image][/et_pb_column][et_pb_column type= »1_3&Prime; _builder_version= »4.21.0&Prime; _module_preset= »default » global_colors_info= »{} » theme_builder_area= »et_body_layout »][et_pb_image src= »https://catholiques17.fr/saintbernardenaunis/wp-content/uploads/sites/13/2024/10/La-Ronde-3.jpg » title_text= »La Ronde 3&Prime; show_in_lightbox= »on » _builder_version= »4.21.0&Prime; _module_preset= »default » animation_style= »slide » hover_enabled= »0&Prime; box_shadow_style= »preset2&Prime; global_colors_info= »{} » theme_builder_area= »et_body_layout » sticky_enabled= »0&Prime;][/et_pb_image][/et_pb_column][/et_pb_row][/et_pb_section]</p>

<p>Eglise St Pierre à la Ronde Contacts locaux : Claudie PICHOT 05 46 28 40 23 et Léa LORION 06 33 01 34 23Une histoire légendée rapporte que Saint Eutrope, [&hellip;]</p>
