{"id":10837,"date":"2024-10-14T17:06:32","date_gmt":"2024-10-14T15:06:32","guid":{"rendered":"https:\/\/catholiques17.fr\/saintbernardenaunis\/?page_id=10837"},"modified":"2024-10-16T11:46:37","modified_gmt":"2024-10-16T09:46:37","slug":"ferrieres","status":"publish","type":"page","link":"https:\/\/catholiques17.fr\/saintbernardenaunis\/nos-eglises\/ferrieres\/","title":{"rendered":"Ferri\u00e8res"},"content":{"rendered":"<p>[et_pb_section fb_built=\u00a0\u00bb1&Prime; _builder_version=\u00a0\u00bb4.21.0&Prime; _module_preset=\u00a0\u00bbdefault\u00a0\u00bb custom_padding=\u00a0\u00bb5px|||||\u00a0\u00bb global_colors_info=\u00a0\u00bb{}\u00a0\u00bb theme_builder_area=\u00a0\u00bbpost_content\u00a0\u00bb][et_pb_row _builder_version=\u00a0\u00bb4.21.0&Prime; _module_preset=\u00a0\u00bbdefault\u00a0\u00bb custom_padding=\u00a0\u00bb0px|||||\u00a0\u00bb global_colors_info=\u00a0\u00bb{}\u00a0\u00bb theme_builder_area=\u00a0\u00bbpost_content\u00a0\u00bb][et_pb_column type=\u00a0\u00bb4_4&Prime; _builder_version=\u00a0\u00bb4.21.0&Prime; _module_preset=\u00a0\u00bbdefault\u00a0\u00bb global_colors_info=\u00a0\u00bb{}\u00a0\u00bb theme_builder_area=\u00a0\u00bbpost_content\u00a0\u00bb][et_pb_image src=\u00a0\u00bbhttps:\/\/catholiques17.fr\/saintbernardenaunis\/wp-content\/uploads\/sites\/13\/2024\/10\/Ferrieres1.jpg\u00a0\u00bb title_text=\u00a0\u00bbFerrieres1&Prime; _builder_version=\u00a0\u00bb4.21.0&Prime; _module_preset=\u00a0\u00bbdefault\u00a0\u00bb hover_enabled=\u00a0\u00bb0&Prime; global_colors_info=\u00a0\u00bb{}\u00a0\u00bb theme_builder_area=\u00a0\u00bbpost_content\u00a0\u00bb align=\u00a0\u00bbcenter\u00a0\u00bb sticky_enabled=\u00a0\u00bb0&Prime;][\/et_pb_image][\/et_pb_column][\/et_pb_row][et_pb_row _builder_version=\u00a0\u00bb4.21.0&Prime; _module_preset=\u00a0\u00bbdefault\u00a0\u00bb global_colors_info=\u00a0\u00bb{}\u00a0\u00bb theme_builder_area=\u00a0\u00bbpost_content\u00a0\u00bb][et_pb_column type=\u00a0\u00bb4_4&Prime; _builder_version=\u00a0\u00bb4.21.0&Prime; _module_preset=\u00a0\u00bbdefault\u00a0\u00bb global_colors_info=\u00a0\u00bb{}\u00a0\u00bb theme_builder_area=\u00a0\u00bbpost_content\u00a0\u00bb][et_pb_text _builder_version=\u00a0\u00bb4.21.0&Prime; _module_preset=\u00a0\u00bbdefault\u00a0\u00bb global_colors_info=\u00a0\u00bb{}\u00a0\u00bb theme_builder_area=\u00a0\u00bbpost_content\u00a0\u00bb]<\/p>\n<p><strong>Eglise Ste Marie-Madeleine \u00e0 Ferri\u00e8res d&rsquo;Aunis<br \/><\/strong><\/p>\n<p><em>Vos contacts locaux :\u00a0Nicole NEVEUX 05 46 01 83 37\u00a0et\u00a0Odile JORIS 05 46 68 23 49<\/em><\/p>\n<p>[\/et_pb_text][\/et_pb_column][\/et_pb_row][et_pb_row _builder_version=\u00a0\u00bb4.21.0&Prime; _module_preset=\u00a0\u00bbdefault\u00a0\u00bb global_colors_info=\u00a0\u00bb{}\u00a0\u00bb theme_builder_area=\u00a0\u00bbpost_content\u00a0\u00bb][et_pb_column type=\u00a0\u00bb4_4&Prime; _builder_version=\u00a0\u00bb4.21.0&Prime; _module_preset=\u00a0\u00bbdefault\u00a0\u00bb global_colors_info=\u00a0\u00bb{}\u00a0\u00bb theme_builder_area=\u00a0\u00bbpost_content\u00a0\u00bb][et_pb_text _builder_version=\u00a0\u00bb4.21.0&Prime; _module_preset=\u00a0\u00bbdefault\u00a0\u00bb global_colors_info=\u00a0\u00bb{}\u00a0\u00bb theme_builder_area=\u00a0\u00bbpost_content\u00a0\u00bb]<\/p>\n<div class=\"description-content\">\n<p class=\"court\">L&rsquo;Eglise Sainte Marie Madeleine de Ferri\u00e8res date des XIV et XVIII\u00e8me si\u00e8cles. Cette ancienne chapelle seigneuriale est un simple \u00e9difice \u00e0 nef unique.<\/p>\n<p class=\"detaille\">L&rsquo;\u00c9glise Sainte Marie Madeleine est construite selon un plan cruciforme (en forme de croix latine). Elle est ouverte d&rsquo;un toit \u00e0 longs pans en tuiles creuses.<br \/>La fa\u00e7ade est surmont\u00e9e d&rsquo;un clocher arcade. Le d\u00e9cor int\u00e9rieur est tr\u00e8s sobre. Seul un modillon, r\u00e9employ\u00e9 sur la fa\u00e7ade, semble plus ancien. Celui-ci repr\u00e9sente un homme buvant un baril.<br \/>L&rsquo;\u00e9glise sert de lieu de s\u00e9pulture \u00e0 la famille Le Mastin-Nadaillac. Une plaque tombale de Charles Germinac le Mastin, de 1727, conserv\u00e9e \u00e0 l&rsquo;int\u00e9rieur de l&rsquo;\u00e9difice, est de nos jours pr\u00e9sent\u00e9e \u00e0 l&rsquo;ext\u00e9rieur avec ses h\u00e9ritiers.<\/p>\n<p class=\"detaille\">\n<\/div>\n<p><em>Source :www.aunis-maraispoitevin.com\/<\/em><\/p>\n<p>[\/et_pb_text][\/et_pb_column][\/et_pb_row][\/et_pb_section]<\/p>\n","protected":false},"excerpt":{"rendered":"<p>Eglise Ste Marie-Madeleine \u00e0 Ferri\u00e8res d&rsquo;Aunis Vos contacts locaux :\u00a0Nicole NEVEUX 05 46 01 83 37\u00a0et\u00a0Odile JORIS 05 46 68 23 49 L&rsquo;Eglise Sainte Marie Madeleine de Ferri\u00e8res date des [&hellip;]<\/p>\n","protected":false},"author":4,"featured_media":0,"parent":4729,"menu_order":0,"comment_status":"closed","ping_status":"closed","template":"","meta":{"_et_pb_use_builder":"on","_et_pb_old_content":"","_et_gb_content_width":"","footnotes":""},"class_list":["post-10837","page","type-page","status-publish","hentry"],"_links":{"self":[{"href":"https:\/\/catholiques17.fr\/saintbernardenaunis\/wp-json\/wp\/v2\/pages\/10837","targetHints":{"allow":["GET"]}}],"collection":[{"href":"https:\/\/catholiques17.fr\/saintbernardenaunis\/wp-json\/wp\/v2\/pages"}],"about":[{"href":"https:\/\/catholiques17.fr\/saintbernardenaunis\/wp-json\/wp\/v2\/types\/page"}],"author":[{"embeddable":true,"href":"https:\/\/catholiques17.fr\/saintbernardenaunis\/wp-json\/wp\/v2\/users\/4"}],"replies":[{"embeddable":true,"href":"https:\/\/catholiques17.fr\/saintbernardenaunis\/wp-json\/wp\/v2\/comments?post=10837"}],"version-history":[{"count":4,"href":"https:\/\/catholiques17.fr\/saintbernardenaunis\/wp-json\/wp\/v2\/pages\/10837\/revisions"}],"predecessor-version":[{"id":10964,"href":"https:\/\/catholiques17.fr\/saintbernardenaunis\/wp-json\/wp\/v2\/pages\/10837\/revisions\/10964"}],"up":[{"embeddable":true,"href":"https:\/\/catholiques17.fr\/saintbernardenaunis\/wp-json\/wp\/v2\/pages\/4729"}],"wp:attachment":[{"href":"https:\/\/catholiques17.fr\/saintbernardenaunis\/wp-json\/wp\/v2\/media?parent=10837"}],"curies":[{"name":"wp","href":"https:\/\/api.w.org\/{rel}","templated":true}]}}

Ferrières

<p>[et_pb_section fb_built= »1&Prime; _builder_version= »4.21.0&Prime; _module_preset= »default » custom_padding= »5px||||| » global_colors_info= »{} » theme_builder_area= »post_content »][et_pb_row _builder_version= »4.21.0&Prime; _module_preset= »default » custom_padding= »0px||||| » global_colors_info= »{} » theme_builder_area= »post_content »][et_pb_column type= »4_4&Prime; _builder_version= »4.21.0&Prime; _module_preset= »default » global_colors_info= »{} » theme_builder_area= »post_content »][et_pb_image src= »https://catholiques17.fr/saintbernardenaunis/wp-content/uploads/sites/13/2024/10/Ferrieres1.jpg » title_text= »Ferrieres1&Prime; _builder_version= »4.21.0&Prime; _module_preset= »default » hover_enabled= »0&Prime; global_colors_info= »{} » theme_builder_area= »post_content » align= »center » sticky_enabled= »0&Prime;][/et_pb_image][/et_pb_column][/et_pb_row][et_pb_row _builder_version= »4.21.0&Prime; _module_preset= »default » global_colors_info= »{} » theme_builder_area= »post_content »][et_pb_column type= »4_4&Prime; _builder_version= »4.21.0&Prime; _module_preset= »default » global_colors_info= »{} » theme_builder_area= »post_content »][et_pb_text _builder_version= »4.21.0&Prime; _module_preset= »default » global_colors_info= »{} » theme_builder_area= »post_content »]</p>
<p><strong>Eglise Ste Marie-Madeleine à Ferrières d&rsquo;Aunis<br /></strong></p>
<p><em>Vos contacts locaux : Nicole NEVEUX 05 46 01 83 37 et Odile JORIS 05 46 68 23 49</em></p>
<p>[/et_pb_text][/et_pb_column][/et_pb_row][et_pb_row _builder_version= »4.21.0&Prime; _module_preset= »default » global_colors_info= »{} » theme_builder_area= »post_content »][et_pb_column type= »4_4&Prime; _builder_version= »4.21.0&Prime; _module_preset= »default » global_colors_info= »{} » theme_builder_area= »post_content »][et_pb_text _builder_version= »4.21.0&Prime; _module_preset= »default » global_colors_info= »{} » theme_builder_area= »post_content »]</p>
<div class="description-content">
<p class="court">L&rsquo;Eglise Sainte Marie Madeleine de Ferrières date des XIV et XVIIIème siècles. Cette ancienne chapelle seigneuriale est un simple édifice à nef unique.</p>
<p class="detaille">L&rsquo;Église Sainte Marie Madeleine est construite selon un plan cruciforme (en forme de croix latine). Elle est ouverte d&rsquo;un toit à longs pans en tuiles creuses.<br />La façade est surmontée d&rsquo;un clocher arcade. Le décor intérieur est très sobre. Seul un modillon, réemployé sur la façade, semble plus ancien. Celui-ci représente un homme buvant un baril.<br />L&rsquo;église sert de lieu de sépulture à la famille Le Mastin-Nadaillac. Une plaque tombale de Charles Germinac le Mastin, de 1727, conservée à l&rsquo;intérieur de l&rsquo;édifice, est de nos jours présentée à l&rsquo;extérieur avec ses héritiers.</p>
<p class="detaille">
</div>
<p><em>Source :www.aunis-maraispoitevin.com/</em></p>
<p>[/et_pb_text][/et_pb_column][/et_pb_row][/et_pb_section]</p>

<p>Eglise Ste Marie-Madeleine à Ferrières d&rsquo;Aunis Vos contacts locaux : Nicole NEVEUX 05 46 01 83 37 et Odile JORIS 05 46 68 23 49 L&rsquo;Eglise Sainte Marie Madeleine de Ferrières date des [&hellip;]</p>
