{"id":10597,"date":"2024-10-11T14:18:16","date_gmt":"2024-10-11T12:18:16","guid":{"rendered":"https:\/\/catholiques17.fr\/saintbernardenaunis\/?page_id=10597"},"modified":"2024-10-14T07:53:50","modified_gmt":"2024-10-14T05:53:50","slug":"le-pretre","status":"publish","type":"page","link":"https:\/\/catholiques17.fr\/saintbernardenaunis\/paroisse\/le-pretre\/","title":{"rendered":"Le pr\u00eatre"},"content":{"rendered":"<p>[et_pb_section fb_built=\u00a0\u00bb1&Prime; _builder_version=\u00a0\u00bb4.21.0&Prime; _module_preset=\u00a0\u00bbdefault\u00a0\u00bb global_colors_info=\u00a0\u00bb{}\u00a0\u00bb theme_builder_area=\u00a0\u00bbpost_content\u00a0\u00bb custom_padding=\u00a0\u00bb11px||0px|||\u00a0\u00bb][et_pb_row column_structure=\u00a0\u00bb3_5,2_5&Prime; _builder_version=\u00a0\u00bb4.21.0&Prime; _module_preset=\u00a0\u00bbdefault\u00a0\u00bb global_colors_info=\u00a0\u00bb{}\u00a0\u00bb theme_builder_area=\u00a0\u00bbpost_content\u00a0\u00bb custom_padding=\u00a0\u00bb8px|||||\u00a0\u00bb][et_pb_column type=\u00a0\u00bb3_5&Prime; _builder_version=\u00a0\u00bb4.21.0&Prime; _module_preset=\u00a0\u00bbdefault\u00a0\u00bb global_colors_info=\u00a0\u00bb{}\u00a0\u00bb theme_builder_area=\u00a0\u00bbpost_content\u00a0\u00bb][et_pb_text _builder_version=\u00a0\u00bb4.21.0&Prime; _module_preset=\u00a0\u00bbdefault\u00a0\u00bb hover_enabled=\u00a0\u00bb0&Prime; global_colors_info=\u00a0\u00bb{}\u00a0\u00bb theme_builder_area=\u00a0\u00bbpost_content\u00a0\u00bb sticky_enabled=\u00a0\u00bb0&Prime;]<\/p>\n<p>Monsieur l\u2019abb\u00e9\u00a0Auxence PAYIMA, du dioc\u00e8se de Gamboma (R\u00e9publique du Congo), est nomm\u00e9\u00a0cur\u00e9 de la paroisse Saint-Bernard en Aunis, en accord avec son \u00e9v\u00eaque, \u00e0 compter du\u00a01er septembre 2024.<\/p>\n<p>Le p\u00e8re Auxence est originaire du Congo \u00e0 Brazzaville o\u00f9 toute sa famille vit\u00a0; il est issu d\u2019une fratrie de 15 enfants dont il est le 3\u00e8me\u00a0et va, \u00e0 l\u2019occasion des vacances, les retrouver.<\/p>\n<p>Le P\u00e8re Auxence, qui a f\u00eat\u00e9 ses 53 ans le 28 mai dernier, a c\u00e9l\u00e9br\u00e9 le 20\u00e8me anniversaire de son ordination, le 3 octobre 2024 dans notre paroisse.<\/p>\n<p>Lui qui a re\u00e7u sa vocation d\u00e8s l&rsquo;\u00e2ge de 13 ans au Congo peut se r\u00e9jouir du long et beau parcours accompli depuis.<\/p>\n<p>[\/et_pb_text][\/et_pb_column][et_pb_column type=\u00a0\u00bb2_5&Prime; _builder_version=\u00a0\u00bb4.21.0&Prime; _module_preset=\u00a0\u00bbdefault\u00a0\u00bb global_colors_info=\u00a0\u00bb{}\u00a0\u00bb theme_builder_area=\u00a0\u00bbpost_content\u00a0\u00bb][et_pb_image src=\u00a0\u00bbhttps:\/\/catholiques17.fr\/saintbernardenaunis\/wp-content\/uploads\/sites\/13\/2024\/08\/Pere-Auxence-PAYIMA.jpg\u00a0\u00bb title_text=\u00a0\u00bbP\u00e8re Auxence PAYIMA\u00a0\u00bb _builder_version=\u00a0\u00bb4.21.0&Prime; _module_preset=\u00a0\u00bbdefault\u00a0\u00bb hover_enabled=\u00a0\u00bb0&Prime; global_colors_info=\u00a0\u00bb{}\u00a0\u00bb theme_builder_area=\u00a0\u00bbpost_content\u00a0\u00bb box_shadow_style=\u00a0\u00bbpreset2&Prime; sticky_enabled=\u00a0\u00bb0&Prime;][\/et_pb_image][\/et_pb_column][\/et_pb_row][et_pb_row _builder_version=\u00a0\u00bb4.21.0&Prime; _module_preset=\u00a0\u00bbdefault\u00a0\u00bb theme_builder_area=\u00a0\u00bbpost_content\u00a0\u00bb][et_pb_column _builder_version=\u00a0\u00bb4.21.0&Prime; _module_preset=\u00a0\u00bbdefault\u00a0\u00bb type=\u00a0\u00bb4_4&Prime; theme_builder_area=\u00a0\u00bbpost_content\u00a0\u00bb][et_pb_text _builder_version=\u00a0\u00bb4.21.0&Prime; _module_preset=\u00a0\u00bbdefault\u00a0\u00bb theme_builder_area=\u00a0\u00bbpost_content\u00a0\u00bb hover_enabled=\u00a0\u00bb0&Prime; sticky_enabled=\u00a0\u00bb0&Prime;]<\/p>\n<p>C&rsquo;est un pr\u00eatre polonais, P\u00e8re Bronis, qu&rsquo;il rencontre \u00e0 la paroisse \u00e0 proximit\u00e9 d&rsquo;un moulin \u00e0 farine de manioc qui le prend sous sa coupe et l&rsquo;invite \u00e0 participer, apr\u00e8s l&rsquo;obtention de son BEPC, \u00e0 une s\u00e9ance de cat\u00e9chisme. Il y est ensuite assidu au point de trouver sa vocation. Au lyc\u00e9e, apr\u00e8s le BAC, il se rend dans le d\u00e9partement de Bouenza pour une \u00e9tape pr\u00e9paratoire, la prop\u00e9deutique, dans la communaut\u00e9 du Chemin Neuf durant un an avec 22 s\u00e9minaristes.<\/p>\n<p>Arrive la guerre en 1997. Il regagne la France en 1998 pour Toulon La Crau. Entr\u00e9 au s\u00e9minaire de La Castille, il y passe 3 ann\u00e9es. En 2001, il rejoint Toulouse, \u00e0 Saint-Cyprien o\u00f9 il suit une formation \u00e0 la facult\u00e9 de th\u00e9ologie. Il est ordonn\u00e9 diacre par Monseigneur \u00c9mile Marcus et la m\u00eame ann\u00e9e, ordonn\u00e9 pr\u00eatre le 3\u00a0octobre 2004 au Congo par Monseigneur Ernest Kombo. Il est aussit\u00f4t envoy\u00e9 comme pr\u00eatre \u00e0 Etoumbi dans le d\u00e9partement de la Cuvette Ouest. Au bout de 7 ans dans cette paroisse, il est affect\u00e9 comme cur\u00e9 durant 2 ans dans le d\u00e9partement du Plateau \u00e0 N&rsquo;Go. Il fait alors la connaissance de l&rsquo;\u00e9v\u00eaque Monseigneur Planet qui lui propose, en 2012, d&rsquo;exercer \u00e0 L\u00e9zignan (en France) avec le P\u00e8re Andr\u00e9 Vergnes. Durant 3 ann\u00e9es, il suivra des cours \u00e0 Toulouse \u00e0 l&rsquo;Institut d&rsquo;\u00e9tude religieuse et pastorale et occupera le poste de pr\u00eatre associ\u00e9 jusqu\u2019en 2018.<\/p>\n<p>Il est ensuite nomm\u00e9 dans le Dioc\u00e8se d\u2019Arras en qualit\u00e9 de pr\u00eatre administrateur de deux paroisses : Notre dame des Ardents en Boulonnais avec ses 23 clochers, ses 2 chapelles et ses maisons de retraites et St Wulmer entre Liane et Canche avec ses 11 clochers et sa maison d&rsquo;accueil sp\u00e9cialis\u00e9e.<\/p>\n<p>Apr\u00e8s l\u2019Occitanie et le Nord-Pas-de-Calais, le P\u00e8re Auxence est donc en plaine d\u2019Aunis o\u00f9 appr\u00e9cie le chant, la lecture, la marche et tout ce qui est technique, science et bricolage.<\/p>\n<p>N&rsquo;h\u00e9sitez pas \u00e0 venir \u00e0 sa rencontre.<\/p>\n<p>[\/et_pb_text][\/et_pb_column][\/et_pb_row][\/et_pb_section]<\/p>\n","protected":false},"excerpt":{"rendered":"<p>Monsieur l\u2019abb\u00e9\u00a0Auxence PAYIMA, du dioc\u00e8se de Gamboma (R\u00e9publique du Congo), est nomm\u00e9\u00a0cur\u00e9 de la paroisse Saint-Bernard en Aunis, en accord avec son \u00e9v\u00eaque, \u00e0 compter du\u00a01er septembre 2024. Le p\u00e8re [&hellip;]<\/p>\n","protected":false},"author":4,"featured_media":0,"parent":10595,"menu_order":0,"comment_status":"closed","ping_status":"closed","template":"","meta":{"_et_pb_use_builder":"on","_et_pb_old_content":"","_et_gb_content_width":"","footnotes":""},"class_list":["post-10597","page","type-page","status-publish","hentry"],"_links":{"self":[{"href":"https:\/\/catholiques17.fr\/saintbernardenaunis\/wp-json\/wp\/v2\/pages\/10597","targetHints":{"allow":["GET"]}}],"collection":[{"href":"https:\/\/catholiques17.fr\/saintbernardenaunis\/wp-json\/wp\/v2\/pages"}],"about":[{"href":"https:\/\/catholiques17.fr\/saintbernardenaunis\/wp-json\/wp\/v2\/types\/page"}],"author":[{"embeddable":true,"href":"https:\/\/catholiques17.fr\/saintbernardenaunis\/wp-json\/wp\/v2\/users\/4"}],"replies":[{"embeddable":true,"href":"https:\/\/catholiques17.fr\/saintbernardenaunis\/wp-json\/wp\/v2\/comments?post=10597"}],"version-history":[{"count":5,"href":"https:\/\/catholiques17.fr\/saintbernardenaunis\/wp-json\/wp\/v2\/pages\/10597\/revisions"}],"predecessor-version":[{"id":10758,"href":"https:\/\/catholiques17.fr\/saintbernardenaunis\/wp-json\/wp\/v2\/pages\/10597\/revisions\/10758"}],"up":[{"embeddable":true,"href":"https:\/\/catholiques17.fr\/saintbernardenaunis\/wp-json\/wp\/v2\/pages\/10595"}],"wp:attachment":[{"href":"https:\/\/catholiques17.fr\/saintbernardenaunis\/wp-json\/wp\/v2\/media?parent=10597"}],"curies":[{"name":"wp","href":"https:\/\/api.w.org\/{rel}","templated":true}]}}

Le prêtre

<p>[et_pb_section fb_built= »1&Prime; _builder_version= »4.21.0&Prime; _module_preset= »default » global_colors_info= »{} » theme_builder_area= »post_content » custom_padding= »11px||0px||| »][et_pb_row column_structure= »3_5,2_5&Prime; _builder_version= »4.21.0&Prime; _module_preset= »default » global_colors_info= »{} » theme_builder_area= »post_content » custom_padding= »8px||||| »][et_pb_column type= »3_5&Prime; _builder_version= »4.21.0&Prime; _module_preset= »default » global_colors_info= »{} » theme_builder_area= »post_content »][et_pb_text _builder_version= »4.21.0&Prime; _module_preset= »default » hover_enabled= »0&Prime; global_colors_info= »{} » theme_builder_area= »post_content » sticky_enabled= »0&Prime;]</p>
<p>Monsieur l’abbé Auxence PAYIMA, du diocèse de Gamboma (République du Congo), est nommé curé de la paroisse Saint-Bernard en Aunis, en accord avec son évêque, à compter du 1er septembre 2024.</p>
<p>Le père Auxence est originaire du Congo à Brazzaville où toute sa famille vit ; il est issu d’une fratrie de 15 enfants dont il est le 3ème et va, à l’occasion des vacances, les retrouver.</p>
<p>Le Père Auxence, qui a fêté ses 53 ans le 28 mai dernier, a célébré le 20ème anniversaire de son ordination, le 3 octobre 2024 dans notre paroisse.</p>
<p>Lui qui a reçu sa vocation dès l&rsquo;âge de 13 ans au Congo peut se réjouir du long et beau parcours accompli depuis.</p>
<p>[/et_pb_text][/et_pb_column][et_pb_column type= »2_5&Prime; _builder_version= »4.21.0&Prime; _module_preset= »default » global_colors_info= »{} » theme_builder_area= »post_content »][et_pb_image src= »https://catholiques17.fr/saintbernardenaunis/wp-content/uploads/sites/13/2024/08/Pere-Auxence-PAYIMA.jpg » title_text= »Père Auxence PAYIMA » _builder_version= »4.21.0&Prime; _module_preset= »default » hover_enabled= »0&Prime; global_colors_info= »{} » theme_builder_area= »post_content » box_shadow_style= »preset2&Prime; sticky_enabled= »0&Prime;][/et_pb_image][/et_pb_column][/et_pb_row][et_pb_row _builder_version= »4.21.0&Prime; _module_preset= »default » theme_builder_area= »post_content »][et_pb_column _builder_version= »4.21.0&Prime; _module_preset= »default » type= »4_4&Prime; theme_builder_area= »post_content »][et_pb_text _builder_version= »4.21.0&Prime; _module_preset= »default » theme_builder_area= »post_content » hover_enabled= »0&Prime; sticky_enabled= »0&Prime;]</p>
<p>C&rsquo;est un prêtre polonais, Père Bronis, qu&rsquo;il rencontre à la paroisse à proximité d&rsquo;un moulin à farine de manioc qui le prend sous sa coupe et l&rsquo;invite à participer, après l&rsquo;obtention de son BEPC, à une séance de catéchisme. Il y est ensuite assidu au point de trouver sa vocation. Au lycée, après le BAC, il se rend dans le département de Bouenza pour une étape préparatoire, la propédeutique, dans la communauté du Chemin Neuf durant un an avec 22 séminaristes.</p>
<p>Arrive la guerre en 1997. Il regagne la France en 1998 pour Toulon La Crau. Entré au séminaire de La Castille, il y passe 3 années. En 2001, il rejoint Toulouse, à Saint-Cyprien où il suit une formation à la faculté de théologie. Il est ordonné diacre par Monseigneur Émile Marcus et la même année, ordonné prêtre le 3 octobre 2004 au Congo par Monseigneur Ernest Kombo. Il est aussitôt envoyé comme prêtre à Etoumbi dans le département de la Cuvette Ouest. Au bout de 7 ans dans cette paroisse, il est affecté comme curé durant 2 ans dans le département du Plateau à N&rsquo;Go. Il fait alors la connaissance de l&rsquo;évêque Monseigneur Planet qui lui propose, en 2012, d&rsquo;exercer à Lézignan (en France) avec le Père André Vergnes. Durant 3 années, il suivra des cours à Toulouse à l&rsquo;Institut d&rsquo;étude religieuse et pastorale et occupera le poste de prêtre associé jusqu’en 2018.</p>
<p>Il est ensuite nommé dans le Diocèse d’Arras en qualité de prêtre administrateur de deux paroisses : Notre dame des Ardents en Boulonnais avec ses 23 clochers, ses 2 chapelles et ses maisons de retraites et St Wulmer entre Liane et Canche avec ses 11 clochers et sa maison d&rsquo;accueil spécialisée.</p>
<p>Après l’Occitanie et le Nord-Pas-de-Calais, le Père Auxence est donc en plaine d’Aunis où apprécie le chant, la lecture, la marche et tout ce qui est technique, science et bricolage.</p>
<p>N&rsquo;hésitez pas à venir à sa rencontre.</p>
<p>[/et_pb_text][/et_pb_column][/et_pb_row][/et_pb_section]</p>

<p>Monsieur l’abbé Auxence PAYIMA, du diocèse de Gamboma (République du Congo), est nommé curé de la paroisse Saint-Bernard en Aunis, en accord avec son évêque, à compter du 1er septembre 2024. Le père [&hellip;]</p>
