{"id":9948,"date":"2026-02-15T15:38:00","date_gmt":"2026-02-15T14:38:00","guid":{"rendered":"https:\/\/catholiques17.fr\/saintaigulin\/?post_type=tribe_events&#038;p=9948"},"modified":"2026-02-15T15:38:00","modified_gmt":"2026-02-15T14:38:00","slug":"obseques-de-mme-colette-arsicaud","status":"publish","type":"tribe_events","link":"https:\/\/catholiques17.fr\/saintaigulin\/event\/obseques-de-mme-colette-arsicaud\/","title":{"rendered":"Obs\u00e8ques de Mme. Colette ARSICAUD"},"content":{"rendered":"<p>Les obs\u00e8ques de Mme. Colette ARSICAUD seront c\u00e9l\u00e9br\u00e9es le jeudi 19 f\u00e9vrier \u00e0 15H00 en la paroisse de Saint Aigulin<\/p>\n","protected":false},"excerpt":{"rendered":"<p>Les obs\u00e8ques de Mme. Colette ARSICAUD seront c\u00e9l\u00e9br\u00e9es le jeudi 19 f\u00e9vrier \u00e0 15H00 en la paroisse de Saint Aigulin<\/p>\n","protected":false},"author":92,"featured_media":0,"template":"","meta":{"_et_pb_use_builder":"","_et_pb_old_content":"","_et_gb_content_width":"","_tribe_events_status":"","_tribe_events_status_reason":"","footnotes":""},"tags":[],"tribe_events_cat":[63],"class_list":["post-9948","tribe_events","type-tribe_events","status-publish","hentry","tribe_events_cat-ceremonie","cat_ceremonie"],"_links":{"self":[{"href":"https:\/\/catholiques17.fr\/saintaigulin\/wp-json\/wp\/v2\/tribe_events\/9948","targetHints":{"allow":["GET"]}}],"collection":[{"href":"https:\/\/catholiques17.fr\/saintaigulin\/wp-json\/wp\/v2\/tribe_events"}],"about":[{"href":"https:\/\/catholiques17.fr\/saintaigulin\/wp-json\/wp\/v2\/types\/tribe_events"}],"author":[{"embeddable":true,"href":"https:\/\/catholiques17.fr\/saintaigulin\/wp-json\/wp\/v2\/users\/92"}],"version-history":[{"count":1,"href":"https:\/\/catholiques17.fr\/saintaigulin\/wp-json\/wp\/v2\/tribe_events\/9948\/revisions"}],"predecessor-version":[{"id":9949,"href":"https:\/\/catholiques17.fr\/saintaigulin\/wp-json\/wp\/v2\/tribe_events\/9948\/revisions\/9949"}],"wp:attachment":[{"href":"https:\/\/catholiques17.fr\/saintaigulin\/wp-json\/wp\/v2\/media?parent=9948"}],"wp:term":[{"taxonomy":"post_tag","embeddable":true,"href":"https:\/\/catholiques17.fr\/saintaigulin\/wp-json\/wp\/v2\/tags?post=9948"},{"taxonomy":"tribe_events_cat","embeddable":true,"href":"https:\/\/catholiques17.fr\/saintaigulin\/wp-json\/wp\/v2\/tribe_events_cat?post=9948"}],"curies":[{"name":"wp","href":"https:\/\/api.w.org\/{rel}","templated":true}]}}

Obsèques de Mme. Colette ARSICAUD

<p>Les obsèques de Mme. Colette ARSICAUD seront célébrées le jeudi 19 février à 15H00 en la paroisse de Saint Aigulin</p>
