{"id":9944,"date":"2026-02-14T01:03:41","date_gmt":"2026-02-14T00:03:41","guid":{"rendered":"https:\/\/catholiques17.fr\/saintaigulin\/?post_type=tribe_events&#038;p=9944"},"modified":"2026-02-14T01:03:41","modified_gmt":"2026-02-14T00:03:41","slug":"obseques-de-mme-madeleine-landreau","status":"publish","type":"tribe_events","link":"https:\/\/catholiques17.fr\/saintaigulin\/event\/obseques-de-mme-madeleine-landreau\/","title":{"rendered":"Obs\u00e8ques de Mme Madeleine LANDREAU"},"content":{"rendered":"<p>Les obs\u00e8ques de Mme. Madeleine LANDREAU seront c\u00e9l\u00e9br\u00e9es mercredi 18 f\u00e9vrier \u00e0 10H30 en la paroisse de Saint Aigulin.<\/p>\n","protected":false},"excerpt":{"rendered":"<p>Les obs\u00e8ques de Mme. Madeleine LANDREAU seront c\u00e9l\u00e9br\u00e9es mercredi 18 f\u00e9vrier \u00e0 10H30 en la paroisse de Saint Aigulin.<\/p>\n","protected":false},"author":92,"featured_media":0,"template":"","meta":{"_et_pb_use_builder":"","_et_pb_old_content":"","_et_gb_content_width":"","_tribe_events_status":"","_tribe_events_status_reason":"","footnotes":""},"tags":[],"tribe_events_cat":[63,35],"class_list":["post-9944","tribe_events","type-tribe_events","status-publish","hentry","tribe_events_cat-ceremonie","tribe_events_cat-paroisse","cat_ceremonie","cat_paroisse"],"_links":{"self":[{"href":"https:\/\/catholiques17.fr\/saintaigulin\/wp-json\/wp\/v2\/tribe_events\/9944","targetHints":{"allow":["GET"]}}],"collection":[{"href":"https:\/\/catholiques17.fr\/saintaigulin\/wp-json\/wp\/v2\/tribe_events"}],"about":[{"href":"https:\/\/catholiques17.fr\/saintaigulin\/wp-json\/wp\/v2\/types\/tribe_events"}],"author":[{"embeddable":true,"href":"https:\/\/catholiques17.fr\/saintaigulin\/wp-json\/wp\/v2\/users\/92"}],"version-history":[{"count":2,"href":"https:\/\/catholiques17.fr\/saintaigulin\/wp-json\/wp\/v2\/tribe_events\/9944\/revisions"}],"predecessor-version":[{"id":9947,"href":"https:\/\/catholiques17.fr\/saintaigulin\/wp-json\/wp\/v2\/tribe_events\/9944\/revisions\/9947"}],"wp:attachment":[{"href":"https:\/\/catholiques17.fr\/saintaigulin\/wp-json\/wp\/v2\/media?parent=9944"}],"wp:term":[{"taxonomy":"post_tag","embeddable":true,"href":"https:\/\/catholiques17.fr\/saintaigulin\/wp-json\/wp\/v2\/tags?post=9944"},{"taxonomy":"tribe_events_cat","embeddable":true,"href":"https:\/\/catholiques17.fr\/saintaigulin\/wp-json\/wp\/v2\/tribe_events_cat?post=9944"}],"curies":[{"name":"wp","href":"https:\/\/api.w.org\/{rel}","templated":true}]}}

Obsèques de Mme Madeleine LANDREAU

<p>Les obsèques de Mme. Madeleine LANDREAU seront célébrées mercredi 18 février à 10H30 en la paroisse de Saint Aigulin.</p>
