{"id":9875,"date":"2026-02-06T09:30:10","date_gmt":"2026-02-06T08:30:10","guid":{"rendered":"https:\/\/catholiques17.fr\/saintaigulin\/?post_type=tribe_events&#038;p=9875"},"modified":"2026-02-06T09:56:50","modified_gmt":"2026-02-06T08:56:50","slug":"obseques-de-m-michou-andre","status":"publish","type":"tribe_events","link":"https:\/\/catholiques17.fr\/saintaigulin\/event\/obseques-de-m-michou-andre\/","title":{"rendered":"Obs\u00e8ques de M. Michou Andr\u00e9"},"content":{"rendered":"<p>Les obs\u00e8ques de M. Michou Andr\u00e9 seront c\u00e9l\u00e9br\u00e9es le lundi 9 f\u00e9vrier \u00e0 10H30 en la paroisse de Saint Aigulin<\/p>\n","protected":false},"excerpt":{"rendered":"<p>Les obs\u00e8ques de M. Michou Andr\u00e9 seront c\u00e9l\u00e9br\u00e9es le lundi 9 f\u00e9vrier \u00e0 10H30 en la paroisse de Saint Aigulin<\/p>\n","protected":false},"author":92,"featured_media":0,"template":"","meta":{"_et_pb_use_builder":"","_et_pb_old_content":"","_et_gb_content_width":"","_tribe_events_status":"","_tribe_events_status_reason":"","footnotes":""},"tags":[],"tribe_events_cat":[63],"class_list":["post-9875","tribe_events","type-tribe_events","status-publish","hentry","tribe_events_cat-ceremonie","cat_ceremonie"],"_links":{"self":[{"href":"https:\/\/catholiques17.fr\/saintaigulin\/wp-json\/wp\/v2\/tribe_events\/9875","targetHints":{"allow":["GET"]}}],"collection":[{"href":"https:\/\/catholiques17.fr\/saintaigulin\/wp-json\/wp\/v2\/tribe_events"}],"about":[{"href":"https:\/\/catholiques17.fr\/saintaigulin\/wp-json\/wp\/v2\/types\/tribe_events"}],"author":[{"embeddable":true,"href":"https:\/\/catholiques17.fr\/saintaigulin\/wp-json\/wp\/v2\/users\/92"}],"version-history":[{"count":3,"href":"https:\/\/catholiques17.fr\/saintaigulin\/wp-json\/wp\/v2\/tribe_events\/9875\/revisions"}],"predecessor-version":[{"id":9889,"href":"https:\/\/catholiques17.fr\/saintaigulin\/wp-json\/wp\/v2\/tribe_events\/9875\/revisions\/9889"}],"wp:attachment":[{"href":"https:\/\/catholiques17.fr\/saintaigulin\/wp-json\/wp\/v2\/media?parent=9875"}],"wp:term":[{"taxonomy":"post_tag","embeddable":true,"href":"https:\/\/catholiques17.fr\/saintaigulin\/wp-json\/wp\/v2\/tags?post=9875"},{"taxonomy":"tribe_events_cat","embeddable":true,"href":"https:\/\/catholiques17.fr\/saintaigulin\/wp-json\/wp\/v2\/tribe_events_cat?post=9875"}],"curies":[{"name":"wp","href":"https:\/\/api.w.org\/{rel}","templated":true}]}}

Obsèques de M. Michou André

<p>Les obsèques de M. Michou André seront célébrées le lundi 9 février à 10H30 en la paroisse de Saint Aigulin</p>
