{"id":9782,"date":"2025-12-09T10:56:38","date_gmt":"2025-12-09T09:56:38","guid":{"rendered":"https:\/\/catholiques17.fr\/saintaigulin\/?post_type=tribe_events&#038;p=9782"},"modified":"2025-12-09T10:56:38","modified_gmt":"2025-12-09T09:56:38","slug":"messe-de-la-nuit-de-noel","status":"publish","type":"tribe_events","link":"https:\/\/catholiques17.fr\/saintaigulin\/event\/messe-de-la-nuit-de-noel\/","title":{"rendered":"Messe de la nuit de No\u00ebl"},"content":{"rendered":"<p>La messe (et la veill\u00e9e) de la nuit de No\u00ebl sera c\u00e9l\u00e9br\u00e9e le mercredi 24\/12 \u00e0 19h30 \u00e0 Saint-Aigulin<\/p>\n","protected":false},"excerpt":{"rendered":"<p>La messe (et la veill\u00e9e) de la nuit de No\u00ebl sera c\u00e9l\u00e9br\u00e9e le mercredi 24\/12 \u00e0 19h30 \u00e0 Saint-Aigulin<\/p>\n","protected":false},"author":4,"featured_media":9783,"template":"","meta":{"_et_pb_use_builder":"","_et_pb_old_content":"","_et_gb_content_width":"","_tribe_events_status":"","_tribe_events_status_reason":"","footnotes":""},"tags":[],"tribe_events_cat":[],"class_list":["post-9782","tribe_events","type-tribe_events","status-publish","has-post-thumbnail","hentry"],"_links":{"self":[{"href":"https:\/\/catholiques17.fr\/saintaigulin\/wp-json\/wp\/v2\/tribe_events\/9782","targetHints":{"allow":["GET"]}}],"collection":[{"href":"https:\/\/catholiques17.fr\/saintaigulin\/wp-json\/wp\/v2\/tribe_events"}],"about":[{"href":"https:\/\/catholiques17.fr\/saintaigulin\/wp-json\/wp\/v2\/types\/tribe_events"}],"author":[{"embeddable":true,"href":"https:\/\/catholiques17.fr\/saintaigulin\/wp-json\/wp\/v2\/users\/4"}],"version-history":[{"count":1,"href":"https:\/\/catholiques17.fr\/saintaigulin\/wp-json\/wp\/v2\/tribe_events\/9782\/revisions"}],"predecessor-version":[{"id":9785,"href":"https:\/\/catholiques17.fr\/saintaigulin\/wp-json\/wp\/v2\/tribe_events\/9782\/revisions\/9785"}],"wp:featuredmedia":[{"embeddable":true,"href":"https:\/\/catholiques17.fr\/saintaigulin\/wp-json\/wp\/v2\/media\/9783"}],"wp:attachment":[{"href":"https:\/\/catholiques17.fr\/saintaigulin\/wp-json\/wp\/v2\/media?parent=9782"}],"wp:term":[{"taxonomy":"post_tag","embeddable":true,"href":"https:\/\/catholiques17.fr\/saintaigulin\/wp-json\/wp\/v2\/tags?post=9782"},{"taxonomy":"tribe_events_cat","embeddable":true,"href":"https:\/\/catholiques17.fr\/saintaigulin\/wp-json\/wp\/v2\/tribe_events_cat?post=9782"}],"curies":[{"name":"wp","href":"https:\/\/api.w.org\/{rel}","templated":true}]}}

Messe de la nuit de Noël

<p>La messe (et la veillée) de la nuit de Noël sera célébrée le mercredi 24/12 à 19h30 à Saint-Aigulin</p>
