{"id":9621,"date":"2025-10-21T17:06:08","date_gmt":"2025-10-21T15:06:08","guid":{"rendered":"https:\/\/catholiques17.fr\/saintaigulin\/?post_type=tribe_events&#038;p=9621"},"modified":"2025-10-21T17:06:08","modified_gmt":"2025-10-21T15:06:08","slug":"messe-de-presentation-du-diocese-de-la-rochelle-a-mgr-bozo","status":"publish","type":"tribe_events","link":"https:\/\/catholiques17.fr\/saintaigulin\/event\/messe-de-presentation-du-diocese-de-la-rochelle-a-mgr-bozo\/","title":{"rendered":"Messe de pr\u00e9sentation du dioc\u00e8se de La Rochelle \u00e0 Mgr Bozo"},"content":{"rendered":"<h2>Apr\u00e8s la messe d\u2019installation du 19 octobre,<\/h2>\n<h2>Mgr Pierre-Antoine Bozo\u00a0pr\u00e9sidera une messe le dimanche 26 octobre \u00e0 15h30\u00a0\u00e0 la cath\u00e9drale Saint-Pierre de Saintes.<\/h2>\n<h2>Cette messe est ouverte \u00e0 tous !<\/h2>\n","protected":false},"excerpt":{"rendered":"<p>Apr\u00e8s la messe d\u2019installation du 19 octobre, Mgr Pierre-Antoine Bozo\u00a0pr\u00e9sidera une messe le dimanche 26 octobre \u00e0 15h30\u00a0\u00e0 la cath\u00e9drale Saint-Pierre de Saintes. Cette messe est ouverte \u00e0 tous !<\/p>\n","protected":false},"author":4,"featured_media":9622,"template":"","meta":{"_et_pb_use_builder":"","_et_pb_old_content":"","_et_gb_content_width":"","_tribe_events_status":"","_tribe_events_status_reason":"","footnotes":""},"tags":[],"tribe_events_cat":[],"class_list":["post-9621","tribe_events","type-tribe_events","status-publish","has-post-thumbnail","hentry"],"_links":{"self":[{"href":"https:\/\/catholiques17.fr\/saintaigulin\/wp-json\/wp\/v2\/tribe_events\/9621","targetHints":{"allow":["GET"]}}],"collection":[{"href":"https:\/\/catholiques17.fr\/saintaigulin\/wp-json\/wp\/v2\/tribe_events"}],"about":[{"href":"https:\/\/catholiques17.fr\/saintaigulin\/wp-json\/wp\/v2\/types\/tribe_events"}],"author":[{"embeddable":true,"href":"https:\/\/catholiques17.fr\/saintaigulin\/wp-json\/wp\/v2\/users\/4"}],"version-history":[{"count":1,"href":"https:\/\/catholiques17.fr\/saintaigulin\/wp-json\/wp\/v2\/tribe_events\/9621\/revisions"}],"predecessor-version":[{"id":9624,"href":"https:\/\/catholiques17.fr\/saintaigulin\/wp-json\/wp\/v2\/tribe_events\/9621\/revisions\/9624"}],"wp:featuredmedia":[{"embeddable":true,"href":"https:\/\/catholiques17.fr\/saintaigulin\/wp-json\/wp\/v2\/media\/9622"}],"wp:attachment":[{"href":"https:\/\/catholiques17.fr\/saintaigulin\/wp-json\/wp\/v2\/media?parent=9621"}],"wp:term":[{"taxonomy":"post_tag","embeddable":true,"href":"https:\/\/catholiques17.fr\/saintaigulin\/wp-json\/wp\/v2\/tags?post=9621"},{"taxonomy":"tribe_events_cat","embeddable":true,"href":"https:\/\/catholiques17.fr\/saintaigulin\/wp-json\/wp\/v2\/tribe_events_cat?post=9621"}],"curies":[{"name":"wp","href":"https:\/\/api.w.org\/{rel}","templated":true}]}}

Messe de présentation du diocèse de La Rochelle à Mgr Bozo

<h2>Après la messe d’installation du 19 octobre,</h2>
<h2>Mgr Pierre-Antoine Bozo présidera une messe le dimanche 26 octobre à 15h30 à la cathédrale Saint-Pierre de Saintes.</h2>
<h2>Cette messe est ouverte à tous !</h2>

<p>Après la messe d’installation du 19 octobre, Mgr Pierre-Antoine Bozo présidera une messe le dimanche 26 octobre à 15h30 à la cathédrale Saint-Pierre de Saintes. Cette messe est ouverte à tous !</p>
