{"id":10550,"date":"2026-04-24T23:41:07","date_gmt":"2026-04-24T21:41:07","guid":{"rendered":"https:\/\/catholiques17.fr\/saintaigulin\/?post_type=tribe_events&#038;p=10550"},"modified":"2026-04-26T19:43:33","modified_gmt":"2026-04-26T17:43:33","slug":"obseques-de-mme-jeanne-plat-daniere","status":"publish","type":"tribe_events","link":"https:\/\/catholiques17.fr\/saintaigulin\/event\/obseques-de-mme-jeanne-plat-daniere\/","title":{"rendered":"Obs\u00e8ques de Mme Jeanne PLAT-DANI\u00c8RE"},"content":{"rendered":"<p>Les obs\u00e8ques de Mme Jeanne PLAT-DANI\u00c8RE seront c\u00e9l\u00e9br\u00e9es le mercredi 29 avril \u00e0 10H30 en l\u2019\u00e9glise Saint Fort de Saint Aigulin<\/p>\n","protected":false},"excerpt":{"rendered":"<p>Les obs\u00e8ques de Mme Jeanne PLAT-DANI\u00c8RE seront c\u00e9l\u00e9br\u00e9es le mercredi 29 avril \u00e0 10H30 en l\u2019\u00e9glise Saint Fort de Saint Aigulin<\/p>\n","protected":false},"author":92,"featured_media":10046,"template":"","meta":{"_et_pb_use_builder":"","_et_pb_old_content":"","_et_gb_content_width":"","_tribe_events_status":"","_tribe_events_status_reason":"","footnotes":""},"tags":[],"tribe_events_cat":[67,63,66,35],"class_list":["post-10550","tribe_events","type-tribe_events","status-publish","has-post-thumbnail","hentry","tribe_events_cat-actualite","tribe_events_cat-ceremonie","tribe_events_cat-obseques","tribe_events_cat-paroisse","cat_actualite","cat_ceremonie","cat_obseques","cat_paroisse"],"_links":{"self":[{"href":"https:\/\/catholiques17.fr\/saintaigulin\/wp-json\/wp\/v2\/tribe_events\/10550","targetHints":{"allow":["GET"]}}],"collection":[{"href":"https:\/\/catholiques17.fr\/saintaigulin\/wp-json\/wp\/v2\/tribe_events"}],"about":[{"href":"https:\/\/catholiques17.fr\/saintaigulin\/wp-json\/wp\/v2\/types\/tribe_events"}],"author":[{"embeddable":true,"href":"https:\/\/catholiques17.fr\/saintaigulin\/wp-json\/wp\/v2\/users\/92"}],"version-history":[{"count":2,"href":"https:\/\/catholiques17.fr\/saintaigulin\/wp-json\/wp\/v2\/tribe_events\/10550\/revisions"}],"predecessor-version":[{"id":10569,"href":"https:\/\/catholiques17.fr\/saintaigulin\/wp-json\/wp\/v2\/tribe_events\/10550\/revisions\/10569"}],"wp:featuredmedia":[{"embeddable":true,"href":"https:\/\/catholiques17.fr\/saintaigulin\/wp-json\/wp\/v2\/media\/10046"}],"wp:attachment":[{"href":"https:\/\/catholiques17.fr\/saintaigulin\/wp-json\/wp\/v2\/media?parent=10550"}],"wp:term":[{"taxonomy":"post_tag","embeddable":true,"href":"https:\/\/catholiques17.fr\/saintaigulin\/wp-json\/wp\/v2\/tags?post=10550"},{"taxonomy":"tribe_events_cat","embeddable":true,"href":"https:\/\/catholiques17.fr\/saintaigulin\/wp-json\/wp\/v2\/tribe_events_cat?post=10550"}],"curies":[{"name":"wp","href":"https:\/\/api.w.org\/{rel}","templated":true}]}}

Obsèques de Mme Jeanne PLAT-DANIÈRE

<p>Les obsèques de Mme Jeanne PLAT-DANIÈRE seront célébrées le mercredi 29 avril à 10H30 en l’église Saint Fort de Saint Aigulin</p>
