{"id":10495,"date":"2026-04-15T19:54:15","date_gmt":"2026-04-15T17:54:15","guid":{"rendered":"https:\/\/catholiques17.fr\/saintaigulin\/?post_type=tribe_events&#038;p=10495"},"modified":"2026-04-15T19:54:15","modified_gmt":"2026-04-15T17:54:15","slug":"obseques-de-mme-ginette-etchepar","status":"publish","type":"tribe_events","link":"https:\/\/catholiques17.fr\/saintaigulin\/event\/obseques-de-mme-ginette-etchepar\/","title":{"rendered":"Obs\u00e8ques de Mme Ginette ETCHEPAR"},"content":{"rendered":"<p>Les obs\u00e8ques de Mme. Ginette ETCHEPAR seront c\u00e9l\u00e9br\u00e9es le vendredi 17 avril \u00e0 10H30 en l\u2019\u00e9glise Saint Fort de Saint Aigulin.<\/p>\n","protected":false},"excerpt":{"rendered":"<p>Les obs\u00e8ques de Mme. Ginette ETCHEPAR seront c\u00e9l\u00e9br\u00e9es le vendredi 17 avril \u00e0 10H30 en l\u2019\u00e9glise Saint Fort de Saint Aigulin.<\/p>\n","protected":false},"author":92,"featured_media":10046,"template":"","meta":{"_et_pb_use_builder":"","_et_pb_old_content":"","_et_gb_content_width":"","_tribe_events_status":"","_tribe_events_status_reason":"","footnotes":""},"tags":[],"tribe_events_cat":[67,63,66,35],"class_list":["post-10495","tribe_events","type-tribe_events","status-publish","has-post-thumbnail","hentry","tribe_events_cat-actualite","tribe_events_cat-ceremonie","tribe_events_cat-obseques","tribe_events_cat-paroisse","cat_actualite","cat_ceremonie","cat_obseques","cat_paroisse"],"_links":{"self":[{"href":"https:\/\/catholiques17.fr\/saintaigulin\/wp-json\/wp\/v2\/tribe_events\/10495","targetHints":{"allow":["GET"]}}],"collection":[{"href":"https:\/\/catholiques17.fr\/saintaigulin\/wp-json\/wp\/v2\/tribe_events"}],"about":[{"href":"https:\/\/catholiques17.fr\/saintaigulin\/wp-json\/wp\/v2\/types\/tribe_events"}],"author":[{"embeddable":true,"href":"https:\/\/catholiques17.fr\/saintaigulin\/wp-json\/wp\/v2\/users\/92"}],"version-history":[{"count":1,"href":"https:\/\/catholiques17.fr\/saintaigulin\/wp-json\/wp\/v2\/tribe_events\/10495\/revisions"}],"predecessor-version":[{"id":10496,"href":"https:\/\/catholiques17.fr\/saintaigulin\/wp-json\/wp\/v2\/tribe_events\/10495\/revisions\/10496"}],"wp:featuredmedia":[{"embeddable":true,"href":"https:\/\/catholiques17.fr\/saintaigulin\/wp-json\/wp\/v2\/media\/10046"}],"wp:attachment":[{"href":"https:\/\/catholiques17.fr\/saintaigulin\/wp-json\/wp\/v2\/media?parent=10495"}],"wp:term":[{"taxonomy":"post_tag","embeddable":true,"href":"https:\/\/catholiques17.fr\/saintaigulin\/wp-json\/wp\/v2\/tags?post=10495"},{"taxonomy":"tribe_events_cat","embeddable":true,"href":"https:\/\/catholiques17.fr\/saintaigulin\/wp-json\/wp\/v2\/tribe_events_cat?post=10495"}],"curies":[{"name":"wp","href":"https:\/\/api.w.org\/{rel}","templated":true}]}}

Obsèques de Mme Ginette ETCHEPAR

<p>Les obsèques de Mme. Ginette ETCHEPAR seront célébrées le vendredi 17 avril à 10H30 en l’église Saint Fort de Saint Aigulin.</p>
