{"id":10412,"date":"2026-04-03T14:26:43","date_gmt":"2026-04-03T12:26:43","guid":{"rendered":"https:\/\/catholiques17.fr\/saintaigulin\/?post_type=tribe_events&#038;p=10412"},"modified":"2026-04-03T14:26:43","modified_gmt":"2026-04-03T12:26:43","slug":"obseques-de-mme-christiane-boisson","status":"publish","type":"tribe_events","link":"https:\/\/catholiques17.fr\/saintaigulin\/event\/obseques-de-mme-christiane-boisson\/","title":{"rendered":"Obs\u00e8ques de Mme Christiane BOISSON"},"content":{"rendered":"<p>Les obs\u00e8ques de Mme. Christiane BOISSON seront c\u00e9l\u00e9br\u00e9es le mard 7 avril \u00e0 15H00 en l\u2019\u00e9glise Saint Fort de Saint Aigulin<\/p>\n","protected":false},"excerpt":{"rendered":"<p>Les obs\u00e8ques de Mme. Christiane BOISSON seront c\u00e9l\u00e9br\u00e9es le mard 7 avril \u00e0 15H00 en l\u2019\u00e9glise Saint Fort de Saint Aigulin<\/p>\n","protected":false},"author":92,"featured_media":10046,"template":"","meta":{"_et_pb_use_builder":"","_et_pb_old_content":"","_et_gb_content_width":"","_tribe_events_status":"","_tribe_events_status_reason":"","footnotes":""},"tags":[],"tribe_events_cat":[67,66,35],"class_list":["post-10412","tribe_events","type-tribe_events","status-publish","has-post-thumbnail","hentry","tribe_events_cat-actualite","tribe_events_cat-obseques","tribe_events_cat-paroisse","cat_actualite","cat_obseques","cat_paroisse"],"_links":{"self":[{"href":"https:\/\/catholiques17.fr\/saintaigulin\/wp-json\/wp\/v2\/tribe_events\/10412","targetHints":{"allow":["GET"]}}],"collection":[{"href":"https:\/\/catholiques17.fr\/saintaigulin\/wp-json\/wp\/v2\/tribe_events"}],"about":[{"href":"https:\/\/catholiques17.fr\/saintaigulin\/wp-json\/wp\/v2\/types\/tribe_events"}],"author":[{"embeddable":true,"href":"https:\/\/catholiques17.fr\/saintaigulin\/wp-json\/wp\/v2\/users\/92"}],"version-history":[{"count":1,"href":"https:\/\/catholiques17.fr\/saintaigulin\/wp-json\/wp\/v2\/tribe_events\/10412\/revisions"}],"predecessor-version":[{"id":10413,"href":"https:\/\/catholiques17.fr\/saintaigulin\/wp-json\/wp\/v2\/tribe_events\/10412\/revisions\/10413"}],"wp:featuredmedia":[{"embeddable":true,"href":"https:\/\/catholiques17.fr\/saintaigulin\/wp-json\/wp\/v2\/media\/10046"}],"wp:attachment":[{"href":"https:\/\/catholiques17.fr\/saintaigulin\/wp-json\/wp\/v2\/media?parent=10412"}],"wp:term":[{"taxonomy":"post_tag","embeddable":true,"href":"https:\/\/catholiques17.fr\/saintaigulin\/wp-json\/wp\/v2\/tags?post=10412"},{"taxonomy":"tribe_events_cat","embeddable":true,"href":"https:\/\/catholiques17.fr\/saintaigulin\/wp-json\/wp\/v2\/tribe_events_cat?post=10412"}],"curies":[{"name":"wp","href":"https:\/\/api.w.org\/{rel}","templated":true}]}}

Obsèques de Mme Christiane BOISSON

<p>Les obsèques de Mme. Christiane BOISSON seront célébrées le mard 7 avril à 15H00 en l’église Saint Fort de Saint Aigulin</p>
