{"id":10407,"date":"2026-04-03T14:21:29","date_gmt":"2026-04-03T12:21:29","guid":{"rendered":"https:\/\/catholiques17.fr\/saintaigulin\/?post_type=tribe_events&#038;p=10407"},"modified":"2026-04-06T10:20:46","modified_gmt":"2026-04-06T08:20:46","slug":"obseques-de-mme-thereze-labarrere","status":"publish","type":"tribe_events","link":"https:\/\/catholiques17.fr\/saintaigulin\/event\/obseques-de-mme-thereze-labarrere\/","title":{"rendered":"Obs\u00e8ques de Mme Th\u00e9r\u00e8se LABARR\u00c8RE"},"content":{"rendered":"<p>Les obs\u00e8ques de Mme. Th\u00e9r\u00e8se LABARR\u00c8RE seront c\u00e9l\u00e9br\u00e9es le lundi 6 avril \u00e0 10H30 en la chapelle Saint Louis de R\u00e9vignac Le Fouilloux<\/p>\n","protected":false},"excerpt":{"rendered":"<p>Les obs\u00e8ques de Mme. Th\u00e9r\u00e8se LABARR\u00c8RE seront c\u00e9l\u00e9br\u00e9es le lundi 6 avril \u00e0 10H30 en la chapelle Saint Louis de R\u00e9vignac Le Fouilloux<\/p>\n","protected":false},"author":92,"featured_media":10046,"template":"","meta":{"_et_pb_use_builder":"","_et_pb_old_content":"","_et_gb_content_width":"","_tribe_events_status":"","_tribe_events_status_reason":"","footnotes":""},"tags":[],"tribe_events_cat":[67,66,35],"class_list":["post-10407","tribe_events","type-tribe_events","status-publish","has-post-thumbnail","hentry","tribe_events_cat-actualite","tribe_events_cat-obseques","tribe_events_cat-paroisse","cat_actualite","cat_obseques","cat_paroisse"],"_links":{"self":[{"href":"https:\/\/catholiques17.fr\/saintaigulin\/wp-json\/wp\/v2\/tribe_events\/10407","targetHints":{"allow":["GET"]}}],"collection":[{"href":"https:\/\/catholiques17.fr\/saintaigulin\/wp-json\/wp\/v2\/tribe_events"}],"about":[{"href":"https:\/\/catholiques17.fr\/saintaigulin\/wp-json\/wp\/v2\/types\/tribe_events"}],"author":[{"embeddable":true,"href":"https:\/\/catholiques17.fr\/saintaigulin\/wp-json\/wp\/v2\/users\/92"}],"version-history":[{"count":4,"href":"https:\/\/catholiques17.fr\/saintaigulin\/wp-json\/wp\/v2\/tribe_events\/10407\/revisions"}],"predecessor-version":[{"id":10421,"href":"https:\/\/catholiques17.fr\/saintaigulin\/wp-json\/wp\/v2\/tribe_events\/10407\/revisions\/10421"}],"wp:featuredmedia":[{"embeddable":true,"href":"https:\/\/catholiques17.fr\/saintaigulin\/wp-json\/wp\/v2\/media\/10046"}],"wp:attachment":[{"href":"https:\/\/catholiques17.fr\/saintaigulin\/wp-json\/wp\/v2\/media?parent=10407"}],"wp:term":[{"taxonomy":"post_tag","embeddable":true,"href":"https:\/\/catholiques17.fr\/saintaigulin\/wp-json\/wp\/v2\/tags?post=10407"},{"taxonomy":"tribe_events_cat","embeddable":true,"href":"https:\/\/catholiques17.fr\/saintaigulin\/wp-json\/wp\/v2\/tribe_events_cat?post=10407"}],"curies":[{"name":"wp","href":"https:\/\/api.w.org\/{rel}","templated":true}]}}

Obsèques de Mme Thérèse LABARRÈRE

<p>Les obsèques de Mme. Thérèse LABARRÈRE seront célébrées le lundi 6 avril à 10H30 en la chapelle Saint Louis de Révignac Le Fouilloux</p>
