{"id":10034,"date":"2026-02-17T19:48:38","date_gmt":"2026-02-17T18:48:38","guid":{"rendered":"https:\/\/catholiques17.fr\/saintaigulin\/?post_type=tribe_events&#038;p=10034"},"modified":"2026-02-17T19:48:38","modified_gmt":"2026-02-17T18:48:38","slug":"ouverture-de-lenquete-diocesaine-pour-le-proces-de-beatification-de-marie-eustelle-harpain","status":"publish","type":"tribe_events","link":"https:\/\/catholiques17.fr\/saintaigulin\/event\/ouverture-de-lenquete-diocesaine-pour-le-proces-de-beatification-de-marie-eustelle-harpain\/","title":{"rendered":"Ouverture de l\u2019enqu\u00eate dioc\u00e9saine pour le proc\u00e8s de b\u00e9atification de Marie-Eustelle Harpain"},"content":{"rendered":"<h4><a href=\"https:\/\/catholiques17.fr\/event\/ouverture-de-lenquete-diocesaine-pour-le-proces-de-beatification-de-marie-eustelle-harpain\/\">Vendredi 20 f\u00e9vrier 2026 \u00e0 17h, lors d\u2019une c\u00e9l\u00e9bration en l\u2019\u00e9glise Saint-Pallais de Saintes pr\u00e9sid\u00e9e par Mgr Pierre-Antoine Bozo, les acteurs de la cause de b\u00e9atification de Marie-Eustelle Harpain pr\u00eateront serment, marquant ainsi l\u2019ouverture de l\u2019Enqu\u00eate dioc\u00e9saine pour le proc\u00e8s de b\u00e9atification de Marie-Eustelle Harpin<\/a><\/h4>\n<a href='' class='icon-button download-icon' target=\"_blank\">Qui \u00e9tait Marie-Eustelle Harpin<span class='et-icon'><\/span><\/a>\n","protected":false},"excerpt":{"rendered":"<p>Vendredi 20 f\u00e9vrier 2026 \u00e0 17h, lors d\u2019une c\u00e9l\u00e9bration en l\u2019\u00e9glise Saint-Pallais de Saintes pr\u00e9sid\u00e9e par Mgr Pierre-Antoine Bozo, les acteurs de la cause de b\u00e9atification de Marie-Eustelle Harpain pr\u00eateront [&hellip;]<\/p>\n","protected":false},"author":92,"featured_media":10035,"template":"","meta":{"_et_pb_use_builder":"","_et_pb_old_content":"","_et_gb_content_width":"","_tribe_events_status":"","_tribe_events_status_reason":"","footnotes":""},"tags":[],"tribe_events_cat":[67],"class_list":["post-10034","tribe_events","type-tribe_events","status-publish","has-post-thumbnail","hentry","tribe_events_cat-actualite","cat_actualite"],"_links":{"self":[{"href":"https:\/\/catholiques17.fr\/saintaigulin\/wp-json\/wp\/v2\/tribe_events\/10034","targetHints":{"allow":["GET"]}}],"collection":[{"href":"https:\/\/catholiques17.fr\/saintaigulin\/wp-json\/wp\/v2\/tribe_events"}],"about":[{"href":"https:\/\/catholiques17.fr\/saintaigulin\/wp-json\/wp\/v2\/types\/tribe_events"}],"author":[{"embeddable":true,"href":"https:\/\/catholiques17.fr\/saintaigulin\/wp-json\/wp\/v2\/users\/92"}],"version-history":[{"count":4,"href":"https:\/\/catholiques17.fr\/saintaigulin\/wp-json\/wp\/v2\/tribe_events\/10034\/revisions"}],"predecessor-version":[{"id":10039,"href":"https:\/\/catholiques17.fr\/saintaigulin\/wp-json\/wp\/v2\/tribe_events\/10034\/revisions\/10039"}],"wp:featuredmedia":[{"embeddable":true,"href":"https:\/\/catholiques17.fr\/saintaigulin\/wp-json\/wp\/v2\/media\/10035"}],"wp:attachment":[{"href":"https:\/\/catholiques17.fr\/saintaigulin\/wp-json\/wp\/v2\/media?parent=10034"}],"wp:term":[{"taxonomy":"post_tag","embeddable":true,"href":"https:\/\/catholiques17.fr\/saintaigulin\/wp-json\/wp\/v2\/tags?post=10034"},{"taxonomy":"tribe_events_cat","embeddable":true,"href":"https:\/\/catholiques17.fr\/saintaigulin\/wp-json\/wp\/v2\/tribe_events_cat?post=10034"}],"curies":[{"name":"wp","href":"https:\/\/api.w.org\/{rel}","templated":true}]}}

Ouverture de l’enquête diocésaine pour le procès de béatification de Marie-Eustelle Harpain

<h4><a href="https://catholiques17.fr/event/ouverture-de-lenquete-diocesaine-pour-le-proces-de-beatification-de-marie-eustelle-harpain/">Vendredi 20 février 2026 à 17h, lors d’une célébration en l’église Saint-Pallais de Saintes présidée par Mgr Pierre-Antoine Bozo, les acteurs de la cause de béatification de Marie-Eustelle Harpain prêteront serment, marquant ainsi l’ouverture de l’Enquête diocésaine pour le procès de béatification de Marie-Eustelle Harpin</a></h4>
<a href='' class='icon-button download-icon' target="_blank">Qui était Marie-Eustelle Harpin<span class='et-icon'></span></a>

<p>Vendredi 20 février 2026 à 17h, lors d’une célébration en l’église Saint-Pallais de Saintes présidée par Mgr Pierre-Antoine Bozo, les acteurs de la cause de béatification de Marie-Eustelle Harpain prêteront [&hellip;]</p>
