{"id":9767,"date":"2025-12-09T10:05:00","date_gmt":"2025-12-09T09:05:00","guid":{"rendered":"https:\/\/catholiques17.fr\/saintaigulin\/?page_id=9767"},"modified":"2026-04-28T16:48:13","modified_gmt":"2026-04-28T14:48:13","slug":"nos-joies-nos-peines","status":"publish","type":"page","link":"https:\/\/catholiques17.fr\/saintaigulin\/nos-joies-nos-peines\/","title":{"rendered":"Nos joies, nos peines"},"content":{"rendered":"<p>[et_pb_section fb_built=\u00a0\u00bb1&Prime; _builder_version=\u00a0\u00bb4.27.4&Prime; _module_preset=\u00a0\u00bbdefault\u00a0\u00bb custom_padding=\u00a0\u00bb7px|||||\u00a0\u00bb global_colors_info=\u00a0\u00bb{}\u00a0\u00bb theme_builder_area=\u00a0\u00bbpost_content\u00a0\u00bb][et_pb_row _builder_version=\u00a0\u00bb4.27.4&Prime; _module_preset=\u00a0\u00bbdefault\u00a0\u00bb custom_padding=\u00a0\u00bb6px|||||\u00a0\u00bb global_colors_info=\u00a0\u00bb{}\u00a0\u00bb theme_builder_area=\u00a0\u00bbpost_content\u00a0\u00bb][et_pb_column type=\u00a0\u00bb4_4&Prime; _builder_version=\u00a0\u00bb4.27.4&Prime; _module_preset=\u00a0\u00bbdefault\u00a0\u00bb global_colors_info=\u00a0\u00bb{}\u00a0\u00bb theme_builder_area=\u00a0\u00bbpost_content\u00a0\u00bb][et_pb_image src=\u00a0\u00bbhttps:\/\/catholiques17.fr\/saintaigulin\/wp-content\/uploads\/sites\/49\/2025\/12\/Design-sans-titre-3.jpg\u00a0\u00bb title_text=\u00a0\u00bbDesign sans titre (3)\u00a0\u00bb align=\u00a0\u00bbcenter\u00a0\u00bb _builder_version=\u00a0\u00bb4.27.4&Prime; _module_preset=\u00a0\u00bbdefault\u00a0\u00bb global_colors_info=\u00a0\u00bb{}\u00a0\u00bb theme_builder_area=\u00a0\u00bbpost_content\u00a0\u00bb][\/et_pb_image][\/et_pb_column][\/et_pb_row][et_pb_row column_structure=\u00a0\u00bb1_3,1_3,1_3&Prime; _builder_version=\u00a0\u00bb4.27.4&Prime; _module_preset=\u00a0\u00bbdefault\u00a0\u00bb global_colors_info=\u00a0\u00bb{}\u00a0\u00bb theme_builder_area=\u00a0\u00bbpost_content\u00a0\u00bb][et_pb_column type=\u00a0\u00bb1_3&Prime; _builder_version=\u00a0\u00bb4.27.4&Prime; _module_preset=\u00a0\u00bbdefault\u00a0\u00bb global_colors_info=\u00a0\u00bb{}\u00a0\u00bb theme_builder_area=\u00a0\u00bbpost_content\u00a0\u00bb][et_pb_text _builder_version=\u00a0\u00bb4.27.4&Prime; _module_preset=\u00a0\u00bbdefault\u00a0\u00bb global_colors_info=\u00a0\u00bb{}\u00a0\u00bb theme_builder_area=\u00a0\u00bbpost_content\u00a0\u00bb]<\/p>\n<h2 style=\"text-align: center\">BAPT\u00caMES 2026<\/h2>\n<p>[\/et_pb_text][et_pb_text _builder_version=\u00a0\u00bb4.27.5&Prime; _module_preset=\u00a0\u00bbdefault\u00a0\u00bb global_colors_info=\u00a0\u00bb{}\u00a0\u00bb theme_builder_area=\u00a0\u00bbpost_content\u00a0\u00bb]<\/p>\n<p>&#8211; 25 avril, <strong>Timoth\u00e9e BONDU<\/strong>, Saint Aigulin<\/p>\n<p>&#8211; 22 mars, <strong>Maonie ARTHAUD<\/strong>, La Clotte<\/p>\n<p>&#8211;<\/p>\n<p>&#8211;<\/p>\n<p>&#8211;<\/p>\n<p>&#8211;<\/p>\n<p>[\/et_pb_text][\/et_pb_column][et_pb_column type=\u00a0\u00bb1_3&Prime; _builder_version=\u00a0\u00bb4.27.4&Prime; _module_preset=\u00a0\u00bbdefault\u00a0\u00bb global_colors_info=\u00a0\u00bb{}\u00a0\u00bb theme_builder_area=\u00a0\u00bbpost_content\u00a0\u00bb][et_pb_text _builder_version=\u00a0\u00bb4.27.4&Prime; _module_preset=\u00a0\u00bbdefault\u00a0\u00bb global_colors_info=\u00a0\u00bb{}\u00a0\u00bb theme_builder_area=\u00a0\u00bbpost_content\u00a0\u00bb]<\/p>\n<h2 style=\"text-align: center\">MARIAGES 2026<\/h2>\n<p>[\/et_pb_text][et_pb_text _builder_version=\u00a0\u00bb4.27.4&Prime; _module_preset=\u00a0\u00bbdefault\u00a0\u00bb global_colors_info=\u00a0\u00bb{}\u00a0\u00bb theme_builder_area=\u00a0\u00bbpost_content\u00a0\u00bb]<\/p>\n<p>&#8211;<\/p>\n<p>&#8211;<\/p>\n<p>&#8211;<\/p>\n<p>&#8211;<\/p>\n<p>&#8211;<\/p>\n<p>[\/et_pb_text][\/et_pb_column][et_pb_column type=\u00a0\u00bb1_3&Prime; _builder_version=\u00a0\u00bb4.27.4&Prime; _module_preset=\u00a0\u00bbdefault\u00a0\u00bb global_colors_info=\u00a0\u00bb{}\u00a0\u00bb theme_builder_area=\u00a0\u00bbpost_content\u00a0\u00bb][et_pb_text _builder_version=\u00a0\u00bb4.27.4&Prime; _module_preset=\u00a0\u00bbdefault\u00a0\u00bb global_colors_info=\u00a0\u00bb{}\u00a0\u00bb theme_builder_area=\u00a0\u00bbpost_content\u00a0\u00bb]<\/p>\n<h2 style=\"text-align: center\">OBS\u00c8QUES 2026<\/h2>\n<p>[\/et_pb_text][et_pb_text _builder_version=\u00a0\u00bb4.27.5&Prime; _module_preset=\u00a0\u00bbdefault\u00a0\u00bb hover_enabled=\u00a0\u00bb0&Prime; global_colors_info=\u00a0\u00bb{}\u00a0\u00bb theme_builder_area=\u00a0\u00bbpost_content\u00a0\u00bb sticky_enabled=\u00a0\u00bb0&Prime;]<\/p>\n<p>&#8211; 4 mai, <strong>M. Guy BERNARD<\/strong>, Saint Aigulin<\/p>\n<p>&#8211; 29 avril, <strong>Mme. Claude BARDEAU<\/strong>, La Barde<\/p>\n<p>&#8211; 29 avril, <strong>Mme Jeanne PLAT-DANI\u00c9RE<\/strong>, Saint Aigulin<\/p>\n<p>&#8211; 28 avril, <strong>M. Jacques SERYAT<\/strong>, La Clotte<\/p>\n<p>&#8211; 27 avril, <strong>M. Yves MARQUI<\/strong>S, La Gen\u00e9touze<\/p>\n<p>&#8211; 17 avril, <strong>Mme. Ginette ETCHEPAR<\/strong>, Saint Aigulin<\/p>\n<p>&#8211; 7 avril, <strong>Mme.<\/strong> <strong>Christiane BOISSON<\/strong>, Saint Aigulin<\/p>\n<p>&#8211; 6 avril, <strong>Mme.<\/strong> <strong>Th\u00e9r\u00e8se LABARR\u00c8RE<\/strong>, R\u00e9vignac, Le Fouilloux<\/p>\n<p>&#8211; 17 mars, <strong>Mme. Josette PASCAL<\/strong>, Saint Aigulin<\/p>\n<p>&#8211; 7 mars, <strong>Mme Sylvette BOITEAU<\/strong>, Le Fouilloux<\/p>\n<p>&#8211; 24 f\u00e9vrier, <strong>Mme Denise LAGARDE<\/strong>, Saint-Martin de Coux<\/p>\n<p>&#8211; <span>20 f\u00e9vrier, <strong>M. Bernard NICOLAS<\/strong>, Saint Aigulin<\/span><\/p>\n<p>&#8211; <span>19 f\u00e9vrier, <strong>Mme\u00a0 Colette ARSICAUD<\/strong>, Saint Aigulin<\/span><\/p>\n<p>&#8211; <span>18 f\u00e9vrier, <strong>Mme Madeleine LANDREAU<\/strong>, Saint Aigulin<\/span><\/p>\n<p>&#8211; <span>9 f\u00e9vrier,<strong> M. Andr\u00e9 MICHOU<\/strong>, Saint Aigulin<\/span><\/p>\n<p>&#8211; 22 janvier, <strong>Mme Chantal RAPENOUIL<\/strong>, La Clotte<\/p>\n<p>&#8211; 20 janvier, <strong>Mme Mich\u00e8le LEFEBVRE,<\/strong> Saint Aigulin<\/p>\n<p>&#8211; 16 janvier, <strong>Mme \u00c9lise PATRIER<\/strong>, Saint Aigulin<\/p>\n<p>&#8211; 7 janvier, <strong>Mme Josette BEYNEY<\/strong>, Saint Aigulin<\/p>\n<p>&#8211; 2 janvier, <strong>M. Guy FAUVEL<\/strong>, Le Fouilloux<\/p>\n<p>[\/et_pb_text][\/et_pb_column][\/et_pb_row][\/et_pb_section]<\/p>\n","protected":false},"excerpt":{"rendered":"<p>BAPT\u00caMES 2026- 25 avril, Timoth\u00e9e BONDU, Saint Aigulin &#8211; 22 mars, Maonie ARTHAUD, La Clotte &#8211; &#8211; &#8211; -MARIAGES 2026- &#8211; &#8211; &#8211; -OBS\u00c8QUES 2026- 4 mai, M. Guy BERNARD, [&hellip;]<\/p>\n","protected":false},"author":4,"featured_media":0,"parent":0,"menu_order":0,"comment_status":"closed","ping_status":"closed","template":"","meta":{"_et_pb_use_builder":"on","_et_pb_old_content":"","_et_gb_content_width":"","footnotes":""},"class_list":["post-9767","page","type-page","status-publish","hentry"],"_links":{"self":[{"href":"https:\/\/catholiques17.fr\/saintaigulin\/wp-json\/wp\/v2\/pages\/9767","targetHints":{"allow":["GET"]}}],"collection":[{"href":"https:\/\/catholiques17.fr\/saintaigulin\/wp-json\/wp\/v2\/pages"}],"about":[{"href":"https:\/\/catholiques17.fr\/saintaigulin\/wp-json\/wp\/v2\/types\/page"}],"author":[{"embeddable":true,"href":"https:\/\/catholiques17.fr\/saintaigulin\/wp-json\/wp\/v2\/users\/4"}],"replies":[{"embeddable":true,"href":"https:\/\/catholiques17.fr\/saintaigulin\/wp-json\/wp\/v2\/comments?post=9767"}],"version-history":[{"count":22,"href":"https:\/\/catholiques17.fr\/saintaigulin\/wp-json\/wp\/v2\/pages\/9767\/revisions"}],"predecessor-version":[{"id":10575,"href":"https:\/\/catholiques17.fr\/saintaigulin\/wp-json\/wp\/v2\/pages\/9767\/revisions\/10575"}],"wp:attachment":[{"href":"https:\/\/catholiques17.fr\/saintaigulin\/wp-json\/wp\/v2\/media?parent=9767"}],"curies":[{"name":"wp","href":"https:\/\/api.w.org\/{rel}","templated":true}]}}

<p>[et_pb_section fb_built= »1&Prime; _builder_version= »4.27.4&Prime; _module_preset= »default » custom_padding= »7px||||| » global_colors_info= »{} » theme_builder_area= »post_content »][et_pb_row _builder_version= »4.27.4&Prime; _module_preset= »default » custom_padding= »6px||||| » global_colors_info= »{} » theme_builder_area= »post_content »][et_pb_column type= »4_4&Prime; _builder_version= »4.27.4&Prime; _module_preset= »default » global_colors_info= »{} » theme_builder_area= »post_content »][et_pb_image src= »https://catholiques17.fr/saintaigulin/wp-content/uploads/sites/49/2025/12/Design-sans-titre-3.jpg » title_text= »Design sans titre (3) » align= »center » _builder_version= »4.27.4&Prime; _module_preset= »default » global_colors_info= »{} » theme_builder_area= »post_content »][/et_pb_image][/et_pb_column][/et_pb_row][et_pb_row column_structure= »1_3,1_3,1_3&Prime; _builder_version= »4.27.4&Prime; _module_preset= »default » global_colors_info= »{} » theme_builder_area= »post_content »][et_pb_column type= »1_3&Prime; _builder_version= »4.27.4&Prime; _module_preset= »default » global_colors_info= »{} » theme_builder_area= »post_content »][et_pb_text _builder_version= »4.27.4&Prime; _module_preset= »default » global_colors_info= »{} » theme_builder_area= »post_content »]</p>
<h2 style="text-align: center">BAPTÊMES 2026</h2>
<p>[/et_pb_text][et_pb_text _builder_version= »4.27.5&Prime; _module_preset= »default » global_colors_info= »{} » theme_builder_area= »post_content »]</p>
<p>&#8211; 25 avril, <strong>Timothée BONDU</strong>, Saint Aigulin</p>
<p>&#8211; 22 mars, <strong>Maonie ARTHAUD</strong>, La Clotte</p>
<p>&#8211;</p>
<p>&#8211;</p>
<p>&#8211;</p>
<p>&#8211;</p>
<p>[/et_pb_text][/et_pb_column][et_pb_column type= »1_3&Prime; _builder_version= »4.27.4&Prime; _module_preset= »default » global_colors_info= »{} » theme_builder_area= »post_content »][et_pb_text _builder_version= »4.27.4&Prime; _module_preset= »default » global_colors_info= »{} » theme_builder_area= »post_content »]</p>
<h2 style="text-align: center">MARIAGES 2026</h2>
<p>[/et_pb_text][et_pb_text _builder_version= »4.27.4&Prime; _module_preset= »default » global_colors_info= »{} » theme_builder_area= »post_content »]</p>
<p>&#8211;</p>
<p>&#8211;</p>
<p>&#8211;</p>
<p>&#8211;</p>
<p>&#8211;</p>
<p>[/et_pb_text][/et_pb_column][et_pb_column type= »1_3&Prime; _builder_version= »4.27.4&Prime; _module_preset= »default » global_colors_info= »{} » theme_builder_area= »post_content »][et_pb_text _builder_version= »4.27.4&Prime; _module_preset= »default » global_colors_info= »{} » theme_builder_area= »post_content »]</p>
<h2 style="text-align: center">OBSÈQUES 2026</h2>
<p>[/et_pb_text][et_pb_text _builder_version= »4.27.5&Prime; _module_preset= »default » hover_enabled= »0&Prime; global_colors_info= »{} » theme_builder_area= »post_content » sticky_enabled= »0&Prime;]</p>
<p>&#8211; 4 mai, <strong>M. Guy BERNARD</strong>, Saint Aigulin</p>
<p>&#8211; 29 avril, <strong>Mme. Claude BARDEAU</strong>, La Barde</p>
<p>&#8211; 29 avril, <strong>Mme Jeanne PLAT-DANIÉRE</strong>, Saint Aigulin</p>
<p>&#8211; 28 avril, <strong>M. Jacques SERYAT</strong>, La Clotte</p>
<p>&#8211; 27 avril, <strong>M. Yves MARQUI</strong>S, La Genétouze</p>
<p>&#8211; 17 avril, <strong>Mme. Ginette ETCHEPAR</strong>, Saint Aigulin</p>
<p>&#8211; 7 avril, <strong>Mme.</strong> <strong>Christiane BOISSON</strong>, Saint Aigulin</p>
<p>&#8211; 6 avril, <strong>Mme.</strong> <strong>Thérèse LABARRÈRE</strong>, Révignac, Le Fouilloux</p>
<p>&#8211; 17 mars, <strong>Mme. Josette PASCAL</strong>, Saint Aigulin</p>
<p>&#8211; 7 mars, <strong>Mme Sylvette BOITEAU</strong>, Le Fouilloux</p>
<p>&#8211; 24 février, <strong>Mme Denise LAGARDE</strong>, Saint-Martin de Coux</p>
<p>&#8211; <span>20 février, <strong>M. Bernard NICOLAS</strong>, Saint Aigulin</span></p>
<p>&#8211; <span>19 février, <strong>Mme  Colette ARSICAUD</strong>, Saint Aigulin</span></p>
<p>&#8211; <span>18 février, <strong>Mme Madeleine LANDREAU</strong>, Saint Aigulin</span></p>
<p>&#8211; <span>9 février,<strong> M. André MICHOU</strong>, Saint Aigulin</span></p>
<p>&#8211; 22 janvier, <strong>Mme Chantal RAPENOUIL</strong>, La Clotte</p>
<p>&#8211; 20 janvier, <strong>Mme Michèle LEFEBVRE,</strong> Saint Aigulin</p>
<p>&#8211; 16 janvier, <strong>Mme Élise PATRIER</strong>, Saint Aigulin</p>
<p>&#8211; 7 janvier, <strong>Mme Josette BEYNEY</strong>, Saint Aigulin</p>
<p>&#8211; 2 janvier, <strong>M. Guy FAUVEL</strong>, Le Fouilloux</p>
<p>[/et_pb_text][/et_pb_column][/et_pb_row][/et_pb_section]</p>

<p>BAPTÊMES 2026- 25 avril, Timothée BONDU, Saint Aigulin &#8211; 22 mars, Maonie ARTHAUD, La Clotte &#8211; &#8211; &#8211; -MARIAGES 2026- &#8211; &#8211; &#8211; -OBSÈQUES 2026- 4 mai, M. Guy BERNARD, [&hellip;]</p>
