{"id":9712,"date":"2025-10-23T14:17:54","date_gmt":"2025-10-23T12:17:54","guid":{"rendered":"https:\/\/catholiques17.fr\/saintaigulin\/?page_id=9712"},"modified":"2025-10-23T16:04:33","modified_gmt":"2025-10-23T14:04:33","slug":"aumonerie-de-boscamnant","status":"publish","type":"page","link":"https:\/\/catholiques17.fr\/saintaigulin\/services\/aumonerie-de-boscamnant\/","title":{"rendered":"Aum\u00f4nerie de Boscamnant"},"content":{"rendered":"<p>[et_pb_section fb_built=\u00a0\u00bb1&Prime; _builder_version=\u00a0\u00bb4.27.4&Prime; _module_preset=\u00a0\u00bbdefault\u00a0\u00bb custom_padding=\u00a0\u00bb6px|||||\u00a0\u00bb global_colors_info=\u00a0\u00bb{}\u00a0\u00bb theme_builder_area=\u00a0\u00bbpost_content\u00a0\u00bb][et_pb_row _builder_version=\u00a0\u00bb4.27.4&Prime; _module_preset=\u00a0\u00bbdefault\u00a0\u00bb custom_padding=\u00a0\u00bb8px|||||\u00a0\u00bb global_colors_info=\u00a0\u00bb{}\u00a0\u00bb theme_builder_area=\u00a0\u00bbpost_content\u00a0\u00bb][et_pb_column type=\u00a0\u00bb4_4&Prime; _builder_version=\u00a0\u00bb4.27.4&Prime; _module_preset=\u00a0\u00bbdefault\u00a0\u00bb global_colors_info=\u00a0\u00bb{}\u00a0\u00bb theme_builder_area=\u00a0\u00bbpost_content\u00a0\u00bb][et_pb_image src=\u00a0\u00bbhttps:\/\/catholiques17.fr\/saintaigulin\/wp-content\/uploads\/sites\/49\/2025\/10\/SEM.jpg\u00a0\u00bb title_text=\u00a0\u00bbSEM\u00a0\u00bb align=\u00a0\u00bbcenter\u00a0\u00bb _builder_version=\u00a0\u00bb4.27.4&Prime; _module_preset=\u00a0\u00bbdefault\u00a0\u00bb hover_enabled=\u00a0\u00bb0&Prime; border_radii=\u00a0\u00bbon|20px|20px|20px|20px\u00a0\u00bb global_colors_info=\u00a0\u00bb{}\u00a0\u00bb theme_builder_area=\u00a0\u00bbpost_content\u00a0\u00bb animation_style=\u00a0\u00bbslide\u00a0\u00bb sticky_enabled=\u00a0\u00bb0&Prime;][\/et_pb_image][\/et_pb_column][\/et_pb_row][et_pb_row _builder_version=\u00a0\u00bb4.27.4&Prime; _module_preset=\u00a0\u00bbdefault\u00a0\u00bb global_colors_info=\u00a0\u00bb{}\u00a0\u00bb theme_builder_area=\u00a0\u00bbpost_content\u00a0\u00bb][et_pb_column type=\u00a0\u00bb4_4&Prime; _builder_version=\u00a0\u00bb4.27.4&Prime; _module_preset=\u00a0\u00bbdefault\u00a0\u00bb global_colors_info=\u00a0\u00bb{}\u00a0\u00bb theme_builder_area=\u00a0\u00bbpost_content\u00a0\u00bb][et_pb_text _builder_version=\u00a0\u00bb4.27.4&Prime; _module_preset=\u00a0\u00bbdefault\u00a0\u00bb global_colors_info=\u00a0\u00bb{}\u00a0\u00bb theme_builder_area=\u00a0\u00bbpost_content\u00a0\u00bb]<\/p>\n<p>L&rsquo;aum\u00f4nerie catholique de Boscamnant a pour mission de visiter les malades hospitalis\u00e9s et les personnes en EHPAD. Nous faisons en sorte de leur apporter les mots et les gestes qui les r\u00e9confortent.<\/p>\n<p>Tous les 15 jours, une messe est c\u00e9l\u00e9br\u00e9e par le P\u00e8re Bernard Housset.<\/p>\n<p>Notre groupe se compose de :<\/p>\n<ul>\n<li>Val\u00e9rie David, notre aum\u00f4ni\u00e8re<\/li>\n<li>Marie-Christine Laurent<\/li>\n<li>Fran\u00e7ois Laurent<\/li>\n<li>Pierrette Jacquier<\/li>\n<li>Fabrice Bernard<\/li>\n<\/ul>\n<p>Nadine et Pierre Bordes, Sylvette Boiteau nous rejoignent r\u00e9guli\u00e8rement pour prier avec nous.<\/p>\n<p>Nous allons continuer \u00e0 porter la Parole du Christ dans le respect de la l\u00e9gislation hospitali\u00e8re. La fondation de notre action s&rsquo;enracine dans la phrase de l&rsquo;\u00e9vangile de Mathieu : \u00ab\u00a0J&rsquo;\u00e9tais malade et vous m&rsquo;avez visit\u00e9\u00a0\u00bb, \u00e0 laquelle nous pourrions ajouter : \u00ab\u00a0J&rsquo;\u00e9tais \u00e2g\u00e9 et vous m&rsquo;avez visit\u00e9\u00a0\u00bb.<\/p>\n<p>[\/et_pb_text][\/et_pb_column][\/et_pb_row][et_pb_row _builder_version=\u00a0\u00bb4.27.4&Prime; _module_preset=\u00a0\u00bbdefault\u00a0\u00bb global_colors_info=\u00a0\u00bb{}\u00a0\u00bb theme_builder_area=\u00a0\u00bbpost_content\u00a0\u00bb][et_pb_column type=\u00a0\u00bb4_4&Prime; _builder_version=\u00a0\u00bb4.27.4&Prime; _module_preset=\u00a0\u00bbdefault\u00a0\u00bb global_colors_info=\u00a0\u00bb{}\u00a0\u00bb theme_builder_area=\u00a0\u00bbpost_content\u00a0\u00bb][et_pb_divider _builder_version=\u00a0\u00bb4.27.4&Prime; _module_preset=\u00a0\u00bbdefault\u00a0\u00bb global_colors_info=\u00a0\u00bb{}\u00a0\u00bb theme_builder_area=\u00a0\u00bbpost_content\u00a0\u00bb][\/et_pb_divider][\/et_pb_column][\/et_pb_row][et_pb_row _builder_version=\u00a0\u00bb4.27.4&Prime; _module_preset=\u00a0\u00bbdefault\u00a0\u00bb background_color=\u00a0\u00bb#0068A0&Prime; border_radii=\u00a0\u00bboff||20px||20px\u00a0\u00bb global_colors_info=\u00a0\u00bb{}\u00a0\u00bb theme_builder_area=\u00a0\u00bbpost_content\u00a0\u00bb][et_pb_column type=\u00a0\u00bb4_4&Prime; _builder_version=\u00a0\u00bb4.27.4&Prime; _module_preset=\u00a0\u00bbdefault\u00a0\u00bb global_colors_info=\u00a0\u00bb{}\u00a0\u00bb theme_builder_area=\u00a0\u00bbpost_content\u00a0\u00bb][et_pb_text _builder_version=\u00a0\u00bb4.27.4&Prime; _module_preset=\u00a0\u00bbdefault\u00a0\u00bb global_colors_info=\u00a0\u00bb{}\u00a0\u00bb theme_builder_area=\u00a0\u00bbpost_content\u00a0\u00bb]<\/p>\n<p style=\"text-align: center;\"><span style=\"color: #ffffff;\"><strong>Vous souhaitez rejoindre l&rsquo;\u00e9quipe de l&rsquo;aum\u00f4nerie ?<\/strong><\/span><br \/><span style=\"color: #ffffff;\"><strong>Vous aimeriez une visite pour vous m\u00eame ou pour l&rsquo;un de vos proches ?<\/strong><\/span><\/p>\n<p>[\/et_pb_text][et_pb_text _builder_version=\u00a0\u00bb4.27.4&Prime; _module_preset=\u00a0\u00bbdefault\u00a0\u00bb global_colors_info=\u00a0\u00bb{}\u00a0\u00bb theme_builder_area=\u00a0\u00bbpost_content\u00a0\u00bb]<\/p>\n<p style=\"text-align: center;\"><span style=\"color: #ffffff;\"><strong>Contact :<\/strong> Val\u00e9rie David &#8211; 07 77 38 88 38 &#8211;\u00a0 <span style=\"text-decoration: underline;\"><a href=\"mailto:aumonerie@ch-jonzac.fr\" target=\"_blank\" rel=\"noopener\" style=\"color: #ffffff; text-decoration: underline;\">aumonerie@ch-jonzac.fr<\/a><\/span><\/span><\/p>\n<p>[\/et_pb_text][\/et_pb_column][\/et_pb_row][\/et_pb_section]<\/p>\n","protected":false},"excerpt":{"rendered":"<p>L&rsquo;aum\u00f4nerie catholique de Boscamnant a pour mission de visiter les malades hospitalis\u00e9s et les personnes en EHPAD. Nous faisons en sorte de leur apporter les mots et les gestes qui [&hellip;]<\/p>\n","protected":false},"author":4,"featured_media":0,"parent":5247,"menu_order":0,"comment_status":"closed","ping_status":"closed","template":"","meta":{"_et_pb_use_builder":"on","_et_pb_old_content":"<!-- wp:divi\/placeholder \/-->","_et_gb_content_width":"","footnotes":""},"class_list":["post-9712","page","type-page","status-publish","hentry"],"_links":{"self":[{"href":"https:\/\/catholiques17.fr\/saintaigulin\/wp-json\/wp\/v2\/pages\/9712","targetHints":{"allow":["GET"]}}],"collection":[{"href":"https:\/\/catholiques17.fr\/saintaigulin\/wp-json\/wp\/v2\/pages"}],"about":[{"href":"https:\/\/catholiques17.fr\/saintaigulin\/wp-json\/wp\/v2\/types\/page"}],"author":[{"embeddable":true,"href":"https:\/\/catholiques17.fr\/saintaigulin\/wp-json\/wp\/v2\/users\/4"}],"replies":[{"embeddable":true,"href":"https:\/\/catholiques17.fr\/saintaigulin\/wp-json\/wp\/v2\/comments?post=9712"}],"version-history":[{"count":6,"href":"https:\/\/catholiques17.fr\/saintaigulin\/wp-json\/wp\/v2\/pages\/9712\/revisions"}],"predecessor-version":[{"id":9736,"href":"https:\/\/catholiques17.fr\/saintaigulin\/wp-json\/wp\/v2\/pages\/9712\/revisions\/9736"}],"up":[{"embeddable":true,"href":"https:\/\/catholiques17.fr\/saintaigulin\/wp-json\/wp\/v2\/pages\/5247"}],"wp:attachment":[{"href":"https:\/\/catholiques17.fr\/saintaigulin\/wp-json\/wp\/v2\/media?parent=9712"}],"curies":[{"name":"wp","href":"https:\/\/api.w.org\/{rel}","templated":true}]}}

Aumônerie de Boscamnant

<p>[et_pb_section fb_built= »1&Prime; _builder_version= »4.27.4&Prime; _module_preset= »default » custom_padding= »6px||||| » global_colors_info= »{} » theme_builder_area= »post_content »][et_pb_row _builder_version= »4.27.4&Prime; _module_preset= »default » custom_padding= »8px||||| » global_colors_info= »{} » theme_builder_area= »post_content »][et_pb_column type= »4_4&Prime; _builder_version= »4.27.4&Prime; _module_preset= »default » global_colors_info= »{} » theme_builder_area= »post_content »][et_pb_image src= »https://catholiques17.fr/saintaigulin/wp-content/uploads/sites/49/2025/10/SEM.jpg » title_text= »SEM » align= »center » _builder_version= »4.27.4&Prime; _module_preset= »default » hover_enabled= »0&Prime; border_radii= »on|20px|20px|20px|20px » global_colors_info= »{} » theme_builder_area= »post_content » animation_style= »slide » sticky_enabled= »0&Prime;][/et_pb_image][/et_pb_column][/et_pb_row][et_pb_row _builder_version= »4.27.4&Prime; _module_preset= »default » global_colors_info= »{} » theme_builder_area= »post_content »][et_pb_column type= »4_4&Prime; _builder_version= »4.27.4&Prime; _module_preset= »default » global_colors_info= »{} » theme_builder_area= »post_content »][et_pb_text _builder_version= »4.27.4&Prime; _module_preset= »default » global_colors_info= »{} » theme_builder_area= »post_content »]</p>
<p>L&rsquo;aumônerie catholique de Boscamnant a pour mission de visiter les malades hospitalisés et les personnes en EHPAD. Nous faisons en sorte de leur apporter les mots et les gestes qui les réconfortent.</p>
<p>Tous les 15 jours, une messe est célébrée par le Père Bernard Housset.</p>
<p>Notre groupe se compose de :</p>
<ul>
<li>Valérie David, notre aumônière</li>
<li>Marie-Christine Laurent</li>
<li>François Laurent</li>
<li>Pierrette Jacquier</li>
<li>Fabrice Bernard</li>
</ul>
<p>Nadine et Pierre Bordes, Sylvette Boiteau nous rejoignent régulièrement pour prier avec nous.</p>
<p>Nous allons continuer à porter la Parole du Christ dans le respect de la législation hospitalière. La fondation de notre action s&rsquo;enracine dans la phrase de l&rsquo;évangile de Mathieu : « J&rsquo;étais malade et vous m&rsquo;avez visité », à laquelle nous pourrions ajouter : « J&rsquo;étais âgé et vous m&rsquo;avez visité ».</p>
<p>[/et_pb_text][/et_pb_column][/et_pb_row][et_pb_row _builder_version= »4.27.4&Prime; _module_preset= »default » global_colors_info= »{} » theme_builder_area= »post_content »][et_pb_column type= »4_4&Prime; _builder_version= »4.27.4&Prime; _module_preset= »default » global_colors_info= »{} » theme_builder_area= »post_content »][et_pb_divider _builder_version= »4.27.4&Prime; _module_preset= »default » global_colors_info= »{} » theme_builder_area= »post_content »][/et_pb_divider][/et_pb_column][/et_pb_row][et_pb_row _builder_version= »4.27.4&Prime; _module_preset= »default » background_color= »#0068A0&Prime; border_radii= »off||20px||20px » global_colors_info= »{} » theme_builder_area= »post_content »][et_pb_column type= »4_4&Prime; _builder_version= »4.27.4&Prime; _module_preset= »default » global_colors_info= »{} » theme_builder_area= »post_content »][et_pb_text _builder_version= »4.27.4&Prime; _module_preset= »default » global_colors_info= »{} » theme_builder_area= »post_content »]</p>
<p style="text-align: center;"><span style="color: #ffffff;"><strong>Vous souhaitez rejoindre l&rsquo;équipe de l&rsquo;aumônerie ?</strong></span><br /><span style="color: #ffffff;"><strong>Vous aimeriez une visite pour vous même ou pour l&rsquo;un de vos proches ?</strong></span></p>
<p>[/et_pb_text][et_pb_text _builder_version= »4.27.4&Prime; _module_preset= »default » global_colors_info= »{} » theme_builder_area= »post_content »]</p>
<p style="text-align: center;"><span style="color: #ffffff;"><strong>Contact :</strong> Valérie David &#8211; 07 77 38 88 38 &#8211;  <span style="text-decoration: underline;"><a href="mailto:aumonerie@ch-jonzac.fr" target="_blank" rel="noopener" style="color: #ffffff; text-decoration: underline;">aumonerie@ch-jonzac.fr</a></span></span></p>
<p>[/et_pb_text][/et_pb_column][/et_pb_row][/et_pb_section]</p>

<p>L&rsquo;aumônerie catholique de Boscamnant a pour mission de visiter les malades hospitalisés et les personnes en EHPAD. Nous faisons en sorte de leur apporter les mots et les gestes qui [&hellip;]</p>
