{"id":9639,"date":"2025-10-23T11:19:44","date_gmt":"2025-10-23T09:19:44","guid":{"rendered":"https:\/\/catholiques17.fr\/saintaigulin\/?page_id=9639"},"modified":"2026-03-22T10:27:34","modified_gmt":"2026-03-22T09:27:34","slug":"saint-martin-de-coux","status":"publish","type":"page","link":"https:\/\/catholiques17.fr\/saintaigulin\/nos-eglises\/saint-martin-de-coux\/","title":{"rendered":"Saint-Martin de Coux"},"content":{"rendered":"<p>[et_pb_section fb_built=\u00a0\u00bb1&Prime; _builder_version=\u00a0\u00bb4.27.4&Prime; _module_preset=\u00a0\u00bbdefault\u00a0\u00bb custom_padding=\u00a0\u00bb5px|||||\u00a0\u00bb global_colors_info=\u00a0\u00bb{}\u00a0\u00bb theme_builder_area=\u00a0\u00bbpost_content\u00a0\u00bb][et_pb_row _builder_version=\u00a0\u00bb4.27.4&Prime; _module_preset=\u00a0\u00bbdefault\u00a0\u00bb custom_padding=\u00a0\u00bb7px|||||\u00a0\u00bb global_colors_info=\u00a0\u00bb{}\u00a0\u00bb theme_builder_area=\u00a0\u00bbpost_content\u00a0\u00bb][et_pb_column type=\u00a0\u00bb4_4&Prime; _builder_version=\u00a0\u00bb4.27.4&Prime; _module_preset=\u00a0\u00bbdefault\u00a0\u00bb global_colors_info=\u00a0\u00bb{}\u00a0\u00bb theme_builder_area=\u00a0\u00bbpost_content\u00a0\u00bb][et_pb_image src=\u00a0\u00bbhttps:\/\/catholiques17.fr\/saintaigulin\/wp-content\/uploads\/sites\/49\/2025\/10\/St-Martin-de-Coux.jpg\u00a0\u00bb title_text=\u00a0\u00bbSt Martin de Coux\u00a0\u00bb align=\u00a0\u00bbcenter\u00a0\u00bb _builder_version=\u00a0\u00bb4.27.4&Prime; _module_preset=\u00a0\u00bbdefault\u00a0\u00bb animation_style=\u00a0\u00bbslide\u00a0\u00bb border_radii=\u00a0\u00bboff|20px|20px||\u00a0\u00bb global_colors_info=\u00a0\u00bb{}\u00a0\u00bb theme_builder_area=\u00a0\u00bbpost_content\u00a0\u00bb][\/et_pb_image][\/et_pb_column][\/et_pb_row][et_pb_row _builder_version=\u00a0\u00bb4.27.4&Prime; _module_preset=\u00a0\u00bbdefault\u00a0\u00bb global_colors_info=\u00a0\u00bb{}\u00a0\u00bb theme_builder_area=\u00a0\u00bbpost_content\u00a0\u00bb][et_pb_column type=\u00a0\u00bb4_4&Prime; _builder_version=\u00a0\u00bb4.27.4&Prime; _module_preset=\u00a0\u00bbdefault\u00a0\u00bb global_colors_info=\u00a0\u00bb{}\u00a0\u00bb theme_builder_area=\u00a0\u00bbpost_content\u00a0\u00bb][et_pb_text _builder_version=\u00a0\u00bb4.27.4&Prime; _module_preset=\u00a0\u00bbdefault\u00a0\u00bb global_colors_info=\u00a0\u00bb{}\u00a0\u00bb theme_builder_area=\u00a0\u00bbpost_content\u00a0\u00bb]<\/p>\n<p style=\"text-align: justify\"><strong>\u00c9glise Saint-Martin<\/strong><br \/>L&rsquo;\u00e9glise Saint-Martin est un ancien prieur\u00e9 du XIIe si\u00e8cle qui d\u00e9pendait de l&rsquo;abbaye de Gu\u00eetres.<br \/>Au centre du village, ce bel \u00e9difice roman n&rsquo;a gard\u00e9 de son origine que le chevet, la souche du clocher et la tour de l&rsquo;escalier. Le reste de l&rsquo;\u00e9difice a \u00e9t\u00e9 refait \u00e0 diverses \u00e9poques. Les parties anciennes sont construites en pierres de \u00a0\u00bb grison\u00a0\u00bb et sont fortement \u00e9rod\u00e9es.<br \/>La fa\u00e7ade se compose au rez-de-chauss\u00e9e d&rsquo;un grand portail, en arc en plein cintre \u00e0 trois voussures sur des colonnettes rondes, flanqu\u00e9 de portes aveugles. Le registre sup\u00e9rieur d\u00e9veloppe une arcature de quatre baies aveugles surmont\u00e9e d&rsquo;une corniche. Une baie encadr\u00e9e de colonnettes perce le pignon de la fa\u00e7ade.<br \/>Les cintres sont orn\u00e9s de motifs g\u00e9om\u00e9triques soulign\u00e9s d&rsquo;un cordon de pointes de diamant.<br \/>Les chapiteaux des pi\u00e9droits sont orn\u00e9s de feuillages et de personnages vari\u00e9s \u00e0 la sculpture particuli\u00e8rement soign\u00e9e.<br \/>Le clocher r\u00e9\u00e9difi\u00e9 sur sa base romane est perc\u00e9 sur chaque face de deux grandes baies g\u00e9min\u00e9es sous un arc en plein cintre. Chaque angle est flanqu\u00e9 d&rsquo;une colonne amortie.<br \/>L&rsquo;int\u00e9rieur, vaste et \u00e9lev\u00e9 est couvert de vo\u00fbtes en berceau pour les deux premi\u00e8res trav\u00e9es puis des vo\u00fbtes en ogive sur le transept et en cul- de-four pour l&rsquo;<span>\u00a0<\/span><span class=\"bordure-pointillee\">abside<\/span>.<br \/>Les colonnes adoss\u00e9es sont surmont\u00e9es de chapiteaux nus, sauf un qui est d\u00e9cor\u00e9 de deux enfants.<br \/>Autour du ch\u0153ur et de l&rsquo;<span class=\"bordure-pointillee\">abside<\/span>, se d\u00e9veloppe une arcature de sept cintres sur colonnes, le tout peu orn\u00e9.<\/p>\n<p>La totalit\u00e9 de l\u2019\u00e9difice fut class\u00e9e monument historique le 19 janvier 1911.<\/p>\n<p>[\/et_pb_text][\/et_pb_column][\/et_pb_row][et_pb_row column_structure=\u00a0\u00bb1_3,1_3,1_3&Prime; _builder_version=\u00a0\u00bb4.27.4&Prime; _module_preset=\u00a0\u00bbdefault\u00a0\u00bb global_colors_info=\u00a0\u00bb{}\u00a0\u00bb theme_builder_area=\u00a0\u00bbpost_content\u00a0\u00bb][et_pb_column type=\u00a0\u00bb1_3&Prime; _builder_version=\u00a0\u00bb4.27.4&Prime; _module_preset=\u00a0\u00bbdefault\u00a0\u00bb global_colors_info=\u00a0\u00bb{}\u00a0\u00bb theme_builder_area=\u00a0\u00bbpost_content\u00a0\u00bb][et_pb_image src=\u00a0\u00bbhttps:\/\/catholiques17.fr\/saintaigulin\/wp-content\/uploads\/sites\/49\/2025\/10\/St-Martin-de-Coux1.jpg\u00a0\u00bb title_text=\u00a0\u00bbSt Martin de Coux1&Prime; show_in_lightbox=\u00a0\u00bbon\u00a0\u00bb _builder_version=\u00a0\u00bb4.27.4&Prime; _module_preset=\u00a0\u00bbdefault\u00a0\u00bb box_shadow_style=\u00a0\u00bbpreset2&Prime; global_colors_info=\u00a0\u00bb{}\u00a0\u00bb theme_builder_area=\u00a0\u00bbpost_content\u00a0\u00bb][\/et_pb_image][\/et_pb_column][et_pb_column type=\u00a0\u00bb1_3&Prime; _builder_version=\u00a0\u00bb4.27.4&Prime; _module_preset=\u00a0\u00bbdefault\u00a0\u00bb global_colors_info=\u00a0\u00bb{}\u00a0\u00bb theme_builder_area=\u00a0\u00bbpost_content\u00a0\u00bb][et_pb_image src=\u00a0\u00bbhttps:\/\/catholiques17.fr\/saintaigulin\/wp-content\/uploads\/sites\/49\/2025\/10\/St-Martin-de-Coux2.jpg\u00a0\u00bb title_text=\u00a0\u00bbSt Martin de Coux2&Prime; show_in_lightbox=\u00a0\u00bbon\u00a0\u00bb _builder_version=\u00a0\u00bb4.27.4&Prime; _module_preset=\u00a0\u00bbdefault\u00a0\u00bb box_shadow_style=\u00a0\u00bbpreset2&Prime; global_colors_info=\u00a0\u00bb{}\u00a0\u00bb theme_builder_area=\u00a0\u00bbpost_content\u00a0\u00bb][\/et_pb_image][\/et_pb_column][et_pb_column type=\u00a0\u00bb1_3&Prime; _builder_version=\u00a0\u00bb4.27.4&Prime; _module_preset=\u00a0\u00bbdefault\u00a0\u00bb global_colors_info=\u00a0\u00bb{}\u00a0\u00bb theme_builder_area=\u00a0\u00bbpost_content\u00a0\u00bb][et_pb_image src=\u00a0\u00bbhttps:\/\/catholiques17.fr\/saintaigulin\/wp-content\/uploads\/sites\/49\/2025\/10\/St-Martin-de-Coux3.jpg\u00a0\u00bb title_text=\u00a0\u00bbSt Martin de Coux3&Prime; show_in_lightbox=\u00a0\u00bbon\u00a0\u00bb _builder_version=\u00a0\u00bb4.27.4&Prime; _module_preset=\u00a0\u00bbdefault\u00a0\u00bb custom_margin=\u00a0\u00bb-49px||||false|false\u00a0\u00bb custom_margin_tablet=\u00a0\u00bb23px||||false|false\u00a0\u00bb custom_margin_phone=\u00a0\u00bb23px||||false|false\u00a0\u00bb custom_margin_last_edited=\u00a0\u00bbon|desktop\u00a0\u00bb box_shadow_style=\u00a0\u00bbpreset2&Prime; global_colors_info=\u00a0\u00bb{}\u00a0\u00bb theme_builder_area=\u00a0\u00bbpost_content\u00a0\u00bb][\/et_pb_image][\/et_pb_column][\/et_pb_row][et_pb_row _builder_version=\u00a0\u00bb4.27.5&Prime; _module_preset=\u00a0\u00bbdefault\u00a0\u00bb global_colors_info=\u00a0\u00bb{}\u00a0\u00bb theme_builder_area=\u00a0\u00bbpost_content\u00a0\u00bb][et_pb_column type=\u00a0\u00bb4_4&Prime; _builder_version=\u00a0\u00bb4.27.5&Prime; _module_preset=\u00a0\u00bbdefault\u00a0\u00bb global_colors_info=\u00a0\u00bb{}\u00a0\u00bb theme_builder_area=\u00a0\u00bbpost_content\u00a0\u00bb][et_pb_code raw_content_tablet=\u00a0\u00bb\u00a0\u00bb raw_content_phone=\u00a0\u00bb\u00a0\u00bb raw_content_last_edited=\u00a0\u00bbon|desktop\u00a0\u00bb _builder_version=\u00a0\u00bb4.27.5&Prime; _module_preset=\u00a0\u00bbdefault\u00a0\u00bb text_orientation=\u00a0\u00bbcenter\u00a0\u00bb width=\u00a0\u00bb100%\u00a0\u00bb max_width=\u00a0\u00bb100%\u00a0\u00bb custom_margin=\u00a0\u00bb||||false|true\u00a0\u00bb custom_padding=\u00a0\u00bb||||false|true\u00a0\u00bb hover_enabled=\u00a0\u00bb0&Prime; global_colors_info=\u00a0\u00bb{}\u00a0\u00bb theme_builder_area=\u00a0\u00bbpost_content\u00a0\u00bb module_alignment=\u00a0\u00bbcenter\u00a0\u00bb sticky_enabled=\u00a0\u00bb0&Prime;][\/et_pb_code][\/et_pb_column][\/et_pb_row][\/et_pb_section]<\/p>\n","protected":false},"excerpt":{"rendered":"<p>\u00c9glise Saint-MartinL&rsquo;\u00e9glise Saint-Martin est un ancien prieur\u00e9 du XIIe si\u00e8cle qui d\u00e9pendait de l&rsquo;abbaye de Gu\u00eetres.Au centre du village, ce bel \u00e9difice roman n&rsquo;a gard\u00e9 de son origine que le [&hellip;]<\/p>\n","protected":false},"author":4,"featured_media":0,"parent":7319,"menu_order":0,"comment_status":"closed","ping_status":"closed","template":"","meta":{"_et_pb_use_builder":"on","_et_pb_old_content":"<!-- wp:divi\/placeholder \/-->","_et_gb_content_width":"","footnotes":""},"class_list":["post-9639","page","type-page","status-publish","hentry"],"_links":{"self":[{"href":"https:\/\/catholiques17.fr\/saintaigulin\/wp-json\/wp\/v2\/pages\/9639","targetHints":{"allow":["GET"]}}],"collection":[{"href":"https:\/\/catholiques17.fr\/saintaigulin\/wp-json\/wp\/v2\/pages"}],"about":[{"href":"https:\/\/catholiques17.fr\/saintaigulin\/wp-json\/wp\/v2\/types\/page"}],"author":[{"embeddable":true,"href":"https:\/\/catholiques17.fr\/saintaigulin\/wp-json\/wp\/v2\/users\/4"}],"replies":[{"embeddable":true,"href":"https:\/\/catholiques17.fr\/saintaigulin\/wp-json\/wp\/v2\/comments?post=9639"}],"version-history":[{"count":11,"href":"https:\/\/catholiques17.fr\/saintaigulin\/wp-json\/wp\/v2\/pages\/9639\/revisions"}],"predecessor-version":[{"id":10319,"href":"https:\/\/catholiques17.fr\/saintaigulin\/wp-json\/wp\/v2\/pages\/9639\/revisions\/10319"}],"up":[{"embeddable":true,"href":"https:\/\/catholiques17.fr\/saintaigulin\/wp-json\/wp\/v2\/pages\/7319"}],"wp:attachment":[{"href":"https:\/\/catholiques17.fr\/saintaigulin\/wp-json\/wp\/v2\/media?parent=9639"}],"curies":[{"name":"wp","href":"https:\/\/api.w.org\/{rel}","templated":true}]}}

<p>[et_pb_section fb_built= »1&Prime; _builder_version= »4.27.4&Prime; _module_preset= »default » custom_padding= »5px||||| » global_colors_info= »{} » theme_builder_area= »post_content »][et_pb_row _builder_version= »4.27.4&Prime; _module_preset= »default » custom_padding= »7px||||| » global_colors_info= »{} » theme_builder_area= »post_content »][et_pb_column type= »4_4&Prime; _builder_version= »4.27.4&Prime; _module_preset= »default » global_colors_info= »{} » theme_builder_area= »post_content »][et_pb_image src= »https://catholiques17.fr/saintaigulin/wp-content/uploads/sites/49/2025/10/St-Martin-de-Coux.jpg » title_text= »St Martin de Coux » align= »center » _builder_version= »4.27.4&Prime; _module_preset= »default » animation_style= »slide » border_radii= »off|20px|20px|| » global_colors_info= »{} » theme_builder_area= »post_content »][/et_pb_image][/et_pb_column][/et_pb_row][et_pb_row _builder_version= »4.27.4&Prime; _module_preset= »default » global_colors_info= »{} » theme_builder_area= »post_content »][et_pb_column type= »4_4&Prime; _builder_version= »4.27.4&Prime; _module_preset= »default » global_colors_info= »{} » theme_builder_area= »post_content »][et_pb_text _builder_version= »4.27.4&Prime; _module_preset= »default » global_colors_info= »{} » theme_builder_area= »post_content »]</p>
<p style="text-align: justify"><strong>Église Saint-Martin</strong><br />L&rsquo;église Saint-Martin est un ancien prieuré du XIIe siècle qui dépendait de l&rsquo;abbaye de Guîtres.<br />Au centre du village, ce bel édifice roman n&rsquo;a gardé de son origine que le chevet, la souche du clocher et la tour de l&rsquo;escalier. Le reste de l&rsquo;édifice a été refait à diverses époques. Les parties anciennes sont construites en pierres de  » grison » et sont fortement érodées.<br />La façade se compose au rez-de-chaussée d&rsquo;un grand portail, en arc en plein cintre à trois voussures sur des colonnettes rondes, flanqué de portes aveugles. Le registre supérieur développe une arcature de quatre baies aveugles surmontée d&rsquo;une corniche. Une baie encadrée de colonnettes perce le pignon de la façade.<br />Les cintres sont ornés de motifs géométriques soulignés d&rsquo;un cordon de pointes de diamant.<br />Les chapiteaux des piédroits sont ornés de feuillages et de personnages variés à la sculpture particulièrement soignée.<br />Le clocher réédifié sur sa base romane est percé sur chaque face de deux grandes baies géminées sous un arc en plein cintre. Chaque angle est flanqué d&rsquo;une colonne amortie.<br />L&rsquo;intérieur, vaste et élevé est couvert de voûtes en berceau pour les deux premières travées puis des voûtes en ogive sur le transept et en cul- de-four pour l&rsquo;<span> </span><span class="bordure-pointillee">abside</span>.<br />Les colonnes adossées sont surmontées de chapiteaux nus, sauf un qui est décoré de deux enfants.<br />Autour du chœur et de l&rsquo;<span class="bordure-pointillee">abside</span>, se développe une arcature de sept cintres sur colonnes, le tout peu orné.</p>
<p>La totalité de l’édifice fut classée monument historique le 19 janvier 1911.</p>
<p>[/et_pb_text][/et_pb_column][/et_pb_row][et_pb_row column_structure= »1_3,1_3,1_3&Prime; _builder_version= »4.27.4&Prime; _module_preset= »default » global_colors_info= »{} » theme_builder_area= »post_content »][et_pb_column type= »1_3&Prime; _builder_version= »4.27.4&Prime; _module_preset= »default » global_colors_info= »{} » theme_builder_area= »post_content »][et_pb_image src= »https://catholiques17.fr/saintaigulin/wp-content/uploads/sites/49/2025/10/St-Martin-de-Coux1.jpg » title_text= »St Martin de Coux1&Prime; show_in_lightbox= »on » _builder_version= »4.27.4&Prime; _module_preset= »default » box_shadow_style= »preset2&Prime; global_colors_info= »{} » theme_builder_area= »post_content »][/et_pb_image][/et_pb_column][et_pb_column type= »1_3&Prime; _builder_version= »4.27.4&Prime; _module_preset= »default » global_colors_info= »{} » theme_builder_area= »post_content »][et_pb_image src= »https://catholiques17.fr/saintaigulin/wp-content/uploads/sites/49/2025/10/St-Martin-de-Coux2.jpg » title_text= »St Martin de Coux2&Prime; show_in_lightbox= »on » _builder_version= »4.27.4&Prime; _module_preset= »default » box_shadow_style= »preset2&Prime; global_colors_info= »{} » theme_builder_area= »post_content »][/et_pb_image][/et_pb_column][et_pb_column type= »1_3&Prime; _builder_version= »4.27.4&Prime; _module_preset= »default » global_colors_info= »{} » theme_builder_area= »post_content »][et_pb_image src= »https://catholiques17.fr/saintaigulin/wp-content/uploads/sites/49/2025/10/St-Martin-de-Coux3.jpg » title_text= »St Martin de Coux3&Prime; show_in_lightbox= »on » _builder_version= »4.27.4&Prime; _module_preset= »default » custom_margin= »-49px||||false|false » custom_margin_tablet= »23px||||false|false » custom_margin_phone= »23px||||false|false » custom_margin_last_edited= »on|desktop » box_shadow_style= »preset2&Prime; global_colors_info= »{} » theme_builder_area= »post_content »][/et_pb_image][/et_pb_column][/et_pb_row][et_pb_row _builder_version= »4.27.5&Prime; _module_preset= »default » global_colors_info= »{} » theme_builder_area= »post_content »][et_pb_column type= »4_4&Prime; _builder_version= »4.27.5&Prime; _module_preset= »default » global_colors_info= »{} » theme_builder_area= »post_content »][et_pb_code raw_content_tablet= » » raw_content_phone= » » raw_content_last_edited= »on|desktop » _builder_version= »4.27.5&Prime; _module_preset= »default » text_orientation= »center » width= »100% » max_width= »100% » custom_margin= »||||false|true » custom_padding= »||||false|true » hover_enabled= »0&Prime; global_colors_info= »{} » theme_builder_area= »post_content » module_alignment= »center » sticky_enabled= »0&Prime;][/et_pb_code][/et_pb_column][/et_pb_row][/et_pb_section]</p>

<p>Église Saint-MartinL&rsquo;église Saint-Martin est un ancien prieuré du XIIe siècle qui dépendait de l&rsquo;abbaye de Guîtres.Au centre du village, ce bel édifice roman n&rsquo;a gardé de son origine que le [&hellip;]</p>
