{"id":9637,"date":"2025-10-23T11:19:25","date_gmt":"2025-10-23T09:19:25","guid":{"rendered":"https:\/\/catholiques17.fr\/saintaigulin\/?page_id=9637"},"modified":"2026-02-26T11:07:40","modified_gmt":"2026-02-26T10:07:40","slug":"saint-aigulin","status":"publish","type":"page","link":"https:\/\/catholiques17.fr\/saintaigulin\/nos-eglises\/saint-aigulin\/","title":{"rendered":"Saint-Aigulin"},"content":{"rendered":"<p>[et_pb_section fb_built=\u00a0\u00bb1&Prime; _builder_version=\u00a0\u00bb4.27.4&Prime; _module_preset=\u00a0\u00bbdefault\u00a0\u00bb custom_padding=\u00a0\u00bb5px|||||\u00a0\u00bb global_colors_info=\u00a0\u00bb{}\u00a0\u00bb theme_builder_area=\u00a0\u00bbpost_content\u00a0\u00bb][et_pb_row _builder_version=\u00a0\u00bb4.27.4&Prime; _module_preset=\u00a0\u00bbdefault\u00a0\u00bb custom_padding=\u00a0\u00bb7px|||||\u00a0\u00bb global_colors_info=\u00a0\u00bb{}\u00a0\u00bb theme_builder_area=\u00a0\u00bbpost_content\u00a0\u00bb][et_pb_column type=\u00a0\u00bb4_4&Prime; _builder_version=\u00a0\u00bb4.27.4&Prime; _module_preset=\u00a0\u00bbdefault\u00a0\u00bb global_colors_info=\u00a0\u00bb{}\u00a0\u00bb theme_builder_area=\u00a0\u00bbpost_content\u00a0\u00bb][et_pb_image src=\u00a0\u00bbhttps:\/\/catholiques17.fr\/saintaigulin\/wp-content\/uploads\/sites\/49\/2025\/10\/St-Aigulin.jpg\u00a0\u00bb title_text=\u00a0\u00bbSt Aigulin\u00a0\u00bb align=\u00a0\u00bbcenter\u00a0\u00bb _builder_version=\u00a0\u00bb4.27.4&Prime; _module_preset=\u00a0\u00bbdefault\u00a0\u00bb animation_style=\u00a0\u00bbslide\u00a0\u00bb border_radii=\u00a0\u00bboff|20px|20px||\u00a0\u00bb global_colors_info=\u00a0\u00bb{}\u00a0\u00bb theme_builder_area=\u00a0\u00bbpost_content\u00a0\u00bb][\/et_pb_image][\/et_pb_column][\/et_pb_row][et_pb_row _builder_version=\u00a0\u00bb4.27.4&Prime; _module_preset=\u00a0\u00bbdefault\u00a0\u00bb global_colors_info=\u00a0\u00bb{}\u00a0\u00bb theme_builder_area=\u00a0\u00bbpost_content\u00a0\u00bb][et_pb_column type=\u00a0\u00bb4_4&Prime; _builder_version=\u00a0\u00bb4.27.4&Prime; _module_preset=\u00a0\u00bbdefault\u00a0\u00bb global_colors_info=\u00a0\u00bb{}\u00a0\u00bb theme_builder_area=\u00a0\u00bbpost_content\u00a0\u00bb][et_pb_text _builder_version=\u00a0\u00bb4.27.4&Prime; _module_preset=\u00a0\u00bbdefault\u00a0\u00bb global_colors_info=\u00a0\u00bb{}\u00a0\u00bb theme_builder_area=\u00a0\u00bbpost_content\u00a0\u00bb]<\/p>\n<p style=\"text-align: justify;\"><strong>\u00c9glise\u00a0Saint-Fort.<\/strong><br \/>A la limite du d\u00e9partement, l\u2019\u00e9glise Saint-Fort a \u00e9t\u00e9 partiellement reconstruite \u00e0 la fin du XIXe si\u00e8cle en tenant compte de l\u2019axe urbain. <span class=\"cyan gras\">L\u2019\u00e9difice<\/span><span>\u00a0<\/span>ainsi implant\u00e9 se retrouve avec une entr\u00e9e c\u00f4t\u00e9 sud et l\u2019ancien clocher accol\u00e9 \u00e0 la nef du c\u00f4t\u00e9 ouest.<br \/><span class=\"cyan gras\">A l\u2019origine<\/span>, l\u2019\u00e9glise existait au XIIe si\u00e8cle.<br \/>Ruin\u00e9e pendant la guerre de Cent Ans, elle fut reconstruite au XVe si\u00e8cle avec des pierres tir\u00e9es du lit de la Dronne dont le cours avait \u00e9t\u00e9 d\u00e9tourn\u00e9 pour la circonstance. D\u00e9truite par les calvinistes en 1587, elle fut restaur\u00e9e en 1699.<br \/><span class=\"cyan gras\">L\u2019\u00e9glise<\/span><span>\u00a0<\/span>n\u2019a gard\u00e9 de son origine que son clocher gothique construit sur sa souche romane. Flanqu\u00e9 de hauts contreforts, le clocher est fait d\u2019une tour octogonale couverte d\u2019une fl\u00e8che en ardoise. Sur le c\u00f4t\u00e9 du clocher, une porte reprise au XVIIe si\u00e8cle est d\u00e9cor\u00e9e de pilastres cannel\u00e9s surmont\u00e9s d\u2019un tympan. Au nord, une petite baie romane est soulign\u00e9e d\u2019un cordon sous un arc bris\u00e9. \u00c0 l\u2019int\u00e9rieur, subsistent des colonnes cylindriques adoss\u00e9es et des nervures qui portaient une haute vo\u00fbte du XVe si\u00e8cle, \u00e9croul\u00e9e laissant la charpente apparente. \u00c0 l\u2019est, un grand arc bris\u00e9 devait donner acc\u00e8s \u00e0 l\u2019ancien ch\u0153ur.<br \/><span class=\"cyan gras\">La fa\u00e7ade<\/span><span>\u00a0<\/span>de 1864 d\u00e9veloppe avec une certaine libert\u00e9 tous les st\u00e9r\u00e9otypes d\u2019architecture romane, un large portail \u00e0 voussures en arc en plein cintre sur chapiteaux sculpt\u00e9s. Le tympan est enrichi d\u2019une sculpture en bas-relief de R\u00e9al del Sarte portant inscription: \u00abNON IN VERBO TANTUM\u00bb.<br \/>Un triplet, motif utilis\u00e9 sur les chevets, est curieusement positionn\u00e9 au-dessus du porche. L\u2019ensemble est surmont\u00e9 d\u2019un oculus aveugle avec meurtri\u00e8re en croix. Les bas-c\u00f4t\u00e9s de la fa\u00e7ade sont ajout\u00e9s de baies romanes en plein cintre sur colonnes et soulign\u00e9es par un cordon en pointes de diamant.<br \/><span class=\"cyan gras\">La nef<\/span><span>\u00a0<\/span>principale est couverte de trois coupoles. Elle s\u2019accompagne de chapelles successives vo\u00fbt\u00e9es en berceau perpendiculaire \u00e0 l\u2019axe de la nef. Le choeur orn\u00e9 d\u2019un d\u00e9cor peint est perc\u00e9 de trois fen\u00eatres accol\u00e9es.<\/p>\n<p><span class=\"cyan gras\">Ensemble<\/span><span>\u00a0<\/span>du mobilier, d\u00e9but du XXe si\u00e8cle, comprenant chaire, bancs, confessionnaux, tribune avec orgue.<\/p>\n<p>[\/et_pb_text][\/et_pb_column][\/et_pb_row][et_pb_row column_structure=\u00a0\u00bb1_3,1_3,1_3&Prime; _builder_version=\u00a0\u00bb4.27.4&Prime; _module_preset=\u00a0\u00bbdefault\u00a0\u00bb global_colors_info=\u00a0\u00bb{}\u00a0\u00bb theme_builder_area=\u00a0\u00bbpost_content\u00a0\u00bb][et_pb_column type=\u00a0\u00bb1_3&Prime; _builder_version=\u00a0\u00bb4.27.4&Prime; _module_preset=\u00a0\u00bbdefault\u00a0\u00bb global_colors_info=\u00a0\u00bb{}\u00a0\u00bb theme_builder_area=\u00a0\u00bbpost_content\u00a0\u00bb][et_pb_image src=\u00a0\u00bbhttps:\/\/catholiques17.fr\/saintaigulin\/wp-content\/uploads\/sites\/49\/2025\/10\/St-Aigulin1.jpg\u00a0\u00bb title_text=\u00a0\u00bbSt Aigulin1&Prime; show_in_lightbox=\u00a0\u00bbon\u00a0\u00bb _builder_version=\u00a0\u00bb4.27.5&Prime; _module_preset=\u00a0\u00bbdefault\u00a0\u00bb hover_enabled=\u00a0\u00bb0&Prime; box_shadow_style=\u00a0\u00bbpreset2&Prime; global_colors_info=\u00a0\u00bb{}\u00a0\u00bb theme_builder_area=\u00a0\u00bbpost_content\u00a0\u00bb sticky_enabled=\u00a0\u00bb0&Prime;][\/et_pb_image][\/et_pb_column][et_pb_column type=\u00a0\u00bb1_3&Prime; _builder_version=\u00a0\u00bb4.27.4&Prime; _module_preset=\u00a0\u00bbdefault\u00a0\u00bb global_colors_info=\u00a0\u00bb{}\u00a0\u00bb theme_builder_area=\u00a0\u00bbpost_content\u00a0\u00bb][et_pb_image src=\u00a0\u00bbhttps:\/\/catholiques17.fr\/saintaigulin\/wp-content\/uploads\/sites\/49\/2025\/10\/St-Aigulin2.jpg\u00a0\u00bb title_text=\u00a0\u00bbSt Aigulin2&Prime; show_in_lightbox=\u00a0\u00bbon\u00a0\u00bb _builder_version=\u00a0\u00bb4.27.4&Prime; _module_preset=\u00a0\u00bbdefault\u00a0\u00bb box_shadow_style=\u00a0\u00bbpreset2&Prime; global_colors_info=\u00a0\u00bb{}\u00a0\u00bb theme_builder_area=\u00a0\u00bbpost_content\u00a0\u00bb][\/et_pb_image][\/et_pb_column][et_pb_column type=\u00a0\u00bb1_3&Prime; _builder_version=\u00a0\u00bb4.27.4&Prime; _module_preset=\u00a0\u00bbdefault\u00a0\u00bb global_colors_info=\u00a0\u00bb{}\u00a0\u00bb theme_builder_area=\u00a0\u00bbpost_content\u00a0\u00bb][et_pb_image src=\u00a0\u00bbhttps:\/\/catholiques17.fr\/saintaigulin\/wp-content\/uploads\/sites\/49\/2025\/10\/St-Aigulin-3.jpg\u00a0\u00bb title_text=\u00a0\u00bbSt Aigulin 3&Prime; show_in_lightbox=\u00a0\u00bbon\u00a0\u00bb _builder_version=\u00a0\u00bb4.27.4&Prime; _module_preset=\u00a0\u00bbdefault\u00a0\u00bb custom_margin=\u00a0\u00bb||||false|false\u00a0\u00bb custom_margin_tablet=\u00a0\u00bb23px||||false|false\u00a0\u00bb custom_margin_phone=\u00a0\u00bb23px||||false|false\u00a0\u00bb custom_margin_last_edited=\u00a0\u00bbon|desktop\u00a0\u00bb box_shadow_style=\u00a0\u00bbpreset2&Prime; global_colors_info=\u00a0\u00bb{}\u00a0\u00bb theme_builder_area=\u00a0\u00bbpost_content\u00a0\u00bb][\/et_pb_image][\/et_pb_column][\/et_pb_row][et_pb_row _builder_version=\u00a0\u00bb4.27.5&Prime; _module_preset=\u00a0\u00bbdefault\u00a0\u00bb theme_builder_area=\u00a0\u00bbpost_content\u00a0\u00bb][et_pb_column _builder_version=\u00a0\u00bb4.27.5&Prime; _module_preset=\u00a0\u00bbdefault\u00a0\u00bb type=\u00a0\u00bb4_4&Prime; theme_builder_area=\u00a0\u00bbpost_content\u00a0\u00bb][et_pb_code _builder_version=\u00a0\u00bb4.27.5&Prime; _module_preset=\u00a0\u00bbdefault\u00a0\u00bb theme_builder_area=\u00a0\u00bbpost_content\u00a0\u00bb hover_enabled=\u00a0\u00bb0&Prime; sticky_enabled=\u00a0\u00bb0&Prime; text_orientation=\u00a0\u00bbcenter\u00a0\u00bb width=\u00a0\u00bb100%\u00a0\u00bb max_width=\u00a0\u00bb100%\u00a0\u00bb]<iframe src=\"https:\/\/www.google.com\/maps\/embed?pb=!1m18!1m12!1m3!1d2018.4904341335134!2d-0.010921825225263805!3d45.15811515381141!2m3!1f0!2f0!3f0!3m2!1i1024!2i768!4f13.1!3m3!1m2!1s0x480008052b7c16b1%3A0x69054bf658e6843!2sEglise%20saint%20Fort%20de%20Saint%20Agulin!5e1!3m2!1sfr!2sfr!4v1772100368403!5m2!1sfr!2sfr\" width=\"600\" height=\"450\" style=\"border:0;\" allowfullscreen=\"\" loading=\"lazy\" referrerpolicy=\"no-referrer-when-downgrade\"><\/iframe>[\/et_pb_code][\/et_pb_column][\/et_pb_row][\/et_pb_section]<\/p>\n","protected":false},"excerpt":{"rendered":"<p>\u00c9glise\u00a0Saint-Fort.A la limite du d\u00e9partement, l\u2019\u00e9glise Saint-Fort a \u00e9t\u00e9 partiellement reconstruite \u00e0 la fin du XIXe si\u00e8cle en tenant compte de l\u2019axe urbain. L\u2019\u00e9difice\u00a0ainsi implant\u00e9 se retrouve avec une entr\u00e9e [&hellip;]<\/p>\n","protected":false},"author":4,"featured_media":0,"parent":7319,"menu_order":0,"comment_status":"closed","ping_status":"closed","template":"","meta":{"_et_pb_use_builder":"on","_et_pb_old_content":"<!-- wp:divi\/placeholder \/-->","_et_gb_content_width":"","footnotes":""},"class_list":["post-9637","page","type-page","status-publish","hentry"],"_links":{"self":[{"href":"https:\/\/catholiques17.fr\/saintaigulin\/wp-json\/wp\/v2\/pages\/9637","targetHints":{"allow":["GET"]}}],"collection":[{"href":"https:\/\/catholiques17.fr\/saintaigulin\/wp-json\/wp\/v2\/pages"}],"about":[{"href":"https:\/\/catholiques17.fr\/saintaigulin\/wp-json\/wp\/v2\/types\/page"}],"author":[{"embeddable":true,"href":"https:\/\/catholiques17.fr\/saintaigulin\/wp-json\/wp\/v2\/users\/4"}],"replies":[{"embeddable":true,"href":"https:\/\/catholiques17.fr\/saintaigulin\/wp-json\/wp\/v2\/comments?post=9637"}],"version-history":[{"count":6,"href":"https:\/\/catholiques17.fr\/saintaigulin\/wp-json\/wp\/v2\/pages\/9637\/revisions"}],"predecessor-version":[{"id":10064,"href":"https:\/\/catholiques17.fr\/saintaigulin\/wp-json\/wp\/v2\/pages\/9637\/revisions\/10064"}],"up":[{"embeddable":true,"href":"https:\/\/catholiques17.fr\/saintaigulin\/wp-json\/wp\/v2\/pages\/7319"}],"wp:attachment":[{"href":"https:\/\/catholiques17.fr\/saintaigulin\/wp-json\/wp\/v2\/media?parent=9637"}],"curies":[{"name":"wp","href":"https:\/\/api.w.org\/{rel}","templated":true}]}}

<p>[et_pb_section fb_built= »1&Prime; _builder_version= »4.27.4&Prime; _module_preset= »default » custom_padding= »5px||||| » global_colors_info= »{} » theme_builder_area= »post_content »][et_pb_row _builder_version= »4.27.4&Prime; _module_preset= »default » custom_padding= »7px||||| » global_colors_info= »{} » theme_builder_area= »post_content »][et_pb_column type= »4_4&Prime; _builder_version= »4.27.4&Prime; _module_preset= »default » global_colors_info= »{} » theme_builder_area= »post_content »][et_pb_image src= »https://catholiques17.fr/saintaigulin/wp-content/uploads/sites/49/2025/10/St-Aigulin.jpg » title_text= »St Aigulin » align= »center » _builder_version= »4.27.4&Prime; _module_preset= »default » animation_style= »slide » border_radii= »off|20px|20px|| » global_colors_info= »{} » theme_builder_area= »post_content »][/et_pb_image][/et_pb_column][/et_pb_row][et_pb_row _builder_version= »4.27.4&Prime; _module_preset= »default » global_colors_info= »{} » theme_builder_area= »post_content »][et_pb_column type= »4_4&Prime; _builder_version= »4.27.4&Prime; _module_preset= »default » global_colors_info= »{} » theme_builder_area= »post_content »][et_pb_text _builder_version= »4.27.4&Prime; _module_preset= »default » global_colors_info= »{} » theme_builder_area= »post_content »]</p>
<p style="text-align: justify;"><strong>Église Saint-Fort.</strong><br />A la limite du département, l’église Saint-Fort a été partiellement reconstruite à la fin du XIXe siècle en tenant compte de l’axe urbain. <span class="cyan gras">L’édifice</span><span> </span>ainsi implanté se retrouve avec une entrée côté sud et l’ancien clocher accolé à la nef du côté ouest.<br /><span class="cyan gras">A l’origine</span>, l’église existait au XIIe siècle.<br />Ruinée pendant la guerre de Cent Ans, elle fut reconstruite au XVe siècle avec des pierres tirées du lit de la Dronne dont le cours avait été détourné pour la circonstance. Détruite par les calvinistes en 1587, elle fut restaurée en 1699.<br /><span class="cyan gras">L’église</span><span> </span>n’a gardé de son origine que son clocher gothique construit sur sa souche romane. Flanqué de hauts contreforts, le clocher est fait d’une tour octogonale couverte d’une flèche en ardoise. Sur le côté du clocher, une porte reprise au XVIIe siècle est décorée de pilastres cannelés surmontés d’un tympan. Au nord, une petite baie romane est soulignée d’un cordon sous un arc brisé. À l’intérieur, subsistent des colonnes cylindriques adossées et des nervures qui portaient une haute voûte du XVe siècle, écroulée laissant la charpente apparente. À l’est, un grand arc brisé devait donner accès à l’ancien chœur.<br /><span class="cyan gras">La façade</span><span> </span>de 1864 développe avec une certaine liberté tous les stéréotypes d’architecture romane, un large portail à voussures en arc en plein cintre sur chapiteaux sculptés. Le tympan est enrichi d’une sculpture en bas-relief de Réal del Sarte portant inscription: «NON IN VERBO TANTUM».<br />Un triplet, motif utilisé sur les chevets, est curieusement positionné au-dessus du porche. L’ensemble est surmonté d’un oculus aveugle avec meurtrière en croix. Les bas-côtés de la façade sont ajoutés de baies romanes en plein cintre sur colonnes et soulignées par un cordon en pointes de diamant.<br /><span class="cyan gras">La nef</span><span> </span>principale est couverte de trois coupoles. Elle s’accompagne de chapelles successives voûtées en berceau perpendiculaire à l’axe de la nef. Le choeur orné d’un décor peint est percé de trois fenêtres accolées.</p>
<p><span class="cyan gras">Ensemble</span><span> </span>du mobilier, début du XXe siècle, comprenant chaire, bancs, confessionnaux, tribune avec orgue.</p>
<p>[/et_pb_text][/et_pb_column][/et_pb_row][et_pb_row column_structure= »1_3,1_3,1_3&Prime; _builder_version= »4.27.4&Prime; _module_preset= »default » global_colors_info= »{} » theme_builder_area= »post_content »][et_pb_column type= »1_3&Prime; _builder_version= »4.27.4&Prime; _module_preset= »default » global_colors_info= »{} » theme_builder_area= »post_content »][et_pb_image src= »https://catholiques17.fr/saintaigulin/wp-content/uploads/sites/49/2025/10/St-Aigulin1.jpg » title_text= »St Aigulin1&Prime; show_in_lightbox= »on » _builder_version= »4.27.5&Prime; _module_preset= »default » hover_enabled= »0&Prime; box_shadow_style= »preset2&Prime; global_colors_info= »{} » theme_builder_area= »post_content » sticky_enabled= »0&Prime;][/et_pb_image][/et_pb_column][et_pb_column type= »1_3&Prime; _builder_version= »4.27.4&Prime; _module_preset= »default » global_colors_info= »{} » theme_builder_area= »post_content »][et_pb_image src= »https://catholiques17.fr/saintaigulin/wp-content/uploads/sites/49/2025/10/St-Aigulin2.jpg » title_text= »St Aigulin2&Prime; show_in_lightbox= »on » _builder_version= »4.27.4&Prime; _module_preset= »default » box_shadow_style= »preset2&Prime; global_colors_info= »{} » theme_builder_area= »post_content »][/et_pb_image][/et_pb_column][et_pb_column type= »1_3&Prime; _builder_version= »4.27.4&Prime; _module_preset= »default » global_colors_info= »{} » theme_builder_area= »post_content »][et_pb_image src= »https://catholiques17.fr/saintaigulin/wp-content/uploads/sites/49/2025/10/St-Aigulin-3.jpg » title_text= »St Aigulin 3&Prime; show_in_lightbox= »on » _builder_version= »4.27.4&Prime; _module_preset= »default » custom_margin= »||||false|false » custom_margin_tablet= »23px||||false|false » custom_margin_phone= »23px||||false|false » custom_margin_last_edited= »on|desktop » box_shadow_style= »preset2&Prime; global_colors_info= »{} » theme_builder_area= »post_content »][/et_pb_image][/et_pb_column][/et_pb_row][et_pb_row _builder_version= »4.27.5&Prime; _module_preset= »default » theme_builder_area= »post_content »][et_pb_column _builder_version= »4.27.5&Prime; _module_preset= »default » type= »4_4&Prime; theme_builder_area= »post_content »][et_pb_code _builder_version= »4.27.5&Prime; _module_preset= »default » theme_builder_area= »post_content » hover_enabled= »0&Prime; sticky_enabled= »0&Prime; text_orientation= »center » width= »100% » max_width= »100% »]<iframe src="https://www.google.com/maps/embed?pb=!1m18!1m12!1m3!1d2018.4904341335134!2d-0.010921825225263805!3d45.15811515381141!2m3!1f0!2f0!3f0!3m2!1i1024!2i768!4f13.1!3m3!1m2!1s0x480008052b7c16b1%3A0x69054bf658e6843!2sEglise%20saint%20Fort%20de%20Saint%20Agulin!5e1!3m2!1sfr!2sfr!4v1772100368403!5m2!1sfr!2sfr" width="600" height="450" style="border:0;" allowfullscreen="" loading="lazy" referrerpolicy="no-referrer-when-downgrade"></iframe>[/et_pb_code][/et_pb_column][/et_pb_row][/et_pb_section]</p>

<p>Église Saint-Fort.A la limite du département, l’église Saint-Fort a été partiellement reconstruite à la fin du XIXe siècle en tenant compte de l’axe urbain. L’édifice ainsi implanté se retrouve avec une entrée [&hellip;]</p>
