{"id":9635,"date":"2025-10-23T11:19:12","date_gmt":"2025-10-23T09:19:12","guid":{"rendered":"https:\/\/catholiques17.fr\/saintaigulin\/?page_id=9635"},"modified":"2025-10-23T12:11:00","modified_gmt":"2025-10-23T10:11:00","slug":"le-fouilloux","status":"publish","type":"page","link":"https:\/\/catholiques17.fr\/saintaigulin\/nos-eglises\/le-fouilloux\/","title":{"rendered":"Le Fouilloux"},"content":{"rendered":"<p>[et_pb_section fb_built=\u00a0\u00bb1&Prime; _builder_version=\u00a0\u00bb4.27.4&Prime; _module_preset=\u00a0\u00bbdefault\u00a0\u00bb custom_padding=\u00a0\u00bb5px|||||\u00a0\u00bb global_colors_info=\u00a0\u00bb{}\u00a0\u00bb theme_builder_area=\u00a0\u00bbet_body_layout\u00a0\u00bb][et_pb_row _builder_version=\u00a0\u00bb4.27.4&Prime; _module_preset=\u00a0\u00bbdefault\u00a0\u00bb custom_padding=\u00a0\u00bb7px|||||\u00a0\u00bb global_colors_info=\u00a0\u00bb{}\u00a0\u00bb theme_builder_area=\u00a0\u00bbet_body_layout\u00a0\u00bb][et_pb_column type=\u00a0\u00bb4_4&Prime; _builder_version=\u00a0\u00bb4.27.4&Prime; _module_preset=\u00a0\u00bbdefault\u00a0\u00bb global_colors_info=\u00a0\u00bb{}\u00a0\u00bb theme_builder_area=\u00a0\u00bbet_body_layout\u00a0\u00bb][et_pb_image src=\u00a0\u00bbhttps:\/\/catholiques17.fr\/saintaigulin\/wp-content\/uploads\/sites\/49\/2025\/10\/Le-Fouilloux.jpg\u00a0\u00bb title_text=\u00a0\u00bbLe Fouilloux\u00a0\u00bb align=\u00a0\u00bbcenter\u00a0\u00bb _builder_version=\u00a0\u00bb4.27.4&Prime; _module_preset=\u00a0\u00bbdefault\u00a0\u00bb animation_style=\u00a0\u00bbslide\u00a0\u00bb hover_enabled=\u00a0\u00bb0&Prime; border_radii=\u00a0\u00bboff|20px|20px||\u00a0\u00bb global_colors_info=\u00a0\u00bb{}\u00a0\u00bb theme_builder_area=\u00a0\u00bbet_body_layout\u00a0\u00bb sticky_enabled=\u00a0\u00bb0&Prime;][\/et_pb_image][\/et_pb_column][\/et_pb_row][et_pb_row _builder_version=\u00a0\u00bb4.27.4&Prime; _module_preset=\u00a0\u00bbdefault\u00a0\u00bb global_colors_info=\u00a0\u00bb{}\u00a0\u00bb theme_builder_area=\u00a0\u00bbet_body_layout\u00a0\u00bb][et_pb_column type=\u00a0\u00bb4_4&Prime; _builder_version=\u00a0\u00bb4.27.4&Prime; _module_preset=\u00a0\u00bbdefault\u00a0\u00bb global_colors_info=\u00a0\u00bb{}\u00a0\u00bb theme_builder_area=\u00a0\u00bbet_body_layout\u00a0\u00bb][et_pb_text _builder_version=\u00a0\u00bb4.27.4&Prime; _module_preset=\u00a0\u00bbdefault\u00a0\u00bb hover_enabled=\u00a0\u00bb0&Prime; global_colors_info=\u00a0\u00bb{}\u00a0\u00bb theme_builder_area=\u00a0\u00bbet_body_layout\u00a0\u00bb sticky_enabled=\u00a0\u00bb0&Prime;]<\/p>\n<p style=\"text-align: justify;\"><strong>\u00c9glise <span>Notre-Dame-de-l\u2019Assomption.<\/span><br \/><\/strong>Le nom de la commune proviendrait des fouilles faites pour extraire du minerai de fer. On retrouve d&rsquo;ailleurs quelques toponymes de lieux-dits ou de bourgs dans les cantons de Montguyon ou de Montlieu qui tirent l&rsquo;origine de leur nom des activit\u00e9s li\u00e9es au travail du fer comme Bassinet, La Ferronnerie ou La Ferri\u00e8re.<br \/>Sans doute totalement reconstruite entre le XVIIe et le XVIIIe si\u00e8cle, la fa\u00e7ade de l\u2019\u00e9glise fut une fois de plus reconstruite en 1860.<br \/>Large et basse, la fa\u00e7ade comprend un corps central plus \u00e9lev\u00e9 et deux bas-c\u00f4t\u00e9s sym\u00e9triques perc\u00e9s d\u2019une porte basse. Le portail, en arc en plein cintre, est surmont\u00e9 d\u2019une petite baie \u00e9troite. Le pignon tr\u00e8s plat est surmont\u00e9 d\u2019un campanile.<br \/>L&rsquo;int\u00e9rieur \u00e0 trois nefs est couvert d&rsquo;un plafond plat. Le vaisseau central, encadr\u00e9 de grands arcs sur piliers carr\u00e9s, se prolonge \u00e0 l&rsquo;est par une<span class=\"bordure-pointillee\">abside<\/span>en cul-de-four. Les deux murs de refend de chaque c\u00f4t\u00e9 de la porte centrale sont d\u00e9cor\u00e9s en hauteur de deux peintures \u00e0 th\u00e8mes religieux : la fuite en Egypte et la tentation de J\u00e9sus.<br \/>Trois autels en marbre, confessionnal, chemin de croix peint.<\/p>\n<p>[\/et_pb_text][\/et_pb_column][\/et_pb_row][et_pb_row column_structure=\u00a0\u00bb1_3,1_3,1_3&Prime; _builder_version=\u00a0\u00bb4.27.4&Prime; _module_preset=\u00a0\u00bbdefault\u00a0\u00bb global_colors_info=\u00a0\u00bb{}\u00a0\u00bb theme_builder_area=\u00a0\u00bbet_body_layout\u00a0\u00bb][et_pb_column type=\u00a0\u00bb1_3&Prime; _builder_version=\u00a0\u00bb4.27.4&Prime; _module_preset=\u00a0\u00bbdefault\u00a0\u00bb global_colors_info=\u00a0\u00bb{}\u00a0\u00bb theme_builder_area=\u00a0\u00bbet_body_layout\u00a0\u00bb][et_pb_image src=\u00a0\u00bbhttps:\/\/catholiques17.fr\/saintaigulin\/wp-content\/uploads\/sites\/49\/2025\/10\/Le-Fouilloux1.jpg\u00a0\u00bb title_text=\u00a0\u00bbLe Fouilloux1&Prime; show_in_lightbox=\u00a0\u00bbon\u00a0\u00bb _builder_version=\u00a0\u00bb4.27.4&Prime; _module_preset=\u00a0\u00bbdefault\u00a0\u00bb hover_enabled=\u00a0\u00bb0&Prime; box_shadow_style=\u00a0\u00bbpreset2&Prime; global_colors_info=\u00a0\u00bb{}\u00a0\u00bb theme_builder_area=\u00a0\u00bbet_body_layout\u00a0\u00bb sticky_enabled=\u00a0\u00bb0&Prime;][\/et_pb_image][\/et_pb_column][et_pb_column type=\u00a0\u00bb1_3&Prime; _builder_version=\u00a0\u00bb4.27.4&Prime; _module_preset=\u00a0\u00bbdefault\u00a0\u00bb global_colors_info=\u00a0\u00bb{}\u00a0\u00bb theme_builder_area=\u00a0\u00bbet_body_layout\u00a0\u00bb][et_pb_image src=\u00a0\u00bbhttps:\/\/catholiques17.fr\/saintaigulin\/wp-content\/uploads\/sites\/49\/2025\/10\/Le-Fouilloux2.jpg\u00a0\u00bb title_text=\u00a0\u00bbLe Fouilloux2&Prime; show_in_lightbox=\u00a0\u00bbon\u00a0\u00bb _builder_version=\u00a0\u00bb4.27.4&Prime; _module_preset=\u00a0\u00bbdefault\u00a0\u00bb hover_enabled=\u00a0\u00bb0&Prime; box_shadow_style=\u00a0\u00bbpreset2&Prime; global_colors_info=\u00a0\u00bb{}\u00a0\u00bb theme_builder_area=\u00a0\u00bbet_body_layout\u00a0\u00bb sticky_enabled=\u00a0\u00bb0&Prime;][\/et_pb_image][\/et_pb_column][et_pb_column type=\u00a0\u00bb1_3&Prime; _builder_version=\u00a0\u00bb4.27.4&Prime; _module_preset=\u00a0\u00bbdefault\u00a0\u00bb global_colors_info=\u00a0\u00bb{}\u00a0\u00bb theme_builder_area=\u00a0\u00bbet_body_layout\u00a0\u00bb][et_pb_image src=\u00a0\u00bbhttps:\/\/catholiques17.fr\/saintaigulin\/wp-content\/uploads\/sites\/49\/2025\/10\/Le-Fouilloux3.jpg\u00a0\u00bb title_text=\u00a0\u00bbLe Fouilloux3&Prime; show_in_lightbox=\u00a0\u00bbon\u00a0\u00bb _builder_version=\u00a0\u00bb4.27.4&Prime; _module_preset=\u00a0\u00bbdefault\u00a0\u00bb custom_margin=\u00a0\u00bb||||false|false\u00a0\u00bb custom_margin_tablet=\u00a0\u00bb23px||||false|false\u00a0\u00bb custom_margin_phone=\u00a0\u00bb23px||||false|false\u00a0\u00bb custom_margin_last_edited=\u00a0\u00bbon|desktop\u00a0\u00bb hover_enabled=\u00a0\u00bb0&Prime; box_shadow_style=\u00a0\u00bbpreset2&Prime; global_colors_info=\u00a0\u00bb{}\u00a0\u00bb theme_builder_area=\u00a0\u00bbet_body_layout\u00a0\u00bb sticky_enabled=\u00a0\u00bb0&Prime;][\/et_pb_image][\/et_pb_column][\/et_pb_row][\/et_pb_section]<\/p>\n","protected":false},"excerpt":{"rendered":"<p>\u00c9glise Notre-Dame-de-l\u2019Assomption.Le nom de la commune proviendrait des fouilles faites pour extraire du minerai de fer. On retrouve d&rsquo;ailleurs quelques toponymes de lieux-dits ou de bourgs dans les cantons de [&hellip;]<\/p>\n","protected":false},"author":4,"featured_media":0,"parent":7319,"menu_order":0,"comment_status":"closed","ping_status":"closed","template":"","meta":{"_et_pb_use_builder":"on","_et_pb_old_content":"<!-- wp:divi\/placeholder \/-->","_et_gb_content_width":"","footnotes":""},"class_list":["post-9635","page","type-page","status-publish","hentry"],"_links":{"self":[{"href":"https:\/\/catholiques17.fr\/saintaigulin\/wp-json\/wp\/v2\/pages\/9635","targetHints":{"allow":["GET"]}}],"collection":[{"href":"https:\/\/catholiques17.fr\/saintaigulin\/wp-json\/wp\/v2\/pages"}],"about":[{"href":"https:\/\/catholiques17.fr\/saintaigulin\/wp-json\/wp\/v2\/types\/page"}],"author":[{"embeddable":true,"href":"https:\/\/catholiques17.fr\/saintaigulin\/wp-json\/wp\/v2\/users\/4"}],"replies":[{"embeddable":true,"href":"https:\/\/catholiques17.fr\/saintaigulin\/wp-json\/wp\/v2\/comments?post=9635"}],"version-history":[{"count":3,"href":"https:\/\/catholiques17.fr\/saintaigulin\/wp-json\/wp\/v2\/pages\/9635\/revisions"}],"predecessor-version":[{"id":9688,"href":"https:\/\/catholiques17.fr\/saintaigulin\/wp-json\/wp\/v2\/pages\/9635\/revisions\/9688"}],"up":[{"embeddable":true,"href":"https:\/\/catholiques17.fr\/saintaigulin\/wp-json\/wp\/v2\/pages\/7319"}],"wp:attachment":[{"href":"https:\/\/catholiques17.fr\/saintaigulin\/wp-json\/wp\/v2\/media?parent=9635"}],"curies":[{"name":"wp","href":"https:\/\/api.w.org\/{rel}","templated":true}]}}

<p>[et_pb_section fb_built= »1&Prime; _builder_version= »4.27.4&Prime; _module_preset= »default » custom_padding= »5px||||| » global_colors_info= »{} » theme_builder_area= »et_body_layout »][et_pb_row _builder_version= »4.27.4&Prime; _module_preset= »default » custom_padding= »7px||||| » global_colors_info= »{} » theme_builder_area= »et_body_layout »][et_pb_column type= »4_4&Prime; _builder_version= »4.27.4&Prime; _module_preset= »default » global_colors_info= »{} » theme_builder_area= »et_body_layout »][et_pb_image src= »https://catholiques17.fr/saintaigulin/wp-content/uploads/sites/49/2025/10/Le-Fouilloux.jpg » title_text= »Le Fouilloux » align= »center » _builder_version= »4.27.4&Prime; _module_preset= »default » animation_style= »slide » hover_enabled= »0&Prime; border_radii= »off|20px|20px|| » global_colors_info= »{} » theme_builder_area= »et_body_layout » sticky_enabled= »0&Prime;][/et_pb_image][/et_pb_column][/et_pb_row][et_pb_row _builder_version= »4.27.4&Prime; _module_preset= »default » global_colors_info= »{} » theme_builder_area= »et_body_layout »][et_pb_column type= »4_4&Prime; _builder_version= »4.27.4&Prime; _module_preset= »default » global_colors_info= »{} » theme_builder_area= »et_body_layout »][et_pb_text _builder_version= »4.27.4&Prime; _module_preset= »default » hover_enabled= »0&Prime; global_colors_info= »{} » theme_builder_area= »et_body_layout » sticky_enabled= »0&Prime;]</p>
<p style="text-align: justify;"><strong>Église <span>Notre-Dame-de-l’Assomption.</span><br /></strong>Le nom de la commune proviendrait des fouilles faites pour extraire du minerai de fer. On retrouve d&rsquo;ailleurs quelques toponymes de lieux-dits ou de bourgs dans les cantons de Montguyon ou de Montlieu qui tirent l&rsquo;origine de leur nom des activités liées au travail du fer comme Bassinet, La Ferronnerie ou La Ferrière.<br />Sans doute totalement reconstruite entre le XVIIe et le XVIIIe siècle, la façade de l’église fut une fois de plus reconstruite en 1860.<br />Large et basse, la façade comprend un corps central plus élevé et deux bas-côtés symétriques percés d’une porte basse. Le portail, en arc en plein cintre, est surmonté d’une petite baie étroite. Le pignon très plat est surmonté d’un campanile.<br />L&rsquo;intérieur à trois nefs est couvert d&rsquo;un plafond plat. Le vaisseau central, encadré de grands arcs sur piliers carrés, se prolonge à l&rsquo;est par une<span class="bordure-pointillee">abside</span>en cul-de-four. Les deux murs de refend de chaque côté de la porte centrale sont décorés en hauteur de deux peintures à thèmes religieux : la fuite en Egypte et la tentation de Jésus.<br />Trois autels en marbre, confessionnal, chemin de croix peint.</p>
<p>[/et_pb_text][/et_pb_column][/et_pb_row][et_pb_row column_structure= »1_3,1_3,1_3&Prime; _builder_version= »4.27.4&Prime; _module_preset= »default » global_colors_info= »{} » theme_builder_area= »et_body_layout »][et_pb_column type= »1_3&Prime; _builder_version= »4.27.4&Prime; _module_preset= »default » global_colors_info= »{} » theme_builder_area= »et_body_layout »][et_pb_image src= »https://catholiques17.fr/saintaigulin/wp-content/uploads/sites/49/2025/10/Le-Fouilloux1.jpg » title_text= »Le Fouilloux1&Prime; show_in_lightbox= »on » _builder_version= »4.27.4&Prime; _module_preset= »default » hover_enabled= »0&Prime; box_shadow_style= »preset2&Prime; global_colors_info= »{} » theme_builder_area= »et_body_layout » sticky_enabled= »0&Prime;][/et_pb_image][/et_pb_column][et_pb_column type= »1_3&Prime; _builder_version= »4.27.4&Prime; _module_preset= »default » global_colors_info= »{} » theme_builder_area= »et_body_layout »][et_pb_image src= »https://catholiques17.fr/saintaigulin/wp-content/uploads/sites/49/2025/10/Le-Fouilloux2.jpg » title_text= »Le Fouilloux2&Prime; show_in_lightbox= »on » _builder_version= »4.27.4&Prime; _module_preset= »default » hover_enabled= »0&Prime; box_shadow_style= »preset2&Prime; global_colors_info= »{} » theme_builder_area= »et_body_layout » sticky_enabled= »0&Prime;][/et_pb_image][/et_pb_column][et_pb_column type= »1_3&Prime; _builder_version= »4.27.4&Prime; _module_preset= »default » global_colors_info= »{} » theme_builder_area= »et_body_layout »][et_pb_image src= »https://catholiques17.fr/saintaigulin/wp-content/uploads/sites/49/2025/10/Le-Fouilloux3.jpg » title_text= »Le Fouilloux3&Prime; show_in_lightbox= »on » _builder_version= »4.27.4&Prime; _module_preset= »default » custom_margin= »||||false|false » custom_margin_tablet= »23px||||false|false » custom_margin_phone= »23px||||false|false » custom_margin_last_edited= »on|desktop » hover_enabled= »0&Prime; box_shadow_style= »preset2&Prime; global_colors_info= »{} » theme_builder_area= »et_body_layout » sticky_enabled= »0&Prime;][/et_pb_image][/et_pb_column][/et_pb_row][/et_pb_section]</p>

<p>Église Notre-Dame-de-l’Assomption.Le nom de la commune proviendrait des fouilles faites pour extraire du minerai de fer. On retrouve d&rsquo;ailleurs quelques toponymes de lieux-dits ou de bourgs dans les cantons de [&hellip;]</p>
