{"id":7259,"date":"2024-06-27T14:58:46","date_gmt":"2024-06-27T12:58:46","guid":{"rendered":"https:\/\/catholiques17.fr\/saintaigulin\/?page_id=7259"},"modified":"2025-12-09T09:48:38","modified_gmt":"2025-12-09T08:48:38","slug":"confirmation","status":"publish","type":"page","link":"https:\/\/catholiques17.fr\/saintaigulin\/etape-de-la-vie\/confirmation\/","title":{"rendered":"Confirmation"},"content":{"rendered":"<p>[et_pb_section fb_built=\u00a0\u00bb1&Prime; _builder_version=\u00a0\u00bb4.16&Prime; _module_preset=\u00a0\u00bbdefault\u00a0\u00bb custom_padding=\u00a0\u00bb5px|||||\u00a0\u00bb global_colors_info=\u00a0\u00bb{}\u00a0\u00bb theme_builder_area=\u00a0\u00bbpost_content\u00a0\u00bb][et_pb_row _builder_version=\u00a0\u00bb4.21.0&Prime; _module_preset=\u00a0\u00bbdefault\u00a0\u00bb custom_padding=\u00a0\u00bb6px|||||\u00a0\u00bb global_colors_info=\u00a0\u00bb{}\u00a0\u00bb theme_builder_area=\u00a0\u00bbpost_content\u00a0\u00bb][et_pb_column type=\u00a0\u00bb4_4&Prime; _builder_version=\u00a0\u00bb4.21.0&Prime; _module_preset=\u00a0\u00bbdefault\u00a0\u00bb global_colors_info=\u00a0\u00bb{}\u00a0\u00bb theme_builder_area=\u00a0\u00bbpost_content\u00a0\u00bb][et_pb_image src=\u00a0\u00bbhttps:\/\/catholiques17.fr\/saintaigulin\/wp-content\/uploads\/sites\/49\/2024\/10\/Confirmation-2.jpeg\u00a0\u00bb title_text=\u00a0\u00bbConfirmation (2)\u00a0\u00bb _builder_version=\u00a0\u00bb4.21.0&Prime; _module_preset=\u00a0\u00bbdefault\u00a0\u00bb animation_style=\u00a0\u00bbslide\u00a0\u00bb border_radii=\u00a0\u00bbon|20px|20px|20px|20px\u00a0\u00bb global_colors_info=\u00a0\u00bb{}\u00a0\u00bb theme_builder_area=\u00a0\u00bbpost_content\u00a0\u00bb][\/et_pb_image][\/et_pb_column][\/et_pb_row][et_pb_row _builder_version=\u00a0\u00bb4.16&Prime; _module_preset=\u00a0\u00bbdefault\u00a0\u00bb global_colors_info=\u00a0\u00bb{}\u00a0\u00bb theme_builder_area=\u00a0\u00bbpost_content\u00a0\u00bb][et_pb_column type=\u00a0\u00bb4_4&Prime; _builder_version=\u00a0\u00bb4.16&Prime; _module_preset=\u00a0\u00bbdefault\u00a0\u00bb global_colors_info=\u00a0\u00bb{}\u00a0\u00bb theme_builder_area=\u00a0\u00bbpost_content\u00a0\u00bb][et_pb_text _builder_version=\u00a0\u00bb4.21.0&Prime; _module_preset=\u00a0\u00bbdefault\u00a0\u00bb global_colors_info=\u00a0\u00bb{}\u00a0\u00bb theme_builder_area=\u00a0\u00bbpost_content\u00a0\u00bb]<\/p>\n<p style=\"text-align: justify\"><strong>La confirmation est un sacrement. Recevoir la confirmation, c\u2019est recevoir les dons de l\u2019Esprit Saint, promesse d\u2019une vie enracin\u00e9e en Christ. En recevant ce sacrement, le chr\u00e9tien r\u00e9pond \u00e0 l\u2019amour que Dieu lui porte et s\u2019engage \u00e0 en \u00eatre le t\u00e9moin.<\/strong><\/p>\n<p>[\/et_pb_text][\/et_pb_column][\/et_pb_row][et_pb_row _builder_version=\u00a0\u00bb4.16&Prime; _module_preset=\u00a0\u00bbdefault\u00a0\u00bb custom_padding=\u00a0\u00bb7px|||||\u00a0\u00bb global_colors_info=\u00a0\u00bb{}\u00a0\u00bb theme_builder_area=\u00a0\u00bbpost_content\u00a0\u00bb][et_pb_column type=\u00a0\u00bb4_4&Prime; _builder_version=\u00a0\u00bb4.16&Prime; _module_preset=\u00a0\u00bbdefault\u00a0\u00bb global_colors_info=\u00a0\u00bb{}\u00a0\u00bb theme_builder_area=\u00a0\u00bbpost_content\u00a0\u00bb][et_pb_text _builder_version=\u00a0\u00bb4.21.0&Prime; _module_preset=\u00a0\u00bbdefault\u00a0\u00bb global_colors_info=\u00a0\u00bb{}\u00a0\u00bb theme_builder_area=\u00a0\u00bbpost_content\u00a0\u00bb]<\/p>\n<div class=\"et_pb_module et_pb_text et_pb_text_1  et_pb_text_align_left et_pb_bg_layout_light\">\n<div class=\"et_pb_text_inner\">\n<p>Au temps de l\u2019adolescence et \u00e0 l\u2019\u00e2ge adulte, la d\u00e9marche de pr\u00e9paration s\u2019\u00e9tale sur une ou deux ann\u00e9es. Une rencontre commune avec l\u2019\u00e9v\u00eaque pour un temps d\u2019approfondissement et de cat\u00e9ch\u00e8se permet aux futurs confirm\u00e9s et \u00e0 leurs accompagnateurs de vivre une exp\u00e9rience forte d\u2019\u00c9glise dioc\u00e9saine. Une journ\u00e9e dioc\u00e9saine se d\u00e9roule chaque ann\u00e9e avec ceux qui se pr\u00e9parent \u00e0 la confirmation.<\/p>\n<\/div>\n<\/div>\n<div class=\"et_pb_module et_pb_text et_pb_text_2  et_pb_text_align_left et_pb_bg_layout_light\">\n<div class=\"et_pb_text_inner\">\n<p><strong>\u201cSois marqu\u00e9 de l\u2019Esprit saint, le don de Dieu\u201d :<span>\u00a0<\/span><\/strong>telle est la parole prononc\u00e9e par celui qui confirme et impose la main pour l\u2019onction d\u2019huile, c\u2019est une parole tr\u00e8s forte. Par la confirmation, le baptis\u00e9 re\u00e7oit la marque de l\u2019Esprit du P\u00e8re et du Fils. Il l\u2019a d\u00e9j\u00e0 re\u00e7ue quand il plongeait dans l\u2019eau du bapt\u00eame, il continue de la recevoir par l\u2019onction de la confirmation. Cette marque est comme une trace ind\u00e9l\u00e9bile qui exprime un don de Dieu, le don qu\u2019il fait au baptis\u00e9 de sa propre vie, de son propre esprit, de sa puissance d\u2019amour et de vie.<\/p>\n<p>Dans la confirmation, nous sommes marqu\u00e9s par un geste d\u2019onction, avec de l\u2019huile parfum\u00e9e, qu\u2019on appelle \u201csaint-chr\u00eame\u201d, un geste plein de douceur. Les mots \u201cchrist\u201d et \u201cchr\u00eame\u201d ont la m\u00eame racine. Est \u201cchrist\u201d celui qui a re\u00e7u l\u2019onction d\u2019huile.<\/p>\n<\/div>\n<\/div>\n<p>[\/et_pb_text][\/et_pb_column][\/et_pb_row][et_pb_row _builder_version=\u00a0\u00bb4.21.0&Prime; _module_preset=\u00a0\u00bbdefault\u00a0\u00bb global_colors_info=\u00a0\u00bb{}\u00a0\u00bb theme_builder_area=\u00a0\u00bbpost_content\u00a0\u00bb][et_pb_column type=\u00a0\u00bb4_4&Prime; _builder_version=\u00a0\u00bb4.21.0&Prime; _module_preset=\u00a0\u00bbdefault\u00a0\u00bb global_colors_info=\u00a0\u00bb{}\u00a0\u00bb theme_builder_area=\u00a0\u00bbpost_content\u00a0\u00bb][et_pb_divider color=\u00a0\u00bb#F49A24&Prime; divider_weight=\u00a0\u00bb2px\u00a0\u00bb _builder_version=\u00a0\u00bb4.21.0&Prime; _module_preset=\u00a0\u00bbdefault\u00a0\u00bb global_colors_info=\u00a0\u00bb{}\u00a0\u00bb theme_builder_area=\u00a0\u00bbpost_content\u00a0\u00bb][\/et_pb_divider][\/et_pb_column][\/et_pb_row][et_pb_row _builder_version=\u00a0\u00bb4.27.4&Prime; _module_preset=\u00a0\u00bbdefault\u00a0\u00bb background_color=\u00a0\u00bb#0068A0&Prime; border_radii=\u00a0\u00bboff||20px||20px\u00a0\u00bb global_colors_info=\u00a0\u00bb{}\u00a0\u00bb theme_builder_area=\u00a0\u00bbpost_content\u00a0\u00bb][et_pb_column type=\u00a0\u00bb4_4&Prime; _builder_version=\u00a0\u00bb4.21.0&Prime; _module_preset=\u00a0\u00bbdefault\u00a0\u00bb global_colors_info=\u00a0\u00bb{}\u00a0\u00bb theme_builder_area=\u00a0\u00bbpost_content\u00a0\u00bb][et_pb_text _builder_version=\u00a0\u00bb4.27.4&Prime; _module_preset=\u00a0\u00bbdefault\u00a0\u00bb global_colors_info=\u00a0\u00bb{}\u00a0\u00bb theme_builder_area=\u00a0\u00bbpost_content\u00a0\u00bb]<\/p>\n<h4 style=\"text-align: center;\"><span style=\"color: #ffffff;\">Vous souhaitez obtenir des informations pour vous pr\u00e9parer <\/span><\/h4>\n<h4 style=\"text-align: center;\"><span style=\"color: #ffffff;\">ou pr\u00e9parer votre enfant au sacrement\u00a0 de la confirmation ? <\/span><\/h4>\n<h4 style=\"text-align: center;\"><span style=\"color: #ffffff;\"><\/span><\/h4>\n<h4 style=\"text-align: center;\"><span style=\"color: #ffffff;\">Contactez- nous :<\/span><\/h4>\n<h4 style=\"text-align: center;\"><\/h4>\n<h4 style=\"text-align: center;\"><\/h4>\n<h4 style=\"text-align: center;\"><span style=\"color: #ffffff;\"><a href=\"mailto:paroisse.saintaigulin@orange.fr\" target=\"_blank\" rel=\"noopener\" style=\"color: #ffffff;\"><\/a><\/span><\/h4>\n<h4 style=\"text-align: center;\"><span style=\"color: #ffffff;\">P. Bernard HOUSSET : 06 89 03 03 69<\/span><span style=\"color: #ffffff;\"><strong><\/strong><\/span><\/h4>\n<h4 style=\"text-align: center;\"><span style=\"color: #ffffff;\">Maison paroissiale : 05 46 04 80 50<\/span><\/h4>\n<p>[\/et_pb_text][\/et_pb_column][\/et_pb_row][\/et_pb_section]<\/p>\n","protected":false},"excerpt":{"rendered":"<p>La confirmation est un sacrement. Recevoir la confirmation, c\u2019est recevoir les dons de l\u2019Esprit Saint, promesse d\u2019une vie enracin\u00e9e en Christ. En recevant ce sacrement, le chr\u00e9tien r\u00e9pond \u00e0 l\u2019amour [&hellip;]<\/p>\n","protected":false},"author":4,"featured_media":0,"parent":7248,"menu_order":0,"comment_status":"closed","ping_status":"closed","template":"","meta":{"_et_pb_use_builder":"on","_et_pb_old_content":"<!-- wp:divi\/placeholder \/-->","_et_gb_content_width":"","footnotes":""},"class_list":["post-7259","page","type-page","status-publish","hentry"],"_links":{"self":[{"href":"https:\/\/catholiques17.fr\/saintaigulin\/wp-json\/wp\/v2\/pages\/7259","targetHints":{"allow":["GET"]}}],"collection":[{"href":"https:\/\/catholiques17.fr\/saintaigulin\/wp-json\/wp\/v2\/pages"}],"about":[{"href":"https:\/\/catholiques17.fr\/saintaigulin\/wp-json\/wp\/v2\/types\/page"}],"author":[{"embeddable":true,"href":"https:\/\/catholiques17.fr\/saintaigulin\/wp-json\/wp\/v2\/users\/4"}],"replies":[{"embeddable":true,"href":"https:\/\/catholiques17.fr\/saintaigulin\/wp-json\/wp\/v2\/comments?post=7259"}],"version-history":[{"count":10,"href":"https:\/\/catholiques17.fr\/saintaigulin\/wp-json\/wp\/v2\/pages\/7259\/revisions"}],"predecessor-version":[{"id":9759,"href":"https:\/\/catholiques17.fr\/saintaigulin\/wp-json\/wp\/v2\/pages\/7259\/revisions\/9759"}],"up":[{"embeddable":true,"href":"https:\/\/catholiques17.fr\/saintaigulin\/wp-json\/wp\/v2\/pages\/7248"}],"wp:attachment":[{"href":"https:\/\/catholiques17.fr\/saintaigulin\/wp-json\/wp\/v2\/media?parent=7259"}],"curies":[{"name":"wp","href":"https:\/\/api.w.org\/{rel}","templated":true}]}}

<p>[et_pb_section fb_built= »1&Prime; _builder_version= »4.16&Prime; _module_preset= »default » custom_padding= »5px||||| » global_colors_info= »{} » theme_builder_area= »post_content »][et_pb_row _builder_version= »4.21.0&Prime; _module_preset= »default » custom_padding= »6px||||| » global_colors_info= »{} » theme_builder_area= »post_content »][et_pb_column type= »4_4&Prime; _builder_version= »4.21.0&Prime; _module_preset= »default » global_colors_info= »{} » theme_builder_area= »post_content »][et_pb_image src= »https://catholiques17.fr/saintaigulin/wp-content/uploads/sites/49/2024/10/Confirmation-2.jpeg » title_text= »Confirmation (2) » _builder_version= »4.21.0&Prime; _module_preset= »default » animation_style= »slide » border_radii= »on|20px|20px|20px|20px » global_colors_info= »{} » theme_builder_area= »post_content »][/et_pb_image][/et_pb_column][/et_pb_row][et_pb_row _builder_version= »4.16&Prime; _module_preset= »default » global_colors_info= »{} » theme_builder_area= »post_content »][et_pb_column type= »4_4&Prime; _builder_version= »4.16&Prime; _module_preset= »default » global_colors_info= »{} » theme_builder_area= »post_content »][et_pb_text _builder_version= »4.21.0&Prime; _module_preset= »default » global_colors_info= »{} » theme_builder_area= »post_content »]</p>
<p style="text-align: justify"><strong>La confirmation est un sacrement. Recevoir la confirmation, c’est recevoir les dons de l’Esprit Saint, promesse d’une vie enracinée en Christ. En recevant ce sacrement, le chrétien répond à l’amour que Dieu lui porte et s’engage à en être le témoin.</strong></p>
<p>[/et_pb_text][/et_pb_column][/et_pb_row][et_pb_row _builder_version= »4.16&Prime; _module_preset= »default » custom_padding= »7px||||| » global_colors_info= »{} » theme_builder_area= »post_content »][et_pb_column type= »4_4&Prime; _builder_version= »4.16&Prime; _module_preset= »default » global_colors_info= »{} » theme_builder_area= »post_content »][et_pb_text _builder_version= »4.21.0&Prime; _module_preset= »default » global_colors_info= »{} » theme_builder_area= »post_content »]</p>
<div class="et_pb_module et_pb_text et_pb_text_1  et_pb_text_align_left et_pb_bg_layout_light">
<div class="et_pb_text_inner">
<p>Au temps de l’adolescence et à l’âge adulte, la démarche de préparation s’étale sur une ou deux années. Une rencontre commune avec l’évêque pour un temps d’approfondissement et de catéchèse permet aux futurs confirmés et à leurs accompagnateurs de vivre une expérience forte d’Église diocésaine. Une journée diocésaine se déroule chaque année avec ceux qui se préparent à la confirmation.</p>
</div>
</div>
<div class="et_pb_module et_pb_text et_pb_text_2  et_pb_text_align_left et_pb_bg_layout_light">
<div class="et_pb_text_inner">
<p><strong>“Sois marqué de l’Esprit saint, le don de Dieu” :<span> </span></strong>telle est la parole prononcée par celui qui confirme et impose la main pour l’onction d’huile, c’est une parole très forte. Par la confirmation, le baptisé reçoit la marque de l’Esprit du Père et du Fils. Il l’a déjà reçue quand il plongeait dans l’eau du baptême, il continue de la recevoir par l’onction de la confirmation. Cette marque est comme une trace indélébile qui exprime un don de Dieu, le don qu’il fait au baptisé de sa propre vie, de son propre esprit, de sa puissance d’amour et de vie.</p>
<p>Dans la confirmation, nous sommes marqués par un geste d’onction, avec de l’huile parfumée, qu’on appelle “saint-chrême”, un geste plein de douceur. Les mots “christ” et “chrême” ont la même racine. Est “christ” celui qui a reçu l’onction d’huile.</p>
</div>
</div>
<p>[/et_pb_text][/et_pb_column][/et_pb_row][et_pb_row _builder_version= »4.21.0&Prime; _module_preset= »default » global_colors_info= »{} » theme_builder_area= »post_content »][et_pb_column type= »4_4&Prime; _builder_version= »4.21.0&Prime; _module_preset= »default » global_colors_info= »{} » theme_builder_area= »post_content »][et_pb_divider color= »#F49A24&Prime; divider_weight= »2px » _builder_version= »4.21.0&Prime; _module_preset= »default » global_colors_info= »{} » theme_builder_area= »post_content »][/et_pb_divider][/et_pb_column][/et_pb_row][et_pb_row _builder_version= »4.27.4&Prime; _module_preset= »default » background_color= »#0068A0&Prime; border_radii= »off||20px||20px » global_colors_info= »{} » theme_builder_area= »post_content »][et_pb_column type= »4_4&Prime; _builder_version= »4.21.0&Prime; _module_preset= »default » global_colors_info= »{} » theme_builder_area= »post_content »][et_pb_text _builder_version= »4.27.4&Prime; _module_preset= »default » global_colors_info= »{} » theme_builder_area= »post_content »]</p>
<h4 style="text-align: center;"><span style="color: #ffffff;">Vous souhaitez obtenir des informations pour vous préparer </span></h4>
<h4 style="text-align: center;"><span style="color: #ffffff;">ou préparer votre enfant au sacrement  de la confirmation ? </span></h4>
<h4 style="text-align: center;"><span style="color: #ffffff;"></span></h4>
<h4 style="text-align: center;"><span style="color: #ffffff;">Contactez- nous :</span></h4>
<h4 style="text-align: center;"></h4>
<h4 style="text-align: center;"></h4>
<h4 style="text-align: center;"><span style="color: #ffffff;"><a href="mailto:paroisse.saintaigulin@orange.fr" target="_blank" rel="noopener" style="color: #ffffff;"></a></span></h4>
<h4 style="text-align: center;"><span style="color: #ffffff;">P. Bernard HOUSSET : 06 89 03 03 69</span><span style="color: #ffffff;"><strong></strong></span></h4>
<h4 style="text-align: center;"><span style="color: #ffffff;">Maison paroissiale : 05 46 04 80 50</span></h4>
<p>[/et_pb_text][/et_pb_column][/et_pb_row][/et_pb_section]</p>

<p>La confirmation est un sacrement. Recevoir la confirmation, c’est recevoir les dons de l’Esprit Saint, promesse d’une vie enracinée en Christ. En recevant ce sacrement, le chrétien répond à l’amour [&hellip;]</p>
