{"id":5214,"date":"2022-04-07T20:02:43","date_gmt":"2022-04-07T18:02:43","guid":{"rendered":"https:\/\/catholiques17.fr\/saintaigulin\/?page_id=5214"},"modified":"2025-12-08T12:06:46","modified_gmt":"2025-12-08T11:06:46","slug":"le-pretre","status":"publish","type":"page","link":"https:\/\/catholiques17.fr\/saintaigulin\/paroisse\/le-pretre\/","title":{"rendered":"Le pr\u00eatre"},"content":{"rendered":"<p>[et_pb_section fb_built=\u00a0\u00bb1&Prime; _builder_version=\u00a0\u00bb4.16&Prime; _module_preset=\u00a0\u00bbdefault\u00a0\u00bb custom_padding=\u00a0\u00bb3px|||||\u00a0\u00bb global_colors_info=\u00a0\u00bb{}\u00a0\u00bb theme_builder_area=\u00a0\u00bbpost_content\u00a0\u00bb][et_pb_row column_structure=\u00a0\u00bb2_5,3_5&Prime; _builder_version=\u00a0\u00bb4.21.0&Prime; _module_preset=\u00a0\u00bbdefault\u00a0\u00bb global_colors_info=\u00a0\u00bb{}\u00a0\u00bb theme_builder_area=\u00a0\u00bbpost_content\u00a0\u00bb][et_pb_column type=\u00a0\u00bb2_5&Prime; _builder_version=\u00a0\u00bb4.21.0&Prime; _module_preset=\u00a0\u00bbdefault\u00a0\u00bb global_colors_info=\u00a0\u00bb{}\u00a0\u00bb theme_builder_area=\u00a0\u00bbpost_content\u00a0\u00bb][et_pb_image src=\u00a0\u00bbhttps:\/\/catholiques17.fr\/saintaigulin\/wp-content\/uploads\/sites\/49\/2025\/10\/houssetbernard.jpg\u00a0\u00bb title_text=\u00a0\u00bbAnnuaire2020.pub\u00a0\u00bb _builder_version=\u00a0\u00bb4.27.4&Prime; _module_preset=\u00a0\u00bbdefault\u00a0\u00bb animation_style=\u00a0\u00bbslide\u00a0\u00bb animation_duration=\u00a0\u00bb950ms\u00a0\u00bb border_radii=\u00a0\u00bbon|20px|20px|20px|20px\u00a0\u00bb border_color_all=\u00a0\u00bb#F49A24&Prime; global_colors_info=\u00a0\u00bb{}\u00a0\u00bb theme_builder_area=\u00a0\u00bbpost_content\u00a0\u00bb][\/et_pb_image][\/et_pb_column][et_pb_column type=\u00a0\u00bb3_5&Prime; _builder_version=\u00a0\u00bb4.21.0&Prime; _module_preset=\u00a0\u00bbdefault\u00a0\u00bb global_colors_info=\u00a0\u00bb{}\u00a0\u00bb theme_builder_area=\u00a0\u00bbpost_content\u00a0\u00bb][et_pb_text _builder_version=\u00a0\u00bb4.27.4&Prime; _module_preset=\u00a0\u00bbdefault\u00a0\u00bb global_colors_info=\u00a0\u00bb{}\u00a0\u00bb theme_builder_area=\u00a0\u00bbpost_content\u00a0\u00bb]<\/p>\n<p style=\"text-align: justify;\"><span>Le p\u00e8re Bernard Housset a \u00e9t\u00e9 \u00e9v\u00eaque de La Rochelle de 2007 \u00e0 2016. Atteint par la limite d\u2019\u00e2ge il est, depuis mai 2016, \u00e9v\u00eaque \u00e9m\u00e9rite du dioc\u00e8se de La Rochelle. Il est actuellement administrateur du secteur pastoral de Saint-Aigulin, depuis mai 2016.<\/span><\/p>\n<p style=\"text-align: justify;\">[\/et_pb_text][et_pb_text _builder_version=\u00a0\u00bb4.27.4&Prime; _module_preset=\u00a0\u00bbdefault\u00a0\u00bb theme_builder_area=\u00a0\u00bbpost_content\u00a0\u00bb hover_enabled=\u00a0\u00bb0&Prime; sticky_enabled=\u00a0\u00bb0&Prime;]<\/p>\n<p><span style=\"text-decoration: underline;\">Vous pouvez contacter<\/span> le p\u00e8re Bernard par mail : <a href=\"mailto:bernardhousset@diocese17.fr\">bernardhousset@diocese17.fr<\/a> ou en l&rsquo;appelant au 06 89 03 03 69<\/p>\n<p>[\/et_pb_text][\/et_pb_column][\/et_pb_row][\/et_pb_section]<\/p>\n","protected":false},"excerpt":{"rendered":"<p>Le p\u00e8re Bernard Housset a \u00e9t\u00e9 \u00e9v\u00eaque de La Rochelle de 2007 \u00e0 2016. Atteint par la limite d\u2019\u00e2ge il est, depuis mai 2016, \u00e9v\u00eaque \u00e9m\u00e9rite du dioc\u00e8se de La [&hellip;]<\/p>\n","protected":false},"author":4,"featured_media":0,"parent":9055,"menu_order":0,"comment_status":"closed","ping_status":"closed","template":"","meta":{"_et_pb_use_builder":"on","_et_pb_old_content":"<!-- wp:divi\/placeholder \/-->","_et_gb_content_width":"","footnotes":""},"class_list":["post-5214","page","type-page","status-publish","hentry"],"_links":{"self":[{"href":"https:\/\/catholiques17.fr\/saintaigulin\/wp-json\/wp\/v2\/pages\/5214","targetHints":{"allow":["GET"]}}],"collection":[{"href":"https:\/\/catholiques17.fr\/saintaigulin\/wp-json\/wp\/v2\/pages"}],"about":[{"href":"https:\/\/catholiques17.fr\/saintaigulin\/wp-json\/wp\/v2\/types\/page"}],"author":[{"embeddable":true,"href":"https:\/\/catholiques17.fr\/saintaigulin\/wp-json\/wp\/v2\/users\/4"}],"replies":[{"embeddable":true,"href":"https:\/\/catholiques17.fr\/saintaigulin\/wp-json\/wp\/v2\/comments?post=5214"}],"version-history":[{"count":25,"href":"https:\/\/catholiques17.fr\/saintaigulin\/wp-json\/wp\/v2\/pages\/5214\/revisions"}],"predecessor-version":[{"id":9749,"href":"https:\/\/catholiques17.fr\/saintaigulin\/wp-json\/wp\/v2\/pages\/5214\/revisions\/9749"}],"up":[{"embeddable":true,"href":"https:\/\/catholiques17.fr\/saintaigulin\/wp-json\/wp\/v2\/pages\/9055"}],"wp:attachment":[{"href":"https:\/\/catholiques17.fr\/saintaigulin\/wp-json\/wp\/v2\/media?parent=5214"}],"curies":[{"name":"wp","href":"https:\/\/api.w.org\/{rel}","templated":true}]}}

Le prêtre

<p>[et_pb_section fb_built= »1&Prime; _builder_version= »4.16&Prime; _module_preset= »default » custom_padding= »3px||||| » global_colors_info= »{} » theme_builder_area= »post_content »][et_pb_row column_structure= »2_5,3_5&Prime; _builder_version= »4.21.0&Prime; _module_preset= »default » global_colors_info= »{} » theme_builder_area= »post_content »][et_pb_column type= »2_5&Prime; _builder_version= »4.21.0&Prime; _module_preset= »default » global_colors_info= »{} » theme_builder_area= »post_content »][et_pb_image src= »https://catholiques17.fr/saintaigulin/wp-content/uploads/sites/49/2025/10/houssetbernard.jpg » title_text= »Annuaire2020.pub » _builder_version= »4.27.4&Prime; _module_preset= »default » animation_style= »slide » animation_duration= »950ms » border_radii= »on|20px|20px|20px|20px » border_color_all= »#F49A24&Prime; global_colors_info= »{} » theme_builder_area= »post_content »][/et_pb_image][/et_pb_column][et_pb_column type= »3_5&Prime; _builder_version= »4.21.0&Prime; _module_preset= »default » global_colors_info= »{} » theme_builder_area= »post_content »][et_pb_text _builder_version= »4.27.4&Prime; _module_preset= »default » global_colors_info= »{} » theme_builder_area= »post_content »]</p>
<p style="text-align: justify;"><span>Le père Bernard Housset a été évêque de La Rochelle de 2007 à 2016. Atteint par la limite d’âge il est, depuis mai 2016, évêque émérite du diocèse de La Rochelle. Il est actuellement administrateur du secteur pastoral de Saint-Aigulin, depuis mai 2016.</span></p>
<p style="text-align: justify;">[/et_pb_text][et_pb_text _builder_version= »4.27.4&Prime; _module_preset= »default » theme_builder_area= »post_content » hover_enabled= »0&Prime; sticky_enabled= »0&Prime;]</p>
<p><span style="text-decoration: underline;">Vous pouvez contacter</span> le père Bernard par mail : <a href="mailto:bernardhousset@diocese17.fr">bernardhousset@diocese17.fr</a> ou en l&rsquo;appelant au 06 89 03 03 69</p>
<p>[/et_pb_text][/et_pb_column][/et_pb_row][/et_pb_section]</p>

<p>Le père Bernard Housset a été évêque de La Rochelle de 2007 à 2016. Atteint par la limite d’âge il est, depuis mai 2016, évêque émérite du diocèse de La [&hellip;]</p>
