{"id":9957,"date":"2025-04-11T11:49:50","date_gmt":"2025-04-11T09:49:50","guid":{"rendered":"https:\/\/catholiques17.fr\/saintagnant\/?post_type=tribe_events&#038;p=9957"},"modified":"2025-04-11T11:49:50","modified_gmt":"2025-04-11T09:49:50","slug":"messe-de-la-cene","status":"publish","type":"tribe_events","link":"https:\/\/catholiques17.fr\/saintagnant\/?tribe_events=messe-de-la-cene","title":{"rendered":"MESSE DE LA CENE"},"content":{"rendered":"<h4>MESSE DE LA CENE : C\u00e9l\u00e9bration de la C\u00e8ne du Seigneur.<\/h4>\n<h4>Vous aussi, vous devez vous laver les pieds les uns aux autres<br \/>\n(Jean 13,14)<\/h4>\n<h4>\nA l\u2019\u00e9glise ND de l\u2019Assomption \u00e0 d\u2019Echillais \u00e0 19h00.<\/h4>\n","protected":false},"excerpt":{"rendered":"<p>MESSE DE LA CENE : C\u00e9l\u00e9bration de la C\u00e8ne du Seigneur. Vous aussi, vous devez vous laver les pieds les uns aux autres (Jean 13,14) A l\u2019\u00e9glise ND de l\u2019Assomption [&hellip;]<\/p>\n","protected":false},"author":72,"featured_media":5265,"template":"","meta":{"_et_pb_use_builder":"","_et_pb_old_content":"","_et_gb_content_width":"","_tribe_events_status":"","_tribe_events_status_reason":"","footnotes":""},"tags":[],"tribe_events_cat":[28],"class_list":["post-9957","tribe_events","type-tribe_events","status-publish","has-post-thumbnail","hentry","tribe_events_cat-ceremonie","cat_ceremonie"],"_links":{"self":[{"href":"https:\/\/catholiques17.fr\/saintagnant\/index.php?rest_route=\/wp\/v2\/tribe_events\/9957","targetHints":{"allow":["GET"]}}],"collection":[{"href":"https:\/\/catholiques17.fr\/saintagnant\/index.php?rest_route=\/wp\/v2\/tribe_events"}],"about":[{"href":"https:\/\/catholiques17.fr\/saintagnant\/index.php?rest_route=\/wp\/v2\/types\/tribe_events"}],"author":[{"embeddable":true,"href":"https:\/\/catholiques17.fr\/saintagnant\/index.php?rest_route=\/wp\/v2\/users\/72"}],"version-history":[{"count":2,"href":"https:\/\/catholiques17.fr\/saintagnant\/index.php?rest_route=\/wp\/v2\/tribe_events\/9957\/revisions"}],"predecessor-version":[{"id":9959,"href":"https:\/\/catholiques17.fr\/saintagnant\/index.php?rest_route=\/wp\/v2\/tribe_events\/9957\/revisions\/9959"}],"wp:featuredmedia":[{"embeddable":true,"href":"https:\/\/catholiques17.fr\/saintagnant\/index.php?rest_route=\/wp\/v2\/media\/5265"}],"wp:attachment":[{"href":"https:\/\/catholiques17.fr\/saintagnant\/index.php?rest_route=%2Fwp%2Fv2%2Fmedia&parent=9957"}],"wp:term":[{"taxonomy":"post_tag","embeddable":true,"href":"https:\/\/catholiques17.fr\/saintagnant\/index.php?rest_route=%2Fwp%2Fv2%2Ftags&post=9957"},{"taxonomy":"tribe_events_cat","embeddable":true,"href":"https:\/\/catholiques17.fr\/saintagnant\/index.php?rest_route=%2Fwp%2Fv2%2Ftribe_events_cat&post=9957"}],"curies":[{"name":"wp","href":"https:\/\/api.w.org\/{rel}","templated":true}]}}

<h4>MESSE DE LA CENE : Célébration de la Cène du Seigneur.</h4>
<h4>Vous aussi, vous devez vous laver les pieds les uns aux autres<br />
(Jean 13,14)</h4>
<h4>
A l’église ND de l’Assomption à d’Echillais à 19h00.</h4>

<p>MESSE DE LA CENE : Célébration de la Cène du Seigneur. Vous aussi, vous devez vous laver les pieds les uns aux autres (Jean 13,14) A l’église ND de l’Assomption [&hellip;]</p>
