{"id":9954,"date":"2025-04-11T11:44:34","date_gmt":"2025-04-11T09:44:34","guid":{"rendered":"https:\/\/catholiques17.fr\/saintagnant\/?post_type=tribe_events&#038;p=9954"},"modified":"2025-04-11T11:44:34","modified_gmt":"2025-04-11T09:44:34","slug":"messe-dominicale-7","status":"publish","type":"tribe_events","link":"https:\/\/catholiques17.fr\/saintagnant\/?tribe_events=messe-dominicale-7","title":{"rendered":"Messe dominicale"},"content":{"rendered":"<h4>DIMANCHE DES RAMEAUX ET DE LA PASSION : B\u00e9n\u00e9diction des rameaux \u00e0 la Croix Hosanni\u00e8re \u00e0 Mo\u00ebze \u00e0 10h30.<\/h4>\n<h4>\nSUVIE DE LA MESSE : A l\u2019\u00e9glise St Pierre \u00e0 Mo\u00ebze \u00e0 11h00.<\/h4>\n","protected":false},"excerpt":{"rendered":"<p>DIMANCHE DES RAMEAUX ET DE LA PASSION : B\u00e9n\u00e9diction des rameaux \u00e0 la Croix Hosanni\u00e8re \u00e0 Mo\u00ebze \u00e0 10h30. SUVIE DE LA MESSE : A l\u2019\u00e9glise St Pierre \u00e0 Mo\u00ebze [&hellip;]<\/p>\n","protected":false},"author":72,"featured_media":7502,"template":"","meta":{"_et_pb_use_builder":"","_et_pb_old_content":"","_et_gb_content_width":"","_tribe_events_status":"","_tribe_events_status_reason":"","footnotes":""},"tags":[],"tribe_events_cat":[28],"class_list":["post-9954","tribe_events","type-tribe_events","status-publish","has-post-thumbnail","hentry","tribe_events_cat-ceremonie","cat_ceremonie"],"_links":{"self":[{"href":"https:\/\/catholiques17.fr\/saintagnant\/index.php?rest_route=\/wp\/v2\/tribe_events\/9954","targetHints":{"allow":["GET"]}}],"collection":[{"href":"https:\/\/catholiques17.fr\/saintagnant\/index.php?rest_route=\/wp\/v2\/tribe_events"}],"about":[{"href":"https:\/\/catholiques17.fr\/saintagnant\/index.php?rest_route=\/wp\/v2\/types\/tribe_events"}],"author":[{"embeddable":true,"href":"https:\/\/catholiques17.fr\/saintagnant\/index.php?rest_route=\/wp\/v2\/users\/72"}],"version-history":[{"count":2,"href":"https:\/\/catholiques17.fr\/saintagnant\/index.php?rest_route=\/wp\/v2\/tribe_events\/9954\/revisions"}],"predecessor-version":[{"id":9956,"href":"https:\/\/catholiques17.fr\/saintagnant\/index.php?rest_route=\/wp\/v2\/tribe_events\/9954\/revisions\/9956"}],"wp:featuredmedia":[{"embeddable":true,"href":"https:\/\/catholiques17.fr\/saintagnant\/index.php?rest_route=\/wp\/v2\/media\/7502"}],"wp:attachment":[{"href":"https:\/\/catholiques17.fr\/saintagnant\/index.php?rest_route=%2Fwp%2Fv2%2Fmedia&parent=9954"}],"wp:term":[{"taxonomy":"post_tag","embeddable":true,"href":"https:\/\/catholiques17.fr\/saintagnant\/index.php?rest_route=%2Fwp%2Fv2%2Ftags&post=9954"},{"taxonomy":"tribe_events_cat","embeddable":true,"href":"https:\/\/catholiques17.fr\/saintagnant\/index.php?rest_route=%2Fwp%2Fv2%2Ftribe_events_cat&post=9954"}],"curies":[{"name":"wp","href":"https:\/\/api.w.org\/{rel}","templated":true}]}}

<h4>DIMANCHE DES RAMEAUX ET DE LA PASSION : Bénédiction des rameaux à la Croix Hosannière à Moëze à 10h30.</h4>
<h4>
SUVIE DE LA MESSE : A l’église St Pierre à Moëze à 11h00.</h4>

<p>DIMANCHE DES RAMEAUX ET DE LA PASSION : Bénédiction des rameaux à la Croix Hosannière à Moëze à 10h30. SUVIE DE LA MESSE : A l’église St Pierre à Moëze [&hellip;]</p>
