{"id":9922,"date":"2025-03-31T16:46:39","date_gmt":"2025-03-31T14:46:39","guid":{"rendered":"https:\/\/catholiques17.fr\/saintagnant\/?post_type=tribe_events&#038;p=9922"},"modified":"2025-04-21T12:35:19","modified_gmt":"2025-04-21T10:35:19","slug":"exposition-les-oiseaux-du-marais-a-echillais","status":"publish","type":"tribe_events","link":"https:\/\/catholiques17.fr\/saintagnant\/?tribe_events=exposition-les-oiseaux-du-marais-a-echillais","title":{"rendered":"Exposition : les oiseaux du marais \u00e0 \u00c9chillais"},"content":{"rendered":"<h3>Exposition : les oiseaux du marais\u00a0\u00e0 \u00c9chillais<\/h3>\n<h4>Exposition sur le th\u00e8me des oiseaux du marais du Photographe Antoine DUSART<\/h4>\n<h4>et de la peintre et c\u00e9ramiste Nicole PORTE<\/h4>\n<h4 class=\"single-subtitle\"><em><strong>Adresse :<\/strong><\/em> L&rsquo;escale Bar \u00e0 manger de Martrou, 1 rue du Bac, 17620 \u00c9chillais<\/h4>\n","protected":false},"excerpt":{"rendered":"<p>Exposition : les oiseaux du marais\u00a0\u00e0 \u00c9chillais Exposition sur le th\u00e8me des oiseaux du marais du Photographe Antoine DUSART et de la peintre et c\u00e9ramiste Nicole PORTE Adresse : L&rsquo;escale [&hellip;]<\/p>\n","protected":false},"author":72,"featured_media":9923,"template":"","meta":{"_et_pb_use_builder":"","_et_pb_old_content":"","_et_gb_content_width":"","_tribe_events_status":"","_tribe_events_status_reason":"","footnotes":""},"tags":[],"tribe_events_cat":[26],"class_list":["post-9922","tribe_events","type-tribe_events","status-publish","has-post-thumbnail","hentry","tribe_events_cat-rencontres","cat_rencontres"],"_links":{"self":[{"href":"https:\/\/catholiques17.fr\/saintagnant\/index.php?rest_route=\/wp\/v2\/tribe_events\/9922","targetHints":{"allow":["GET"]}}],"collection":[{"href":"https:\/\/catholiques17.fr\/saintagnant\/index.php?rest_route=\/wp\/v2\/tribe_events"}],"about":[{"href":"https:\/\/catholiques17.fr\/saintagnant\/index.php?rest_route=\/wp\/v2\/types\/tribe_events"}],"author":[{"embeddable":true,"href":"https:\/\/catholiques17.fr\/saintagnant\/index.php?rest_route=\/wp\/v2\/users\/72"}],"version-history":[{"count":2,"href":"https:\/\/catholiques17.fr\/saintagnant\/index.php?rest_route=\/wp\/v2\/tribe_events\/9922\/revisions"}],"predecessor-version":[{"id":9926,"href":"https:\/\/catholiques17.fr\/saintagnant\/index.php?rest_route=\/wp\/v2\/tribe_events\/9922\/revisions\/9926"}],"wp:featuredmedia":[{"embeddable":true,"href":"https:\/\/catholiques17.fr\/saintagnant\/index.php?rest_route=\/wp\/v2\/media\/9923"}],"wp:attachment":[{"href":"https:\/\/catholiques17.fr\/saintagnant\/index.php?rest_route=%2Fwp%2Fv2%2Fmedia&parent=9922"}],"wp:term":[{"taxonomy":"post_tag","embeddable":true,"href":"https:\/\/catholiques17.fr\/saintagnant\/index.php?rest_route=%2Fwp%2Fv2%2Ftags&post=9922"},{"taxonomy":"tribe_events_cat","embeddable":true,"href":"https:\/\/catholiques17.fr\/saintagnant\/index.php?rest_route=%2Fwp%2Fv2%2Ftribe_events_cat&post=9922"}],"curies":[{"name":"wp","href":"https:\/\/api.w.org\/{rel}","templated":true}]}}

Exposition : les oiseaux du marais à Échillais

<h3>Exposition : les oiseaux du marais à Échillais</h3>
<h4>Exposition sur le thème des oiseaux du marais du Photographe Antoine DUSART</h4>
<h4>et de la peintre et céramiste Nicole PORTE</h4>
<h4 class="single-subtitle"><em><strong>Adresse :</strong></em> L&rsquo;escale Bar à manger de Martrou, 1 rue du Bac, 17620 Échillais</h4>

<p>Exposition : les oiseaux du marais à Échillais Exposition sur le thème des oiseaux du marais du Photographe Antoine DUSART et de la peintre et céramiste Nicole PORTE Adresse : L&rsquo;escale [&hellip;]</p>
