{"id":9920,"date":"2025-03-30T21:21:30","date_gmt":"2025-03-30T19:21:30","guid":{"rendered":"https:\/\/catholiques17.fr\/saintagnant\/?post_type=tribe_events&#038;p=9920"},"modified":"2025-03-31T17:13:36","modified_gmt":"2025-03-31T15:13:36","slug":"brocante-a-echillais","status":"publish","type":"tribe_events","link":"https:\/\/catholiques17.fr\/saintagnant\/?tribe_events=brocante-a-echillais","title":{"rendered":"Brocante \u00e0 Echillais"},"content":{"rendered":"<h4>Brocante \u00e0 Echillais le 13 avril<\/h4>\n<h4 class=\"single-subtitle\">Adresse : Terrain Cynophile, les carri\u00e8res noires, 17620 \u00c9chillais<\/h4>\n","protected":false},"excerpt":{"rendered":"<p>Brocante \u00e0 Echillais le 13 avril Adresse : Terrain Cynophile, les carri\u00e8res noires, 17620 \u00c9chillais<\/p>\n","protected":false},"author":72,"featured_media":9918,"template":"","meta":{"_et_pb_use_builder":"","_et_pb_old_content":"","_et_gb_content_width":"","_tribe_events_status":"","_tribe_events_status_reason":"","footnotes":""},"tags":[],"tribe_events_cat":[26],"class_list":["post-9920","tribe_events","type-tribe_events","status-publish","has-post-thumbnail","hentry","tribe_events_cat-rencontres","cat_rencontres"],"_links":{"self":[{"href":"https:\/\/catholiques17.fr\/saintagnant\/index.php?rest_route=\/wp\/v2\/tribe_events\/9920","targetHints":{"allow":["GET"]}}],"collection":[{"href":"https:\/\/catholiques17.fr\/saintagnant\/index.php?rest_route=\/wp\/v2\/tribe_events"}],"about":[{"href":"https:\/\/catholiques17.fr\/saintagnant\/index.php?rest_route=\/wp\/v2\/types\/tribe_events"}],"author":[{"embeddable":true,"href":"https:\/\/catholiques17.fr\/saintagnant\/index.php?rest_route=\/wp\/v2\/users\/72"}],"version-history":[{"count":1,"href":"https:\/\/catholiques17.fr\/saintagnant\/index.php?rest_route=\/wp\/v2\/tribe_events\/9920\/revisions"}],"predecessor-version":[{"id":9921,"href":"https:\/\/catholiques17.fr\/saintagnant\/index.php?rest_route=\/wp\/v2\/tribe_events\/9920\/revisions\/9921"}],"wp:featuredmedia":[{"embeddable":true,"href":"https:\/\/catholiques17.fr\/saintagnant\/index.php?rest_route=\/wp\/v2\/media\/9918"}],"wp:attachment":[{"href":"https:\/\/catholiques17.fr\/saintagnant\/index.php?rest_route=%2Fwp%2Fv2%2Fmedia&parent=9920"}],"wp:term":[{"taxonomy":"post_tag","embeddable":true,"href":"https:\/\/catholiques17.fr\/saintagnant\/index.php?rest_route=%2Fwp%2Fv2%2Ftags&post=9920"},{"taxonomy":"tribe_events_cat","embeddable":true,"href":"https:\/\/catholiques17.fr\/saintagnant\/index.php?rest_route=%2Fwp%2Fv2%2Ftribe_events_cat&post=9920"}],"curies":[{"name":"wp","href":"https:\/\/api.w.org\/{rel}","templated":true}]}}

Brocante à Echillais

<h4>Brocante à Echillais le 13 avril</h4>
<h4 class="single-subtitle">Adresse : Terrain Cynophile, les carrières noires, 17620 Échillais</h4>

<p>Brocante à Echillais le 13 avril Adresse : Terrain Cynophile, les carrières noires, 17620 Échillais</p>
