{"id":9747,"date":"2025-01-19T16:23:59","date_gmt":"2025-01-19T15:23:59","guid":{"rendered":"https:\/\/catholiques17.fr\/saintagnant\/?post_type=tribe_events&#038;p=9747"},"modified":"2025-01-19T16:23:59","modified_gmt":"2025-01-19T15:23:59","slug":"halte-spirituelle-de-conversion-ecologique","status":"publish","type":"tribe_events","link":"https:\/\/catholiques17.fr\/saintagnant\/?tribe_events=halte-spirituelle-de-conversion-ecologique","title":{"rendered":"Halte spirituelle de conversion \u00e9cologique"},"content":{"rendered":"<h1>Halte spirituelle de conversion \u00e9cologique<\/h1>\n<p>&nbsp;<\/p>\n<h3>Cheminer ensemble avec Laudato Si, avec la Bible<\/h3>\n<h3>Faire des exp\u00e9riences dans une d\u00e9marche de recherche spirituelle personnelle et collective<\/h3>\n<h3>Prier de diverses mani\u00e8res<\/h3>\n<h3>Faire corps avec la nature<\/h3>\n<p>&nbsp;<\/p>\n<p>Journ\u00e9e organis\u00e9e par Eco Chr\u00e9tiens 17 :\u00a0<a href=\"mailto:ecochretiens17@gmail.com\">ecochretiens17@gmail.com<\/a>\u00a0\u2013\u00a0<a href=\"https:\/\/catholiques17.fr\/ecochretiens17\">catholiques17.fr\/ecochretiens17<\/a><\/p>\n","protected":false},"excerpt":{"rendered":"<p>Halte spirituelle de conversion \u00e9cologique &nbsp; Cheminer ensemble avec Laudato Si, avec la Bible Faire des exp\u00e9riences dans une d\u00e9marche de recherche spirituelle personnelle et collective Prier de diverses mani\u00e8res [&hellip;]<\/p>\n","protected":false},"author":72,"featured_media":9748,"template":"","meta":{"_et_pb_use_builder":"","_et_pb_old_content":"","_et_gb_content_width":"","_tribe_events_status":"","_tribe_events_status_reason":"","footnotes":""},"tags":[],"tribe_events_cat":[28,26],"class_list":["post-9747","tribe_events","type-tribe_events","status-publish","has-post-thumbnail","hentry","tribe_events_cat-ceremonie","tribe_events_cat-rencontres","cat_ceremonie","cat_rencontres"],"_links":{"self":[{"href":"https:\/\/catholiques17.fr\/saintagnant\/index.php?rest_route=\/wp\/v2\/tribe_events\/9747","targetHints":{"allow":["GET"]}}],"collection":[{"href":"https:\/\/catholiques17.fr\/saintagnant\/index.php?rest_route=\/wp\/v2\/tribe_events"}],"about":[{"href":"https:\/\/catholiques17.fr\/saintagnant\/index.php?rest_route=\/wp\/v2\/types\/tribe_events"}],"author":[{"embeddable":true,"href":"https:\/\/catholiques17.fr\/saintagnant\/index.php?rest_route=\/wp\/v2\/users\/72"}],"version-history":[{"count":1,"href":"https:\/\/catholiques17.fr\/saintagnant\/index.php?rest_route=\/wp\/v2\/tribe_events\/9747\/revisions"}],"predecessor-version":[{"id":9749,"href":"https:\/\/catholiques17.fr\/saintagnant\/index.php?rest_route=\/wp\/v2\/tribe_events\/9747\/revisions\/9749"}],"wp:featuredmedia":[{"embeddable":true,"href":"https:\/\/catholiques17.fr\/saintagnant\/index.php?rest_route=\/wp\/v2\/media\/9748"}],"wp:attachment":[{"href":"https:\/\/catholiques17.fr\/saintagnant\/index.php?rest_route=%2Fwp%2Fv2%2Fmedia&parent=9747"}],"wp:term":[{"taxonomy":"post_tag","embeddable":true,"href":"https:\/\/catholiques17.fr\/saintagnant\/index.php?rest_route=%2Fwp%2Fv2%2Ftags&post=9747"},{"taxonomy":"tribe_events_cat","embeddable":true,"href":"https:\/\/catholiques17.fr\/saintagnant\/index.php?rest_route=%2Fwp%2Fv2%2Ftribe_events_cat&post=9747"}],"curies":[{"name":"wp","href":"https:\/\/api.w.org\/{rel}","templated":true}]}}

Halte spirituelle de conversion écologique

<h1>Halte spirituelle de conversion écologique</h1>
<p>&nbsp;</p>
<h3>Cheminer ensemble avec Laudato Si, avec la Bible</h3>
<h3>Faire des expériences dans une démarche de recherche spirituelle personnelle et collective</h3>
<h3>Prier de diverses manières</h3>
<h3>Faire corps avec la nature</h3>
<p>&nbsp;</p>
<p>Journée organisée par Eco Chrétiens 17 : <a href="mailto:ecochretiens17@gmail.com">ecochretiens17@gmail.com</a> – <a href="https://catholiques17.fr/ecochretiens17">catholiques17.fr/ecochretiens17</a></p>

<p>Halte spirituelle de conversion écologique &nbsp; Cheminer ensemble avec Laudato Si, avec la Bible Faire des expériences dans une démarche de recherche spirituelle personnelle et collective Prier de diverses manières [&hellip;]</p>
