{"id":6284,"date":"2021-11-19T03:18:16","date_gmt":"2021-11-19T02:18:16","guid":{"rendered":"https:\/\/catholiques17.fr\/saintagnant\/?page_id=6284"},"modified":"2024-12-05T15:33:40","modified_gmt":"2024-12-05T14:33:40","slug":"le-mot-du-pere-arockiya","status":"publish","type":"page","link":"https:\/\/catholiques17.fr\/saintagnant\/?page_id=6284","title":{"rendered":"Le mot du P\u00e8re Arockiya"},"content":{"rendered":"<p>[et_pb_section fb_built=\u00a0\u00bb1&Prime; _builder_version=\u00a0\u00bb4.16&Prime; _module_preset=\u00a0\u00bbdefault\u00a0\u00bb global_colors_info=\u00a0\u00bb{}\u00a0\u00bb theme_builder_area=\u00a0\u00bbpost_content\u00a0\u00bb][et_pb_row column_structure=\u00a0\u00bb1_2,1_2&Prime; _builder_version=\u00a0\u00bb4.16&Prime; _module_preset=\u00a0\u00bbdefault\u00a0\u00bb global_colors_info=\u00a0\u00bb{}\u00a0\u00bb theme_builder_area=\u00a0\u00bbpost_content\u00a0\u00bb][et_pb_column type=\u00a0\u00bb1_2&Prime; _builder_version=\u00a0\u00bb4.16&Prime; _module_preset=\u00a0\u00bbdefault\u00a0\u00bb global_colors_info=\u00a0\u00bb{}\u00a0\u00bb theme_builder_area=\u00a0\u00bbpost_content\u00a0\u00bb][et_pb_text _builder_version=\u00a0\u00bb4.16&Prime; _module_preset=\u00a0\u00bbdefault\u00a0\u00bb hover_enabled=\u00a0\u00bb0&Prime; global_colors_info=\u00a0\u00bb{}\u00a0\u00bb theme_builder_area=\u00a0\u00bbpost_content\u00a0\u00bb sticky_enabled=\u00a0\u00bb0&Prime;]<\/p>\n<h2><span style=\"color: #000080\"><strong>Bienvenue sur le site internet de la paroisse Saint Agnant\u00a0!!!<\/strong><\/span><\/h2>\n<p style=\"text-align: justify\"><strong><span style=\"color: #0000ff\">L\u2019Eglise est une grande famille\u00a0; compos\u00e9e des fr\u00e8res et s\u0153urs de diff\u00e9rentes origines, cultures, langues etc. Elle est plus grande que nous l\u2019imaginons\u00a0! elle est beaucoup plus grande que ceux qui fr\u00e9quente fid\u00e8lement une \u00e9glise (Lieu de culte et de rassemblement) pour l\u2019office de dimanches.<\/span><\/strong><\/p>\n<p style=\"text-align: justify\"><strong><span style=\"color: #0000ff\">Aujourd\u2019hui la mission de l\u2019Eglise, selon le Pape Fran\u00e7ois, est \u00ab\u00a0d\u2019Aller vers les p\u00e9riph\u00e9ries\u00a0\u00bb.<\/span><\/strong><\/p>\n<p style=\"text-align: justify\"><strong><span style=\"color: #0000ff\">La paroisse Saint Agnant est une grande famille. Avec ces huit clochers \u00ab\u00a0Beaugeay, Echillais, Mo\u00ebze, Port-des-Barques, Saint Agnant, Saint Froult, Saint-Nazaire sur Charente et Soubise\u00a0\u00bb, elle a une richesse dans sa diversit\u00e9. Une bonne communication est un \u00e9l\u00e9ment essentiel au c\u0153ur de cette grande famille. Il y a longtemps que nous avions le d\u00e9sir de cr\u00e9er le site internet de la paroisse, et enfin il est r\u00e9alis\u00e9\u00a0! Merci \u00e0 l\u2019Equipe Dioc\u00e9saine de la communication et particuli\u00e8rement \u00e0 Mme Claudie BOCCHI qui ont r\u00e9alis\u00e9 ce beau projet.<\/span><\/strong><\/p>\n<p style=\"text-align: justify\"><strong><span style=\"color: #0000ff\">Dans ce site vous trouverez les actualit\u00e9s, les horaires des messes, les infos sur les diff\u00e9rentes \u00e9quipes et les diff\u00e9rentes \u00e9glises de notre paroisse ainsi que toutes les informations pour vos d\u00e9marches. Je crois que ce site sera un lieu de partage et il nous permettra d\u2019\u00eatre en contact avec vous qui cherchez \u00e0 nous joindre, et aussi avec ceux et celles que nous croisons sur le chemin \u2026 gr\u00e2ce \u00e0 cet outil informatique nous serons en communion !<\/span><\/strong><\/p>\n<p style=\"text-align: justify\"><strong><span style=\"color: #0000ff\">\u00a0<\/span><\/strong><\/p>\n<p style=\"text-align: justify\"><strong><span style=\"color: #0000ff\">P\u00e8re Arockiya<\/span><\/strong><\/p>\n<p style=\"text-align: justify\"><strong><span style=\"color: #0000ff\">Cur\u00e9 de la Paroisse.<\/span><\/strong><\/p>\n<p>[\/et_pb_text][\/et_pb_column][et_pb_column type=\u00a0\u00bb1_2&Prime; _builder_version=\u00a0\u00bb4.16&Prime; _module_preset=\u00a0\u00bbdefault\u00a0\u00bb global_colors_info=\u00a0\u00bb{}\u00a0\u00bb theme_builder_area=\u00a0\u00bbpost_content\u00a0\u00bb][et_pb_image src=\u00a0\u00bbhttps:\/\/catholiques17.fr\/saintagnant\/wp-content\/uploads\/sites\/23\/2024\/06\/Pere-Arockiya.jpg\u00a0\u00bb title_text=\u00a0\u00bbP\u00e8re Arockiya\u00a0\u00bb _builder_version=\u00a0\u00bb4.21.0&Prime; _module_preset=\u00a0\u00bbdefault\u00a0\u00bb border_radii=\u00a0\u00bbon|20px|20px|20px|20px\u00a0\u00bb global_colors_info=\u00a0\u00bb{}\u00a0\u00bb theme_builder_area=\u00a0\u00bbpost_content\u00a0\u00bb][\/et_pb_image][\/et_pb_column][\/et_pb_row][et_pb_row column_structure=\u00a0\u00bb2_5,3_5&Prime; _builder_version=\u00a0\u00bb4.21.0&Prime; _module_preset=\u00a0\u00bbdefault\u00a0\u00bb global_colors_info=\u00a0\u00bb{}\u00a0\u00bb theme_builder_area=\u00a0\u00bbpost_content\u00a0\u00bb][et_pb_column type=\u00a0\u00bb2_5&Prime; _builder_version=\u00a0\u00bb4.21.0&Prime; _module_preset=\u00a0\u00bbdefault\u00a0\u00bb global_colors_info=\u00a0\u00bb{}\u00a0\u00bb theme_builder_area=\u00a0\u00bbpost_content\u00a0\u00bb][\/et_pb_column][et_pb_column type=\u00a0\u00bb3_5&Prime; _builder_version=\u00a0\u00bb4.21.0&Prime; _module_preset=\u00a0\u00bbdefault\u00a0\u00bb global_colors_info=\u00a0\u00bb{}\u00a0\u00bb theme_builder_area=\u00a0\u00bbpost_content\u00a0\u00bb][\/et_pb_column][\/et_pb_row][\/et_pb_section]<\/p>\n","protected":false},"excerpt":{"rendered":"<p>Bienvenue sur le site internet de la paroisse Saint Agnant\u00a0!!! L\u2019Eglise est une grande famille\u00a0; compos\u00e9e des fr\u00e8res et s\u0153urs de diff\u00e9rentes origines, cultures, langues etc. Elle est plus grande [&hellip;]<\/p>\n","protected":false},"author":34,"featured_media":0,"parent":5127,"menu_order":0,"comment_status":"closed","ping_status":"closed","template":"","meta":{"_et_pb_use_builder":"on","_et_pb_old_content":"","_et_gb_content_width":"","footnotes":""},"class_list":["post-6284","page","type-page","status-publish","hentry"],"_links":{"self":[{"href":"https:\/\/catholiques17.fr\/saintagnant\/index.php?rest_route=\/wp\/v2\/pages\/6284","targetHints":{"allow":["GET"]}}],"collection":[{"href":"https:\/\/catholiques17.fr\/saintagnant\/index.php?rest_route=\/wp\/v2\/pages"}],"about":[{"href":"https:\/\/catholiques17.fr\/saintagnant\/index.php?rest_route=\/wp\/v2\/types\/page"}],"author":[{"embeddable":true,"href":"https:\/\/catholiques17.fr\/saintagnant\/index.php?rest_route=\/wp\/v2\/users\/34"}],"replies":[{"embeddable":true,"href":"https:\/\/catholiques17.fr\/saintagnant\/index.php?rest_route=%2Fwp%2Fv2%2Fcomments&post=6284"}],"version-history":[{"count":9,"href":"https:\/\/catholiques17.fr\/saintagnant\/index.php?rest_route=\/wp\/v2\/pages\/6284\/revisions"}],"predecessor-version":[{"id":9474,"href":"https:\/\/catholiques17.fr\/saintagnant\/index.php?rest_route=\/wp\/v2\/pages\/6284\/revisions\/9474"}],"up":[{"embeddable":true,"href":"https:\/\/catholiques17.fr\/saintagnant\/index.php?rest_route=\/wp\/v2\/pages\/5127"}],"wp:attachment":[{"href":"https:\/\/catholiques17.fr\/saintagnant\/index.php?rest_route=%2Fwp%2Fv2%2Fmedia&parent=6284"}],"curies":[{"name":"wp","href":"https:\/\/api.w.org\/{rel}","templated":true}]}}