{"id":14169,"date":"2026-01-13T10:18:58","date_gmt":"2026-01-13T09:18:58","guid":{"rendered":"https:\/\/catholiques17.fr\/pontlabbesaintporchaire\/?post_type=tribe_events&#038;p=14169"},"modified":"2026-01-13T10:18:58","modified_gmt":"2026-01-13T09:18:58","slug":"en-juin-peleriner-au-portugal","status":"publish","type":"tribe_events","link":"https:\/\/catholiques17.fr\/pontlabbesaintporchaire\/event\/en-juin-peleriner-au-portugal\/","title":{"rendered":"En juin, p\u00e8leriner au Portugal"},"content":{"rendered":"<p>Le service des p\u00e8lerinages vous propose une semaine de p\u00e8lerinage au Portugal, \u00e0 Porto, Fatima et Lisbonne. Du jeudi 11 au mardi 16 juin 2026.<\/p>\n<p>Venez prier au sanctuaire de Fatima au jour anniversaire d\u2019une apparition de Notre-Dame, et d\u00e9couvrir la beaut\u00e9 du Portugal, de Porto et Lisbonne !<\/p>\n<p>Pour plus d&rsquo;informations et pour vous inscrire, <a href=\"https:\/\/catholiques17.fr\/en-juin-peleriner-au-portugal\/\">cliquez ici<\/a>.<\/p>\n","protected":false},"excerpt":{"rendered":"<p>Le service des p\u00e8lerinages vous propose une semaine de p\u00e8lerinage au Portugal, \u00e0 Porto, Fatima et Lisbonne. Du jeudi 11 au mardi 16 juin 2026. Venez prier au sanctuaire de [&hellip;]<\/p>\n","protected":false},"author":63,"featured_media":14170,"template":"","meta":{"_et_pb_use_builder":"","_et_pb_old_content":"","_et_gb_content_width":"","_tribe_events_status":"","_tribe_events_status_reason":"","footnotes":""},"tags":[],"tribe_events_cat":[],"class_list":["post-14169","tribe_events","type-tribe_events","status-publish","has-post-thumbnail","hentry"],"_links":{"self":[{"href":"https:\/\/catholiques17.fr\/pontlabbesaintporchaire\/wp-json\/wp\/v2\/tribe_events\/14169","targetHints":{"allow":["GET"]}}],"collection":[{"href":"https:\/\/catholiques17.fr\/pontlabbesaintporchaire\/wp-json\/wp\/v2\/tribe_events"}],"about":[{"href":"https:\/\/catholiques17.fr\/pontlabbesaintporchaire\/wp-json\/wp\/v2\/types\/tribe_events"}],"author":[{"embeddable":true,"href":"https:\/\/catholiques17.fr\/pontlabbesaintporchaire\/wp-json\/wp\/v2\/users\/63"}],"version-history":[{"count":1,"href":"https:\/\/catholiques17.fr\/pontlabbesaintporchaire\/wp-json\/wp\/v2\/tribe_events\/14169\/revisions"}],"predecessor-version":[{"id":14171,"href":"https:\/\/catholiques17.fr\/pontlabbesaintporchaire\/wp-json\/wp\/v2\/tribe_events\/14169\/revisions\/14171"}],"wp:featuredmedia":[{"embeddable":true,"href":"https:\/\/catholiques17.fr\/pontlabbesaintporchaire\/wp-json\/wp\/v2\/media\/14170"}],"wp:attachment":[{"href":"https:\/\/catholiques17.fr\/pontlabbesaintporchaire\/wp-json\/wp\/v2\/media?parent=14169"}],"wp:term":[{"taxonomy":"post_tag","embeddable":true,"href":"https:\/\/catholiques17.fr\/pontlabbesaintporchaire\/wp-json\/wp\/v2\/tags?post=14169"},{"taxonomy":"tribe_events_cat","embeddable":true,"href":"https:\/\/catholiques17.fr\/pontlabbesaintporchaire\/wp-json\/wp\/v2\/tribe_events_cat?post=14169"}],"curies":[{"name":"wp","href":"https:\/\/api.w.org\/{rel}","templated":true}]}}

En juin, pèleriner au Portugal

<p>Le service des pèlerinages vous propose une semaine de pèlerinage au Portugal, à Porto, Fatima et Lisbonne. Du jeudi 11 au mardi 16 juin 2026.</p>
<p>Venez prier au sanctuaire de Fatima au jour anniversaire d’une apparition de Notre-Dame, et découvrir la beauté du Portugal, de Porto et Lisbonne !</p>
<p>Pour plus d&rsquo;informations et pour vous inscrire, <a href="https://catholiques17.fr/en-juin-peleriner-au-portugal/">cliquez ici</a>.</p>

<p>Le service des pèlerinages vous propose une semaine de pèlerinage au Portugal, à Porto, Fatima et Lisbonne. Du jeudi 11 au mardi 16 juin 2026. Venez prier au sanctuaire de [&hellip;]</p>
