{"id":14155,"date":"2026-01-13T10:06:27","date_gmt":"2026-01-13T09:06:27","guid":{"rendered":"https:\/\/catholiques17.fr\/pontlabbesaintporchaire\/?post_type=tribe_events&#038;p=14155"},"modified":"2026-01-13T10:06:27","modified_gmt":"2026-01-13T09:06:27","slug":"pelerinage-au-mont-saint-michel","status":"publish","type":"tribe_events","link":"https:\/\/catholiques17.fr\/pontlabbesaintporchaire\/event\/pelerinage-au-mont-saint-michel\/","title":{"rendered":"P\u00e8lerinage au Mont Saint Michel"},"content":{"rendered":"<p>Du 13 au 17 avril 2026 aura lieu un p\u00e8lerinage au Mont Saint Michel !<\/p>\n<p>Au programme :<br \/>\n-D\u00e9couverte du mont<br \/>\n-Travers\u00e9e de la baie<br \/>\n-Rencontre avec les moines<br \/>\n-Temps spirituels<br \/>\n-D\u00e9couverte de Pontmain (lieu d\u2019apparition spirituelle)<br \/>\nEt bien d\u2019autres choses encore !<\/p>\n<p>Pour plus d&rsquo;informations ou pour vous inscrire, <a href=\"https:\/\/jeunes17.fr\/pelerinage-au-mont-saint-michel\/\">cliquez ici<\/a>.<\/p>\n","protected":false},"excerpt":{"rendered":"<p>Du 13 au 17 avril 2026 aura lieu un p\u00e8lerinage au Mont Saint Michel ! Au programme : -D\u00e9couverte du mont -Travers\u00e9e de la baie -Rencontre avec les moines -Temps [&hellip;]<\/p>\n","protected":false},"author":63,"featured_media":14153,"template":"","meta":{"_et_pb_use_builder":"","_et_pb_old_content":"","_et_gb_content_width":"","_tribe_events_status":"","_tribe_events_status_reason":"","footnotes":""},"tags":[],"tribe_events_cat":[],"class_list":["post-14155","tribe_events","type-tribe_events","status-publish","has-post-thumbnail","hentry"],"_links":{"self":[{"href":"https:\/\/catholiques17.fr\/pontlabbesaintporchaire\/wp-json\/wp\/v2\/tribe_events\/14155","targetHints":{"allow":["GET"]}}],"collection":[{"href":"https:\/\/catholiques17.fr\/pontlabbesaintporchaire\/wp-json\/wp\/v2\/tribe_events"}],"about":[{"href":"https:\/\/catholiques17.fr\/pontlabbesaintporchaire\/wp-json\/wp\/v2\/types\/tribe_events"}],"author":[{"embeddable":true,"href":"https:\/\/catholiques17.fr\/pontlabbesaintporchaire\/wp-json\/wp\/v2\/users\/63"}],"version-history":[{"count":1,"href":"https:\/\/catholiques17.fr\/pontlabbesaintporchaire\/wp-json\/wp\/v2\/tribe_events\/14155\/revisions"}],"predecessor-version":[{"id":14157,"href":"https:\/\/catholiques17.fr\/pontlabbesaintporchaire\/wp-json\/wp\/v2\/tribe_events\/14155\/revisions\/14157"}],"wp:featuredmedia":[{"embeddable":true,"href":"https:\/\/catholiques17.fr\/pontlabbesaintporchaire\/wp-json\/wp\/v2\/media\/14153"}],"wp:attachment":[{"href":"https:\/\/catholiques17.fr\/pontlabbesaintporchaire\/wp-json\/wp\/v2\/media?parent=14155"}],"wp:term":[{"taxonomy":"post_tag","embeddable":true,"href":"https:\/\/catholiques17.fr\/pontlabbesaintporchaire\/wp-json\/wp\/v2\/tags?post=14155"},{"taxonomy":"tribe_events_cat","embeddable":true,"href":"https:\/\/catholiques17.fr\/pontlabbesaintporchaire\/wp-json\/wp\/v2\/tribe_events_cat?post=14155"}],"curies":[{"name":"wp","href":"https:\/\/api.w.org\/{rel}","templated":true}]}}

Pèlerinage au Mont Saint Michel

<p>Du 13 au 17 avril 2026 aura lieu un pèlerinage au Mont Saint Michel !</p>
<p>Au programme :<br />
-Découverte du mont<br />
-Traversée de la baie<br />
-Rencontre avec les moines<br />
-Temps spirituels<br />
-Découverte de Pontmain (lieu d’apparition spirituelle)<br />
Et bien d’autres choses encore !</p>
<p>Pour plus d&rsquo;informations ou pour vous inscrire, <a href="https://jeunes17.fr/pelerinage-au-mont-saint-michel/">cliquez ici</a>.</p>

<p>Du 13 au 17 avril 2026 aura lieu un pèlerinage au Mont Saint Michel ! Au programme : -Découverte du mont -Traversée de la baie -Rencontre avec les moines -Temps [&hellip;]</p>
