{"id":13666,"date":"2025-09-12T15:36:17","date_gmt":"2025-09-12T13:36:17","guid":{"rendered":"https:\/\/catholiques17.fr\/pontlabbesaintporchaire\/?post_type=tribe_events&#038;p=13666"},"modified":"2025-09-12T18:19:45","modified_gmt":"2025-09-12T16:19:45","slug":"mug-messe-soiree-a-saint-sulpice-6","status":"publish","type":"tribe_events","link":"https:\/\/catholiques17.fr\/pontlabbesaintporchaire\/event\/mug-messe-soiree-a-saint-sulpice-6\/","title":{"rendered":"MuG : Messe + Soir\u00e9e \u00e0 Saint Sulpice"},"content":{"rendered":"<p>Soir\u00e9e anim\u00e9e par l&rsquo;\u00e9quipe MuG (Messe Und Game) de Pont l&rsquo;Abb\u00e9 &#8211; Saint Porchaire, pour t\u00e9moigner que la messe est une joie ! Rendez-vous d\u00e8s 18h \u00e0 l&rsquo;\u00e9glise de St Sulpice pour suivre la messe. Ensuite, pour cette derni\u00e8re de l&rsquo;ann\u00e9e, tous les paroissiens sont invit\u00e9s \u00e0 se r\u00e9unir dans le jardin de la cure pour une soir\u00e9e barbecue partag\u00e9 et jeux de plein air&#8230;toujours dans un esprit convivial !<\/p>\n<p>Pensez \u00e0 apporter vos mugs et couverts, ce que vous souhaitez mettre en commun (ex : des boissons chaudes ou froides, une salade, du pain, des l\u00e9gumes, poissons ou viandes qui cuisent rapidement, du fromage ou un dessert) et votre bonne humeur !<\/p>\n<p>Pour plus de d\u00e9tails, n&rsquo;h\u00e9sitez pas \u00e0 nous contacter :\u00a0Elsa et Teddy FILLON au 06 24 18 78 22<\/p>\n","protected":false},"excerpt":{"rendered":"<p>Soir\u00e9e anim\u00e9e par l&rsquo;\u00e9quipe MuG (Messe Und Game) de Pont l&rsquo;Abb\u00e9 &#8211; Saint Porchaire, pour t\u00e9moigner que la messe est une joie ! Rendez-vous d\u00e8s 18h \u00e0 l&rsquo;\u00e9glise de St [&hellip;]<\/p>\n","protected":false},"author":63,"featured_media":12602,"template":"","meta":{"_et_pb_use_builder":"","_et_pb_old_content":"","_et_gb_content_width":"","_tribe_events_status":"","_tribe_events_status_reason":"","footnotes":""},"tags":[],"tribe_events_cat":[],"class_list":["post-13666","tribe_events","type-tribe_events","status-publish","has-post-thumbnail","hentry"],"_links":{"self":[{"href":"https:\/\/catholiques17.fr\/pontlabbesaintporchaire\/wp-json\/wp\/v2\/tribe_events\/13666","targetHints":{"allow":["GET"]}}],"collection":[{"href":"https:\/\/catholiques17.fr\/pontlabbesaintporchaire\/wp-json\/wp\/v2\/tribe_events"}],"about":[{"href":"https:\/\/catholiques17.fr\/pontlabbesaintporchaire\/wp-json\/wp\/v2\/types\/tribe_events"}],"author":[{"embeddable":true,"href":"https:\/\/catholiques17.fr\/pontlabbesaintporchaire\/wp-json\/wp\/v2\/users\/63"}],"version-history":[{"count":5,"href":"https:\/\/catholiques17.fr\/pontlabbesaintporchaire\/wp-json\/wp\/v2\/tribe_events\/13666\/revisions"}],"predecessor-version":[{"id":13691,"href":"https:\/\/catholiques17.fr\/pontlabbesaintporchaire\/wp-json\/wp\/v2\/tribe_events\/13666\/revisions\/13691"}],"wp:featuredmedia":[{"embeddable":true,"href":"https:\/\/catholiques17.fr\/pontlabbesaintporchaire\/wp-json\/wp\/v2\/media\/12602"}],"wp:attachment":[{"href":"https:\/\/catholiques17.fr\/pontlabbesaintporchaire\/wp-json\/wp\/v2\/media?parent=13666"}],"wp:term":[{"taxonomy":"post_tag","embeddable":true,"href":"https:\/\/catholiques17.fr\/pontlabbesaintporchaire\/wp-json\/wp\/v2\/tags?post=13666"},{"taxonomy":"tribe_events_cat","embeddable":true,"href":"https:\/\/catholiques17.fr\/pontlabbesaintporchaire\/wp-json\/wp\/v2\/tribe_events_cat?post=13666"}],"curies":[{"name":"wp","href":"https:\/\/api.w.org\/{rel}","templated":true}]}}

MuG : Messe + Soirée à Saint Sulpice

<p>Soirée animée par l&rsquo;équipe MuG (Messe Und Game) de Pont l&rsquo;Abbé &#8211; Saint Porchaire, pour témoigner que la messe est une joie ! Rendez-vous dès 18h à l&rsquo;église de St Sulpice pour suivre la messe. Ensuite, pour cette dernière de l&rsquo;année, tous les paroissiens sont invités à se réunir dans le jardin de la cure pour une soirée barbecue partagé et jeux de plein air&#8230;toujours dans un esprit convivial !</p>
<p>Pensez à apporter vos mugs et couverts, ce que vous souhaitez mettre en commun (ex : des boissons chaudes ou froides, une salade, du pain, des légumes, poissons ou viandes qui cuisent rapidement, du fromage ou un dessert) et votre bonne humeur !</p>
<p>Pour plus de détails, n&rsquo;hésitez pas à nous contacter : Elsa et Teddy FILLON au 06 24 18 78 22</p>

<p>Soirée animée par l&rsquo;équipe MuG (Messe Und Game) de Pont l&rsquo;Abbé &#8211; Saint Porchaire, pour témoigner que la messe est une joie ! Rendez-vous dès 18h à l&rsquo;église de St [&hellip;]</p>
